[Fri Jul 25 09:21:33.793080 2025] [core:crit] [pid 4295:tid 4295] (13)Permission denied: [client 47.79.205.198:41185] AH00529: /home/plittle/public_html/uploads/ALFA_DATA/alfasymlink/root/proc/2131/fd/.htaccess pcfg_openfile: unable to check htaccess file, ensure it is readable and that '/home/plittle/public_html/uploads/ALFA_DATA/alfasymlink/root/proc/2131/fd/' is executable, referer: https://www.google.com/
[Fri Jul 25 09:21:33.793130 2025] [core:crit] [pid 4295:tid 4295] (13)Permission denied: [client 47.79.205.198:41185] AH00529: /home/plittle/public_html/uploads/ALFA_DATA/alfasymlink/root/proc/2131/map_files/.htaccess pcfg_openfile: unable to check htaccess file, ensure it is readable and that '/home/plittle/public_html/uploads/ALFA_DATA/alfasymlink/root/proc/2131/map_files/' is executable, referer: https://www.google.com/
[Fri Jul 25 09:21:33.793147 2025] [core:crit] [pid 4295:tid 4295] (13)Permission denied: [client 47.79.205.198:41185] AH00529: /home/plittle/public_html/uploads/ALFA_DATA/alfasymlink/root/proc/2131/fdinfo/.htaccess pcfg_openfile: unable to check htaccess file, ensure it is readable and that '/home/plittle/public_html/uploads/ALFA_DATA/alfasymlink/root/proc/2131/fdinfo/' is executable, referer: https://www.google.com/
[Fri Jul 25 09:21:42.101894 2025] [core:error] [pid 9825:tid 9825] (13)Permission denied: [client 3.210.114.189:56910] AH00132: file permissions deny server access: /home/plittle/public_html/uploads/ALFA_DATA/alfasymlink/root/sys/kernel/slab/tcp_bind_bucket/reclaim_account
[Fri Jul 25 09:21:49.766598 2025] [ssl:error] [pid 9136:tid 9136] (70014)End of file found: [client 85.208.96.205:57992] AH02013: coalesce failed to read from data bucket
[Fri Jul 25 09:21:57.521354 2025] [core:error] [pid 9136:tid 9136] (13)Permission denied: [client 34.227.234.246:33717] AH00132: file permissions deny server access: /home/plittle/public_html/uploads/ALFA_DATA/alfasymlink/root/sys/kernel/slab/:t-0000096/destroy_by_rcu
[Fri Jul 25 09:22:03.705327 2025] [proxy:error] [pid 7544:tid 7544] (111)Connection refused: AH00957: http: attempt to connect to 127.0.0.1:2079 (127.0.0.1:2079) failed
[Fri Jul 25 09:22:03.705359 2025] [proxy_http:error] [pid 7544:tid 7544] [client 205.210.31.55:59690] AH01114: HTTP: failed to make connection to backend: 127.0.0.1
[Fri Jul 25 09:22:03.705422 2025] [proxy:error] [pid 7544:tid 7544] (111)Connection refused: AH00957: http: attempt to connect to 127.0.0.1:2079 (127.0.0.1:2079) failed
[Fri Jul 25 09:22:03.705427 2025] [proxy_http:error] [pid 7544:tid 7544] [client 205.210.31.55:59690] AH01114: HTTP: failed to make connection to backend: 127.0.0.1
[Fri Jul 25 09:22:10.592943 2025] [core:error] [pid 9842:tid 9842] (13)Permission denied: [client 18.207.79.144:57631] AH00132: file permissions deny server access: /home/plittle/public_html/uploads/ALFA_DATA/alfasymlink/root/sys/kernel/slab/:t-0000144/red_zone
[Fri Jul 25 09:22:15.590461 2025] [core:error] [pid 7680:tid 7680] (13)Permission denied: [client 44.207.207.36:7694] AH00132: file permissions deny server access: /home/plittle/public_html/uploads/ALFA_DATA/alfasymlink/root/sys/kernel/slab/:at-0000104/validate
[Fri Jul 25 09:22:20.529279 2025] [ssl:error] [pid 10318:tid 10318] (70014)End of file found: [client 20.171.207.222:34718] AH02013: coalesce failed to read from data bucket
[Fri Jul 25 09:22:20.735808 2025] [proxy:error] [pid 7544:tid 7544] (111)Connection refused: AH00957: http: attempt to connect to 127.0.0.1:2079 (127.0.0.1:2079) failed
[Fri Jul 25 09:22:20.735808 2025] [proxy:error] [pid 9842:tid 9842] (111)Connection refused: AH00957: http: attempt to connect to 127.0.0.1:2079 (127.0.0.1:2079) failed
[Fri Jul 25 09:22:20.735835 2025] [proxy_http:error] [pid 7544:tid 7544] [client 198.235.24.134:63710] AH01114: HTTP: failed to make connection to backend: 127.0.0.1
[Fri Jul 25 09:22:20.735842 2025] [proxy_http:error] [pid 9842:tid 9842] [client 198.235.24.134:63702] AH01114: HTTP: failed to make connection to backend: 127.0.0.1
[Fri Jul 25 09:22:20.735891 2025] [proxy:error] [pid 7544:tid 7544] (111)Connection refused: AH00957: http: attempt to connect to 127.0.0.1:2079 (127.0.0.1:2079) failed
[Fri Jul 25 09:22:20.735897 2025] [proxy_http:error] [pid 7544:tid 7544] [client 198.235.24.134:63710] AH01114: HTTP: failed to make connection to backend: 127.0.0.1
[Fri Jul 25 09:22:20.735903 2025] [proxy:error] [pid 9842:tid 9842] (111)Connection refused: AH00957: http: attempt to connect to 127.0.0.1:2079 (127.0.0.1:2079) failed
[Fri Jul 25 09:22:20.735908 2025] [proxy_http:error] [pid 9842:tid 9842] [client 198.235.24.134:63702] AH01114: HTTP: failed to make connection to backend: 127.0.0.1
[Fri Jul 25 09:22:32.117585 2025] [proxy:error] [pid 6581:tid 6581] (111)Connection refused: AH00957: http: attempt to connect to 127.0.0.1:2079 (127.0.0.1:2079) failed
[Fri Jul 25 09:22:32.117632 2025] [proxy_http:error] [pid 6581:tid 6581] [client 159.89.118.135:34722] AH01114: HTTP: failed to make connection to backend: 127.0.0.1
[Fri Jul 25 09:22:32.117698 2025] [proxy:error] [pid 6581:tid 6581] (111)Connection refused: AH00957: http: attempt to connect to 127.0.0.1:2079 (127.0.0.1:2079) failed
[Fri Jul 25 09:22:32.117704 2025] [proxy_http:error] [pid 6581:tid 6581] [client 159.89.118.135:34722] AH01114: HTTP: failed to make connection to backend: 127.0.0.1
[Fri Jul 25 09:22:32.305458 2025] [proxy:error] [pid 9127:tid 9127] (111)Connection refused: AH00957: http: attempt to connect to 127.0.0.1:2079 (127.0.0.1:2079) failed
[Fri Jul 25 09:22:32.305509 2025] [proxy_http:error] [pid 9127:tid 9127] [client 159.89.118.135:34734] AH01114: HTTP: failed to make connection to backend: 127.0.0.1, referer: http://cpcontacts.msturla.webdev.iyaserver.com/
[Fri Jul 25 09:22:32.305574 2025] [proxy:error] [pid 9127:tid 9127] (111)Connection refused: AH00957: http: attempt to connect to 127.0.0.1:2079 (127.0.0.1:2079) failed
[Fri Jul 25 09:22:32.305580 2025] [proxy_http:error] [pid 9127:tid 9127] [client 159.89.118.135:34734] AH01114: HTTP: failed to make connection to backend: 127.0.0.1, referer: http://cpcontacts.msturla.webdev.iyaserver.com/
[Fri Jul 25 09:22:32.680850 2025] [proxy:error] [pid 9826:tid 9826] (111)Connection refused: AH00957: http: attempt to connect to 127.0.0.1:2079 (127.0.0.1:2079) failed
[Fri Jul 25 09:22:32.680898 2025] [proxy_http:error] [pid 9826:tid 9826] [client 159.89.118.135:44792] AH01114: HTTP: failed to make connection to backend: 127.0.0.1
[Fri Jul 25 09:22:32.680964 2025] [proxy:error] [pid 9826:tid 9826] (111)Connection refused: AH00957: http: attempt to connect to 127.0.0.1:2079 (127.0.0.1:2079) failed
[Fri Jul 25 09:22:32.680970 2025] [proxy_http:error] [pid 9826:tid 9826] [client 159.89.118.135:44792] AH01114: HTTP: failed to make connection to backend: 127.0.0.1
[Fri Jul 25 09:22:33.451539 2025] [core:error] [pid 9127:tid 9127] (13)Permission denied: [client 85.208.96.196:25002] AH00132: file permissions deny server access: /home/plittle/public_html/uploads/ALFA_DATA/alfasymlink/root/sys/kernel/slab/ftrace_event_field/cpu_slabs
[Fri Jul 25 09:22:34.944228 2025] [proxy:error] [pid 6581:tid 6581] (111)Connection refused: AH00957: http: attempt to connect to 127.0.0.1:2079 (127.0.0.1:2079) failed
[Fri Jul 25 09:22:34.944260 2025] [proxy_http:error] [pid 6581:tid 6581] [client 159.89.118.135:44910] AH01114: HTTP: failed to make connection to backend: 127.0.0.1, referer: https://cpcontacts.msturla.webdev.iyaserver.com/
[Fri Jul 25 09:22:34.944323 2025] [proxy:error] [pid 6581:tid 6581] (111)Connection refused: AH00957: http: attempt to connect to 127.0.0.1:2079 (127.0.0.1:2079) failed
[Fri Jul 25 09:22:34.944329 2025] [proxy_http:error] [pid 6581:tid 6581] [client 159.89.118.135:44910] AH01114: HTTP: failed to make connection to backend: 127.0.0.1, referer: https://cpcontacts.msturla.webdev.iyaserver.com/
[Fri Jul 25 09:22:39.191711 2025] [core:error] [pid 9128:tid 9128] (13)Permission denied: [client 54.147.238.89:61743] AH00132: file permissions deny server access: /home/plittle/public_html/uploads/ALFA_DATA/alfasymlink/root/sys/kernel/slab/:t-0000144/poison
[Fri Jul 25 09:22:54.474627 2025] [ssl:error] [pid 9127:tid 9127] (70014)End of file found: [client 207.46.13.150:2542] AH02013: coalesce failed to read from data bucket
[Fri Jul 25 09:23:01.390200 2025] [core:error] [pid 9842:tid 9842] (13)Permission denied: [client 52.6.5.24:53858] AH00132: file permissions deny server access: /home/plittle/public_html/uploads/ALFA_DATA/alfasymlink/root/sys/kernel/slab/:at-0000136/sanity_checks
[Fri Jul 25 09:23:01.982259 2025] [core:error] [pid 10727:tid 10727] (13)Permission denied: [client 85.208.96.202:12744] AH00132: file permissions deny server access: /home/wangshei/public_html/upload/ALFA_DATA/cgialfa/alfasymlink/alfaperl.txt/proc/7673/net/ip6_tables_names
[Fri Jul 25 09:23:02.130306 2025] [core:error] [pid 10726:tid 10726] (13)Permission denied: [client 85.208.96.196:12938] AH00132: file permissions deny server access: /home/plittle/public_html/uploads/ALFA_DATA/alfasymlink/root/proc/4042/patch_state
[Fri Jul 25 09:23:09.628941 2025] [core:error] [pid 10318:tid 10318] (13)Permission denied: [client 85.208.96.193:36724] AH00132: file permissions deny server access: /home/plittle/public_html/uploads/ALFA_DATA/alfasymlink/root/proc/irq/66/smp_affinity_list
[Fri Jul 25 09:23:15.668408 2025] [core:error] [pid 10759:tid 10759] [client 103.96.75.159:35090] AH10244: invalid URI path (/cgi-bin/.%2e/.%2e/.%2e/.%2e/.%2e/.%2e/.%2e/.%2e/.%2e/.%2e/bin/sh)
[Fri Jul 25 09:23:17.258401 2025] [core:error] [pid 10763:tid 10763] (13)Permission denied: [client 185.191.171.13:65254] AH00132: file permissions deny server access: /home/plittle/public_html/uploads/ALFA_DATA/alfasymlink/root/proc/self/root/etc/libaudit.conf
[Fri Jul 25 09:23:21.062123 2025] [ssl:error] [pid 10759:tid 10759] (70014)End of file found: [client 20.171.207.222:38954] AH02013: coalesce failed to read from data bucket
[Fri Jul 25 09:23:21.314903 2025] [ssl:error] [pid 10727:tid 10727] (70014)End of file found: [client 85.208.96.193:49028] AH02013: coalesce failed to read from data bucket
[Fri Jul 25 09:23:25.702123 2025] [core:error] [pid 9127:tid 9127] [client 103.96.75.159:48526] AH10244: invalid URI path (/cgi-bin/%%32%65%%32%65/%%32%65%%32%65/%%32%65%%32%65/%%32%65%%32%65/%%32%65%%32%65/%%32%65%%32%65/%%32%65%%32%65/bin/sh)
[Fri Jul 25 09:23:27.062414 2025] [ssl:error] [pid 10704:tid 10704] (70014)End of file found: [client 52.2.4.213:25523] AH02013: coalesce failed to read from data bucket
[Fri Jul 25 09:23:28.937435 2025] [ssl:error] [pid 10759:tid 10759] (70014)End of file found: [client 207.46.13.111:9750] AH02013: coalesce failed to read from data bucket
[Fri Jul 25 09:23:37.941629 2025] [core:error] [pid 10763:tid 10763] (13)Permission denied: [client 34.192.67.98:4285] AH00132: file permissions deny server access: /home/plittle/public_html/uploads/ALFA_DATA/alfasymlink/root/sys/kernel/slab/xfs_ili/alloc_calls
[Fri Jul 25 09:23:53.541565 2025] [ssl:error] [pid 6581:tid 6581] (70014)End of file found: [client 34.199.252.22:41568] AH02013: coalesce failed to read from data bucket
[Fri Jul 25 09:23:57.151460 2025] [core:error] [pid 10704:tid 10704] (13)Permission denied: [client 185.191.171.10:13184] AH00132: file permissions deny server access: /home/plittle/public_html/uploads/ALFA_DATA/alfasymlink/root/proc/3206/patch_state
[Fri Jul 25 09:24:02.974311 2025] [authz_core:error] [pid 10334:tid 10334] [client 198.235.24.25:62026] AH01630: client denied by server configuration: /home/cli48022/public_html/php.ini
[Fri Jul 25 09:24:04.575530 2025] [core:error] [pid 9128:tid 9128] (13)Permission denied: [client 185.191.171.19:63106] AH00132: file permissions deny server access: /home/plittle/public_html/uploads/ALFA_DATA/alfasymlink/root/var/spool/exim/db/wait-remote_smtp.lockfile
[Fri Jul 25 09:24:06.521227 2025] [core:error] [pid 9842:tid 9842] (13)Permission denied: [client 85.208.96.193:23030] AH00132: file permissions deny server access: /home/wangshei/public_html/upload/ALFA_DATA/cgialfa/alfasymlink/alfaperl.txt/proc/4470/smaps
[Fri Jul 25 09:24:26.480549 2025] [core:error] [pid 9128:tid 9128] (13)Permission denied: [client 100.29.128.75:58197] AH00132: file permissions deny server access: /home/plittle/public_html/uploads/ALFA_DATA/alfasymlink/root/sys/kernel/slab/:dt-0002048/shrink
[Fri Jul 25 09:24:31.494374 2025] [core:error] [pid 9826:tid 9826] (13)Permission denied: [client 85.208.96.211:52874] AH00132: file permissions deny server access: /home/plittle/public_html/uploads/ALFA_DATA/alfasymlink/root/proc/42/patch_state
[Fri Jul 25 09:24:38.584317 2025] [proxy_fcgi:error] [pid 10727:tid 10727] [client 103.96.75.159:48530] AH01071: Got error 'Primary script unknown'
[Fri Jul 25 09:24:41.019835 2025] [proxy_fcgi:error] [pid 10727:tid 10727] [client 103.96.75.159:48530] AH01071: Got error 'Primary script unknown'
[Fri Jul 25 09:24:42.273981 2025] [proxy_fcgi:error] [pid 10727:tid 10727] [client 103.96.75.159:48530] AH01071: Got error 'Primary script unknown'
[Fri Jul 25 09:24:48.021948 2025] [ssl:error] [pid 10763:tid 10763] (70014)End of file found: [client 23.21.204.95:12608] AH02013: coalesce failed to read from data bucket
[Fri Jul 25 09:24:59.911483 2025] [core:error] [pid 11159:tid 11159] (13)Permission denied: [client 107.22.208.39:59063] AH00132: file permissions deny server access: /home/plittle/public_html/uploads/ALFA_DATA/alfasymlink/root/sys/devices/system/cpu/cpu2/driver/cpu2/firmware_node/physical_node/firmware_node/physical_node/firmware_node/physical_node/firmware_node/physical_node/driver/cpu2/driver/unbind
[Fri Jul 25 09:25:19.152868 2025] [core:error] [pid 9128:tid 9128] (13)Permission denied: [client 85.208.96.197:20664] AH00132: file permissions deny server access: /home/plittle/public_html/uploads/ALFA_DATA/alfasymlink/root/proc/10/net/ip6_tables_targets
[Fri Jul 25 09:25:19.739967 2025] [core:error] [pid 10334:tid 10334] (13)Permission denied: [client 185.191.171.1:50082] AH00132: file permissions deny server access: /home/wangshei/public_html/upload/ALFA_DATA/cgialfa/alfasymlink/alfaperl.txt/proc/20820/net/nf_conntrack_expect
[Fri Jul 25 09:25:20.034465 2025] [cgi:error] [pid 11968:tid 11968] [client 198.235.24.91:60286] AH01215: stderr from /usr/local/cpanel/cgi-sys/defaultwebpage.cgi: 403 (Forbidden): 403 Forbidden
[Fri Jul 25 09:25:20.034568 2025] [cgi:error] [pid 11968:tid 11968] [client 198.235.24.91:60286] AH01215: stderr from /usr/local/cpanel/cgi-sys/defaultwebpage.cgi: Executing in an invalid environment for the supplied user at /usr/local/cpanel/Cpanel/CGI/NoForm.pm line 157.
[Fri Jul 25 09:25:23.625264 2025] [proxy:error] [pid 11955:tid 11955] (111)Connection refused: AH00957: http: attempt to connect to 127.0.0.1:2079 (127.0.0.1:2079) failed
[Fri Jul 25 09:25:23.625313 2025] [proxy_http:error] [pid 11955:tid 11955] [client 64.227.159.75:57826] AH01114: HTTP: failed to make connection to backend: 127.0.0.1
[Fri Jul 25 09:25:23.625379 2025] [proxy:error] [pid 11955:tid 11955] (111)Connection refused: AH00957: http: attempt to connect to 127.0.0.1:2079 (127.0.0.1:2079) failed
[Fri Jul 25 09:25:23.625384 2025] [proxy_http:error] [pid 11955:tid 11955] [client 64.227.159.75:57826] AH01114: HTTP: failed to make connection to backend: 127.0.0.1
[Fri Jul 25 09:25:24.116275 2025] [proxy:error] [pid 11968:tid 11968] (111)Connection refused: AH00957: http: attempt to connect to 127.0.0.1:2079 (127.0.0.1:2079) failed
[Fri Jul 25 09:25:24.116326 2025] [proxy_http:error] [pid 11968:tid 11968] [client 64.227.159.75:57832] AH01114: HTTP: failed to make connection to backend: 127.0.0.1, referer: http://cpcalendars.dent.webdev.iyaserver.com/
[Fri Jul 25 09:25:24.116393 2025] [proxy:error] [pid 11968:tid 11968] (111)Connection refused: AH00957: http: attempt to connect to 127.0.0.1:2079 (127.0.0.1:2079) failed
[Fri Jul 25 09:25:24.116399 2025] [proxy_http:error] [pid 11968:tid 11968] [client 64.227.159.75:57832] AH01114: HTTP: failed to make connection to backend: 127.0.0.1, referer: http://cpcalendars.dent.webdev.iyaserver.com/
[Fri Jul 25 09:25:25.073766 2025] [proxy:error] [pid 9803:tid 9803] (111)Connection refused: AH00957: http: attempt to connect to 127.0.0.1:2079 (127.0.0.1:2079) failed
[Fri Jul 25 09:25:25.073834 2025] [proxy_http:error] [pid 9803:tid 9803] [client 64.227.159.75:48386] AH01114: HTTP: failed to make connection to backend: 127.0.0.1
[Fri Jul 25 09:25:25.073907 2025] [proxy:error] [pid 9803:tid 9803] (111)Connection refused: AH00957: http: attempt to connect to 127.0.0.1:2079 (127.0.0.1:2079) failed
[Fri Jul 25 09:25:25.073913 2025] [proxy_http:error] [pid 9803:tid 9803] [client 64.227.159.75:48386] AH01114: HTTP: failed to make connection to backend: 127.0.0.1
[Fri Jul 25 09:25:25.817692 2025] [ssl:error] [pid 11969:tid 11969] (70014)End of file found: [client 20.171.207.77:44402] AH02013: coalesce failed to read from data bucket
[Fri Jul 25 09:25:30.762534 2025] [proxy:error] [pid 10763:tid 10763] (111)Connection refused: AH00957: http: attempt to connect to 127.0.0.1:2079 (127.0.0.1:2079) failed
[Fri Jul 25 09:25:30.762570 2025] [proxy_http:error] [pid 10763:tid 10763] [client 64.227.159.75:48500] AH01114: HTTP: failed to make connection to backend: 127.0.0.1, referer: https://cpcalendars.dent.webdev.iyaserver.com/
[Fri Jul 25 09:25:30.762632 2025] [proxy:error] [pid 10763:tid 10763] (111)Connection refused: AH00957: http: attempt to connect to 127.0.0.1:2079 (127.0.0.1:2079) failed
[Fri Jul 25 09:25:30.762642 2025] [proxy_http:error] [pid 10763:tid 10763] [client 64.227.159.75:48500] AH01114: HTTP: failed to make connection to backend: 127.0.0.1, referer: https://cpcalendars.dent.webdev.iyaserver.com/
[Fri Jul 25 09:25:31.138559 2025] [authz_core:error] [pid 11968:tid 11968] [client 142.93.132.157:35088] AH01630: client denied by server configuration: /home/goree/public_html/php.ini
[Fri Jul 25 09:25:32.064524 2025] [authz_core:error] [pid 10717:tid 10717] [client 142.93.132.157:37458] AH01630: client denied by server configuration: /home/goree/public_html/php.ini
[Fri Jul 25 09:25:37.246024 2025] [ssl:error] [pid 12444:tid 12444] (70014)End of file found: [client 185.191.171.16:13880] AH02013: coalesce failed to read from data bucket
[Fri Jul 25 09:25:42.449883 2025] [proxy:error] [pid 11955:tid 11955] (111)Connection refused: AH00957: http: attempt to connect to 127.0.0.1:2079 (127.0.0.1:2079) failed
[Fri Jul 25 09:25:42.449916 2025] [proxy_http:error] [pid 11955:tid 11955] [client 198.235.24.87:63624] AH01114: HTTP: failed to make connection to backend: 127.0.0.1
[Fri Jul 25 09:25:42.449974 2025] [proxy:error] [pid 11955:tid 11955] (111)Connection refused: AH00957: http: attempt to connect to 127.0.0.1:2079 (127.0.0.1:2079) failed
[Fri Jul 25 09:25:42.449979 2025] [proxy_http:error] [pid 11955:tid 11955] [client 198.235.24.87:63624] AH01114: HTTP: failed to make connection to backend: 127.0.0.1
[Fri Jul 25 09:25:43.971369 2025] [core:error] [pid 9127:tid 9127] (13)Permission denied: [client 185.191.171.13:58568] AH00132: file permissions deny server access: /home/plittle/public_html/uploads/ALFA_DATA/alfasymlink/root/proc/5505/numa_maps
[Fri Jul 25 09:25:45.064943 2025] [proxy:error] [pid 9139:tid 9139] (111)Connection refused: AH00957: http: attempt to connect to 127.0.0.1:2079 (127.0.0.1:2079) failed
[Fri Jul 25 09:25:45.065012 2025] [proxy_http:error] [pid 9139:tid 9139] [client 198.235.24.169:65190] AH01114: HTTP: failed to make connection to backend: 127.0.0.1
[Fri Jul 25 09:25:45.065075 2025] [proxy:error] [pid 9139:tid 9139] (111)Connection refused: AH00957: http: attempt to connect to 127.0.0.1:2079 (127.0.0.1:2079) failed
[Fri Jul 25 09:25:45.065081 2025] [proxy_http:error] [pid 9139:tid 9139] [client 198.235.24.169:65190] AH01114: HTTP: failed to make connection to backend: 127.0.0.1
[Fri Jul 25 09:25:47.329904 2025] [ssl:error] [pid 12444:tid 12444] (70014)End of file found: [client 20.171.207.136:58232] AH02013: coalesce failed to read from data bucket
[Fri Jul 25 09:25:55.880700 2025] [core:error] [pid 9139:tid 9139] (13)Permission denied: [client 85.208.96.206:14486] AH00132: file permissions deny server access: /home/wangshei/public_html/upload/ALFA_DATA/cgialfa/alfasymlink/alfaperl.txt/proc/5874/io
[Fri Jul 25 09:26:07.442662 2025] [ssl:error] [pid 12444:tid 12444] (70014)End of file found: [client 23.21.250.48:63719] AH02013: coalesce failed to read from data bucket
[Fri Jul 25 09:26:17.559939 2025] [cgi:error] [pid 10717:tid 10717] [client 198.235.24.177:62688] AH01215: stderr from /usr/local/cpanel/cgi-sys/defaultwebpage.cgi: 403 (Forbidden): 403 Forbidden
[Fri Jul 25 09:26:17.560041 2025] [cgi:error] [pid 10717:tid 10717] [client 198.235.24.177:62688] AH01215: stderr from /usr/local/cpanel/cgi-sys/defaultwebpage.cgi: Executing in an invalid environment for the supplied user at /usr/local/cpanel/Cpanel/CGI/NoForm.pm line 157.
[Fri Jul 25 09:26:31.498832 2025] [ssl:error] [pid 11968:tid 11968] (70014)End of file found: [client 20.171.207.77:60294] AH02013: coalesce failed to read from data bucket
[Fri Jul 25 09:26:39.897730 2025] [core:error] [pid 10334:tid 10334] (13)Permission denied: [client 54.166.126.132:47829] AH00132: file permissions deny server access: /home/plittle/public_html/uploads/ALFA_DATA/alfasymlink/root/sys/kernel/slab/dma-kmalloc-64/validate
[Fri Jul 25 09:26:44.783107 2025] [core:error] [pid 7680:tid 7680] (13)Permission denied: [client 185.191.171.11:41934] AH00132: file permissions deny server access: /home/plittle/public_html/uploads/ALFA_DATA/alfasymlink/root/sys/kernel/slab/nsproxy/min_partial
[Fri Jul 25 09:26:48.422657 2025] [ssl:error] [pid 10334:tid 10334] (70014)End of file found: [client 20.171.207.136:58912] AH02013: coalesce failed to read from data bucket
[Fri Jul 25 09:26:53.909178 2025] [core:error] [pid 9842:tid 9842] (13)Permission denied: [client 85.208.96.204:51426] AH00132: file permissions deny server access: /home/plittle/public_html/uploads/ALFA_DATA/alfasymlink/root/proc/5977/auxv
[Fri Jul 25 09:26:57.703206 2025] [core:error] [pid 10334:tid 10334] (13)Permission denied: [client 85.208.96.193:48864] AH00132: file permissions deny server access: /home/plittle/public_html/uploads/ALFA_DATA/alfasymlink/root/sys/devices/LNXSYSTM:00/subsystem/drivers_probe
[Fri Jul 25 09:27:10.503962 2025] [core:error] [pid 9139:tid 9139] (13)Permission denied: [client 52.44.174.136:6802] AH00132: file permissions deny server access: /home/plittle/public_html/uploads/ALFA_DATA/alfasymlink/root/sys/kernel/slab/:t-0000320/cpu_slabs
[Fri Jul 25 09:27:12.752868 2025] [ssl:error] [pid 13324:tid 13324] (70014)End of file found: [client 20.15.133.174:35716] AH02013: coalesce failed to read from data bucket
[Fri Jul 25 09:27:13.420793 2025] [core:error] [pid 9842:tid 9842] (13)Permission denied: [client 35.172.125.172:35303] AH00132: file permissions deny server access: /home/plittle/public_html/uploads/ALFA_DATA/alfasymlink/root/sys/kernel/slab/:t-0002496/objs_per_slab
[Fri Jul 25 09:27:13.677770 2025] [core:error] [pid 9139:tid 9139] (13)Permission denied: [client 185.191.171.12:46900] AH00132: file permissions deny server access: /home/plittle/public_html/uploads/ALFA_DATA/alfasymlink/root/proc/37/mountstats
[Fri Jul 25 09:27:28.000895 2025] [core:crit] [pid 13655:tid 13655] (13)Permission denied: [client 47.79.194.200:5835] AH00529: /home/plittle/public_html/uploads/ALFA_DATA/alfasymlink/root/proc/3782/fd/.htaccess pcfg_openfile: unable to check htaccess file, ensure it is readable and that '/home/plittle/public_html/uploads/ALFA_DATA/alfasymlink/root/proc/3782/fd/' is executable, referer: https://www.google.com/
[Fri Jul 25 09:27:28.000948 2025] [core:crit] [pid 13655:tid 13655] (13)Permission denied: [client 47.79.194.200:5835] AH00529: /home/plittle/public_html/uploads/ALFA_DATA/alfasymlink/root/proc/3782/map_files/.htaccess pcfg_openfile: unable to check htaccess file, ensure it is readable and that '/home/plittle/public_html/uploads/ALFA_DATA/alfasymlink/root/proc/3782/map_files/' is executable, referer: https://www.google.com/
[Fri Jul 25 09:27:28.000965 2025] [core:crit] [pid 13655:tid 13655] (13)Permission denied: [client 47.79.194.200:5835] AH00529: /home/plittle/public_html/uploads/ALFA_DATA/alfasymlink/root/proc/3782/fdinfo/.htaccess pcfg_openfile: unable to check htaccess file, ensure it is readable and that '/home/plittle/public_html/uploads/ALFA_DATA/alfasymlink/root/proc/3782/fdinfo/' is executable, referer: https://www.google.com/
[Fri Jul 25 09:27:34.483138 2025] [core:error] [pid 11969:tid 11969] (13)Permission denied: [client 3.218.35.239:3649] AH00132: file permissions deny server access: /home/plittle/public_html/uploads/ALFA_DATA/alfasymlink/root/sys/kernel/slab/kmalloc-512/objects
[Fri Jul 25 09:27:35.651383 2025] [core:crit] [pid 7680:tid 7680] (13)Permission denied: [client 207.46.13.150:2507] AH00529: /home/plittle/public_html/uploads/ALFA_DATA/alfasymlink/root/proc/self/root/proc/6740/fd/.htaccess pcfg_openfile: unable to check htaccess file, ensure it is readable and that '/home/plittle/public_html/uploads/ALFA_DATA/alfasymlink/root/proc/self/root/proc/6740/fd/' is executable
[Fri Jul 25 09:27:35.651422 2025] [core:crit] [pid 7680:tid 7680] (13)Permission denied: [client 207.46.13.150:2507] AH00529: /home/plittle/public_html/uploads/ALFA_DATA/alfasymlink/root/proc/self/root/proc/6740/map_files/.htaccess pcfg_openfile: unable to check htaccess file, ensure it is readable and that '/home/plittle/public_html/uploads/ALFA_DATA/alfasymlink/root/proc/self/root/proc/6740/map_files/' is executable
[Fri Jul 25 09:27:35.651441 2025] [core:crit] [pid 7680:tid 7680] (13)Permission denied: [client 207.46.13.150:2507] AH00529: /home/plittle/public_html/uploads/ALFA_DATA/alfasymlink/root/proc/self/root/proc/6740/fdinfo/.htaccess pcfg_openfile: unable to check htaccess file, ensure it is readable and that '/home/plittle/public_html/uploads/ALFA_DATA/alfasymlink/root/proc/self/root/proc/6740/fdinfo/' is executable
[Fri Jul 25 09:27:36.751354 2025] [authz_core:error] [pid 9842:tid 9842] [client 212.102.33.181:2218] AH01630: client denied by server configuration: /home/lggraham/public_html/php.ini
[Fri Jul 25 09:27:45.811071 2025] [core:error] [pid 14066:tid 14066] (13)Permission denied: [client 85.208.96.210:63424] AH00132: file permissions deny server access: /home/wangshei/public_html/upload/ALFA_DATA/cgialfa/alfasymlink/alfaperl.txt/proc/9642/pagemap
[Fri Jul 25 09:27:50.667742 2025] [ssl:error] [pid 11159:tid 11159] (70014)End of file found: [client 20.171.207.136:59880] AH02013: coalesce failed to read from data bucket
[Fri Jul 25 09:27:53.621576 2025] [proxy:error] [pid 13655:tid 13655] (111)Connection refused: AH00957: http: attempt to connect to 127.0.0.1:2079 (127.0.0.1:2079) failed
[Fri Jul 25 09:27:53.621609 2025] [proxy_http:error] [pid 13655:tid 13655] [client 4.227.36.21:60340] AH01114: HTTP: failed to make connection to backend: 127.0.0.1
[Fri Jul 25 09:27:53.621673 2025] [proxy:error] [pid 13655:tid 13655] (111)Connection refused: AH00957: http: attempt to connect to 127.0.0.1:2079 (127.0.0.1:2079) failed
[Fri Jul 25 09:27:53.621679 2025] [proxy_http:error] [pid 13655:tid 13655] [client 4.227.36.21:60340] AH01114: HTTP: failed to make connection to backend: 127.0.0.1
[Fri Jul 25 09:27:53.659416 2025] [proxy:error] [pid 13324:tid 13324] (111)Connection refused: AH00957: http: attempt to connect to 127.0.0.1:2079 (127.0.0.1:2079) failed
[Fri Jul 25 09:27:53.659461 2025] [proxy_http:error] [pid 13324:tid 13324] [client 4.227.36.65:60828] AH01114: HTTP: failed to make connection to backend: 127.0.0.1
[Fri Jul 25 09:27:53.659548 2025] [proxy:error] [pid 13324:tid 13324] (111)Connection refused: AH00957: http: attempt to connect to 127.0.0.1:2079 (127.0.0.1:2079) failed
[Fri Jul 25 09:27:53.659555 2025] [proxy_http:error] [pid 13324:tid 13324] [client 4.227.36.65:60828] AH01114: HTTP: failed to make connection to backend: 127.0.0.1
[Fri Jul 25 09:27:53.659844 2025] [proxy:error] [pid 9842:tid 9842] (111)Connection refused: AH00957: http: attempt to connect to 127.0.0.1:2079 (127.0.0.1:2079) failed
[Fri Jul 25 09:27:53.659861 2025] [proxy_http:error] [pid 9842:tid 9842] [client 4.227.36.89:48344] AH01114: HTTP: failed to make connection to backend: 127.0.0.1
[Fri Jul 25 09:27:53.659920 2025] [proxy:error] [pid 9842:tid 9842] (111)Connection refused: AH00957: http: attempt to connect to 127.0.0.1:2079 (127.0.0.1:2079) failed
[Fri Jul 25 09:27:53.659927 2025] [proxy_http:error] [pid 9842:tid 9842] [client 4.227.36.89:48344] AH01114: HTTP: failed to make connection to backend: 127.0.0.1
[Fri Jul 25 09:27:53.819877 2025] [proxy:error] [pid 10717:tid 10717] (111)Connection refused: AH00957: http: attempt to connect to 127.0.0.1:2079 (127.0.0.1:2079) failed
[Fri Jul 25 09:27:53.819923 2025] [proxy_http:error] [pid 10717:tid 10717] [client 4.227.36.21:60346] AH01114: HTTP: failed to make connection to backend: 127.0.0.1
[Fri Jul 25 09:27:53.819989 2025] [proxy:error] [pid 10717:tid 10717] (111)Connection refused: AH00957: http: attempt to connect to 127.0.0.1:2079 (127.0.0.1:2079) failed
[Fri Jul 25 09:27:53.819995 2025] [proxy_http:error] [pid 10717:tid 10717] [client 4.227.36.21:60346] AH01114: HTTP: failed to make connection to backend: 127.0.0.1
[Fri Jul 25 09:27:53.942756 2025] [proxy:error] [pid 9803:tid 9803] (111)Connection refused: AH00957: http: attempt to connect to 127.0.0.1:2079 (127.0.0.1:2079) failed
[Fri Jul 25 09:27:53.942795 2025] [proxy_http:error] [pid 9803:tid 9803] [client 4.227.36.0:35362] AH01114: HTTP: failed to make connection to backend: 127.0.0.1
[Fri Jul 25 09:27:53.942930 2025] [proxy:error] [pid 9803:tid 9803] (111)Connection refused: AH00957: http: attempt to connect to 127.0.0.1:2079 (127.0.0.1:2079) failed
[Fri Jul 25 09:27:53.942942 2025] [proxy_http:error] [pid 9803:tid 9803] [client 4.227.36.0:35362] AH01114: HTTP: failed to make connection to backend: 127.0.0.1
[Fri Jul 25 09:27:54.101995 2025] [proxy:error] [pid 9842:tid 9842] (111)Connection refused: AH00957: http: attempt to connect to 127.0.0.1:2079 (127.0.0.1:2079) failed
[Fri Jul 25 09:27:54.102023 2025] [proxy_http:error] [pid 9842:tid 9842] [client 4.227.36.85:41058] AH01114: HTTP: failed to make connection to backend: 127.0.0.1
[Fri Jul 25 09:27:54.102081 2025] [proxy:error] [pid 9842:tid 9842] (111)Connection refused: AH00957: http: attempt to connect to 127.0.0.1:2079 (127.0.0.1:2079) failed
[Fri Jul 25 09:27:54.102105 2025] [proxy_http:error] [pid 9842:tid 9842] [client 4.227.36.85:41058] AH01114: HTTP: failed to make connection to backend: 127.0.0.1
[Fri Jul 25 09:27:54.221038 2025] [proxy:error] [pid 13324:tid 13324] (111)Connection refused: AH00957: http: attempt to connect to 127.0.0.1:2079 (127.0.0.1:2079) failed
[Fri Jul 25 09:27:54.221068 2025] [proxy_http:error] [pid 13324:tid 13324] [client 4.227.36.96:44236] AH01114: HTTP: failed to make connection to backend: 127.0.0.1
[Fri Jul 25 09:27:54.221139 2025] [proxy:error] [pid 13324:tid 13324] (111)Connection refused: AH00957: http: attempt to connect to 127.0.0.1:2079 (127.0.0.1:2079) failed
[Fri Jul 25 09:27:54.221146 2025] [proxy_http:error] [pid 13324:tid 13324] [client 4.227.36.96:44236] AH01114: HTTP: failed to make connection to backend: 127.0.0.1
[Fri Jul 25 09:27:54.262016 2025] [proxy:error] [pid 10717:tid 10717] (111)Connection refused: AH00957: http: attempt to connect to 127.0.0.1:2079 (127.0.0.1:2079) failed
[Fri Jul 25 09:27:54.262045 2025] [proxy_http:error] [pid 10717:tid 10717] [client 4.227.36.122:58640] AH01114: HTTP: failed to make connection to backend: 127.0.0.1
[Fri Jul 25 09:27:54.262126 2025] [proxy:error] [pid 10717:tid 10717] (111)Connection refused: AH00957: http: attempt to connect to 127.0.0.1:2079 (127.0.0.1:2079) failed
[Fri Jul 25 09:27:54.262134 2025] [proxy_http:error] [pid 10717:tid 10717] [client 4.227.36.122:58640] AH01114: HTTP: failed to make connection to backend: 127.0.0.1
[Fri Jul 25 09:27:54.298507 2025] [authz_core:error] [pid 9803:tid 9803] [client 20.171.207.148:47026] AH01630: client denied by server configuration: /home/amantrip/public_html/php.ini
[Fri Jul 25 09:27:54.901966 2025] [core:error] [pid 9842:tid 9842] (13)Permission denied: [client 18.232.12.157:27887] AH00132: file permissions deny server access: /home/plittle/public_html/uploads/ALFA_DATA/alfasymlink/root/sys/kernel/slab/kmalloc-8192/objects_partial
[Fri Jul 25 09:27:55.702465 2025] [authz_core:error] [pid 13324:tid 13324] [client 20.171.207.72:57644] AH01630: client denied by server configuration: /home/amantrip/public_html/php.ini
[Fri Jul 25 09:27:58.342648 2025] [authz_core:error] [pid 14221:tid 14221] [client 20.171.207.48:53976] AH01630: client denied by server configuration: /home/amantrip/public_html/php.ini
[Fri Jul 25 09:27:58.516971 2025] [authz_core:error] [pid 13324:tid 13324] [client 20.171.207.72:57644] AH01630: client denied by server configuration: /home/amantrip/public_html/php.ini
[Fri Jul 25 09:28:01.223666 2025] [authz_core:error] [pid 9803:tid 9803] [client 20.171.207.208:57764] AH01630: client denied by server configuration: /home/yamangl/public_html/php.ini
[Fri Jul 25 09:28:01.545347 2025] [authz_core:error] [pid 13324:tid 13324] [client 20.171.207.72:57644] AH01630: client denied by server configuration: /home/amantrip/public_html/php.ini
[Fri Jul 25 09:28:01.652700 2025] [authz_core:error] [pid 14221:tid 14221] [client 20.171.207.48:53976] AH01630: client denied by server configuration: /home/amantrip/public_html/php.ini
[Fri Jul 25 09:28:02.022519 2025] [authz_core:error] [pid 14194:tid 14194] [client 20.171.207.148:43532] AH01630: client denied by server configuration: /home/amantrip/public_html/php.ini
[Fri Jul 25 09:28:03.425826 2025] [core:error] [pid 11968:tid 11968] (13)Permission denied: [client 85.208.96.210:32252] AH00132: file permissions deny server access: /home/plittle/public_html/uploads/ALFA_DATA/alfasymlink/root/proc/2720/net/ip_tables_matches
[Fri Jul 25 09:28:04.102209 2025] [authz_core:error] [pid 13324:tid 13324] [client 20.171.207.72:57644] AH01630: client denied by server configuration: /home/amantrip/public_html/php.ini
[Fri Jul 25 09:28:04.189444 2025] [authz_core:error] [pid 9803:tid 9803] [client 20.171.207.208:57764] AH01630: client denied by server configuration: /home/yamangl/public_html/php.ini
[Fri Jul 25 09:28:04.434765 2025] [authz_core:error] [pid 14221:tid 14221] [client 20.171.207.48:53976] AH01630: client denied by server configuration: /home/amantrip/public_html/php.ini
[Fri Jul 25 09:28:04.875461 2025] [ssl:error] [pid 14207:tid 14207] (70014)End of file found: [client 185.191.171.10:62846] AH02013: coalesce failed to read from data bucket
[Fri Jul 25 09:28:06.422175 2025] [authz_core:error] [pid 13324:tid 13324] [client 20.171.207.72:57644] AH01630: client denied by server configuration: /home/amantrip/public_html/php.ini
[Fri Jul 25 09:28:06.863918 2025] [authz_core:error] [pid 14194:tid 14194] [client 20.171.207.148:43532] AH01630: client denied by server configuration: /home/amantrip/public_html/php.ini
[Fri Jul 25 09:28:06.909880 2025] [authz_core:error] [pid 14221:tid 14221] [client 20.171.207.48:53976] AH01630: client denied by server configuration: /home/amantrip/public_html/php.ini
[Fri Jul 25 09:28:07.145761 2025] [authz_core:error] [pid 9803:tid 9803] [client 20.171.207.208:57764] AH01630: client denied by server configuration: /home/yamangl/public_html/php.ini
[Fri Jul 25 09:28:07.542204 2025] [authz_core:error] [pid 14194:tid 14194] [client 20.171.207.148:43532] AH01630: client denied by server configuration: /home/amantrip/public_html/php.ini
[Fri Jul 25 09:28:09.167226 2025] [authz_core:error] [pid 14221:tid 14221] [client 20.171.207.48:53976] AH01630: client denied by server configuration: /home/amantrip/public_html/php.ini
[Fri Jul 25 09:28:09.586535 2025] [authz_core:error] [pid 9803:tid 9803] [client 20.171.207.208:57764] AH01630: client denied by server configuration: /home/yamangl/public_html/php.ini
[Fri Jul 25 09:28:11.810900 2025] [authz_core:error] [pid 9803:tid 9803] [client 20.171.207.208:57764] AH01630: client denied by server configuration: /home/yamangl/public_html/php.ini
[Fri Jul 25 09:28:12.422516 2025] [authz_core:error] [pid 14194:tid 14194] [client 20.171.207.148:43532] AH01630: client denied by server configuration: /home/amantrip/public_html/php.ini
[Fri Jul 25 09:28:13.315765 2025] [authz_core:error] [pid 14194:tid 14194] [client 20.171.207.148:43532] AH01630: client denied by server configuration: /home/amantrip/public_html/php.ini
[Fri Jul 25 09:28:13.954487 2025] [authz_core:error] [pid 9803:tid 9803] [client 20.171.207.208:57764] AH01630: client denied by server configuration: /home/yamangl/public_html/php.ini
[Fri Jul 25 09:28:14.421389 2025] [core:error] [pid 11969:tid 11969] (13)Permission denied: [client 100.29.128.75:50664] AH00132: file permissions deny server access: /home/plittle/public_html/uploads/ALFA_DATA/alfasymlink/root/sys/kernel/slab/:t-0002496/total_objects
[Fri Jul 25 09:28:18.661638 2025] [core:error] [pid 11969:tid 11969] (13)Permission denied: [client 98.82.40.168:30201] AH00132: file permissions deny server access: /home/plittle/public_html/uploads/ALFA_DATA/alfasymlink/root/sys/kernel/slab/dma-kmalloc-96/store_user
[Fri Jul 25 09:28:21.593344 2025] [core:crit] [pid 14222:tid 14222] (13)Permission denied: [client 47.79.202.225:54905] AH00529: /home/plittle/public_html/uploads/ALFA_DATA/alfasymlink/root/proc/8799/fd/.htaccess pcfg_openfile: unable to check htaccess file, ensure it is readable and that '/home/plittle/public_html/uploads/ALFA_DATA/alfasymlink/root/proc/8799/fd/' is executable, referer: https://www.google.com/
[Fri Jul 25 09:28:21.593399 2025] [core:crit] [pid 14222:tid 14222] (13)Permission denied: [client 47.79.202.225:54905] AH00529: /home/plittle/public_html/uploads/ALFA_DATA/alfasymlink/root/proc/8799/map_files/.htaccess pcfg_openfile: unable to check htaccess file, ensure it is readable and that '/home/plittle/public_html/uploads/ALFA_DATA/alfasymlink/root/proc/8799/map_files/' is executable, referer: https://www.google.com/
[Fri Jul 25 09:28:21.593420 2025] [core:crit] [pid 14222:tid 14222] (13)Permission denied: [client 47.79.202.225:54905] AH00529: /home/plittle/public_html/uploads/ALFA_DATA/alfasymlink/root/proc/8799/fdinfo/.htaccess pcfg_openfile: unable to check htaccess file, ensure it is readable and that '/home/plittle/public_html/uploads/ALFA_DATA/alfasymlink/root/proc/8799/fdinfo/' is executable, referer: https://www.google.com/
[Fri Jul 25 09:28:22.984701 2025] [core:crit] [pid 13639:tid 13639] (13)Permission denied: [client 3.226.106.93:41043] AH00529: /home/plittle/public_html/uploads/ALFA_DATA/alfasymlink/root/sys/fs/cgroup/net_cls/Imunify.slice/Scan.slice/aibolit.slice/.htaccess pcfg_openfile: unable to check htaccess file, ensure it is readable and that '/home/plittle/public_html/uploads/ALFA_DATA/alfasymlink/root/sys/fs/cgroup/net_cls/Imunify.slice/Scan.slice/aibolit.slice/' is executable
[Fri Jul 25 09:28:28.402409 2025] [core:error] [pid 14065:tid 14065] (13)Permission denied: [client 52.202.233.37:64357] AH00132: file permissions deny server access: /home/plittle/public_html/uploads/ALFA_DATA/alfasymlink/root/sys/kernel/slab/:at-0000136/reclaim_account
[Fri Jul 25 09:28:47.107125 2025] [authz_core:error] [pid 12444:tid 12444] [client 40.113.148.158:63533] AH01630: client denied by server configuration: /home/acadta/public_html/php.ini
[Fri Jul 25 09:28:49.088322 2025] [core:error] [pid 9842:tid 9842] (13)Permission denied: [client 85.208.96.208:37350] AH00132: file permissions deny server access: /home/plittle/public_html/uploads/ALFA_DATA/alfasymlink/root/proc/871/net/ip6_tables_targets
[Fri Jul 25 09:28:55.157298 2025] [cgi:error] [pid 14771:tid 14771] [client 198.235.24.252:64476] AH01215: stderr from /usr/local/cpanel/cgi-sys/defaultwebpage.cgi: 403 (Forbidden): 403 Forbidden
[Fri Jul 25 09:28:55.157422 2025] [cgi:error] [pid 14771:tid 14771] [client 198.235.24.252:64476] AH01215: stderr from /usr/local/cpanel/cgi-sys/defaultwebpage.cgi: Executing in an invalid environment for the supplied user at /usr/local/cpanel/Cpanel/CGI/NoForm.pm line 157.
[Fri Jul 25 09:28:55.173867 2025] [ssl:error] [pid 9842:tid 9842] (70014)End of file found: [client 20.171.207.136:56076] AH02013: coalesce failed to read from data bucket
[Fri Jul 25 09:28:57.412101 2025] [authz_core:error] [pid 12444:tid 12444] [client 40.113.148.158:64322] AH01630: client denied by server configuration: /home/acadta/public_html/php.ini
[Fri Jul 25 09:29:04.949770 2025] [core:error] [pid 14853:tid 14853] (13)Permission denied: [client 207.46.13.6:59107] AH00132: file permissions deny server access: /home/plittle/public_html/uploads/ALFA_DATA/alfasymlink/root/sys/devices/platform/Fixed MDIO bus.0/mdio_bus/fixed-0/device/subsystem/devices/PNP0800:00/firmware_node/physical_node/subsystem/drivers/i8042/i8042/serio1/subsystem/devices/serio0/input/input2/device/subsystem/devices/serio0/input/input2/subsystem/input0/device/driver/LNXSLPBN:00/subsystem/devices/device:93/eject
[Fri Jul 25 09:29:05.049361 2025] [authz_core:error] [pid 12444:tid 12444] [client 40.113.148.158:65126] AH01630: client denied by server configuration: /home/acadta/public_html/php.ini
[Fri Jul 25 09:29:08.308787 2025] [core:error] [pid 14771:tid 14771] (13)Permission denied: [client 185.191.171.15:27930] AH00132: file permissions deny server access: /home/plittle/public_html/uploads/ALFA_DATA/alfasymlink/root/proc/8305/patch_state
[Fri Jul 25 09:29:09.384697 2025] [authz_core:error] [pid 12444:tid 12444] [client 40.113.148.158:65491] AH01630: client denied by server configuration: /home/acadta/public_html/php.ini
[Fri Jul 25 09:29:22.987165 2025] [ssl:error] [pid 9842:tid 9842] (70014)End of file found: [client 185.191.171.11:36654] AH02013: coalesce failed to read from data bucket
[Fri Jul 25 09:29:26.752398 2025] [core:error] [pid 12712:tid 12712] (13)Permission denied: [client 185.191.171.9:14474] AH00132: file permissions deny server access: /home/wangshei/public_html/upload/ALFA_DATA/cgialfa/alfasymlink/alfaperl.txt/proc/38/mountstats
[Fri Jul 25 09:29:31.966029 2025] [ssl:error] [pid 12444:tid 12444] (70014)End of file found: [client 52.167.144.168:43598] AH02013: coalesce failed to read from data bucket
[Fri Jul 25 09:29:33.894340 2025] [core:error] [pid 13639:tid 13639] (13)Permission denied: [client 85.208.96.212:46656] AH00132: file permissions deny server access: /home/plittle/public_html/uploads/ALFA_DATA/alfasymlink/root/proc/5737/net/ip_tables_matches
[Fri Jul 25 09:29:44.039913 2025] [core:crit] [pid 11968:tid 11968] (13)Permission denied: [client 44.205.74.196:49042] AH00529: /home/plittle/public_html/uploads/ALFA_DATA/alfasymlink/root/root/.htaccess pcfg_openfile: unable to check htaccess file, ensure it is readable and that '/home/plittle/public_html/uploads/ALFA_DATA/alfasymlink/root/root/' is executable
[Fri Jul 25 09:29:46.422001 2025] [proxy:error] [pid 13639:tid 13639] (111)Connection refused: AH00957: http: attempt to connect to 127.0.0.1:2079 (127.0.0.1:2079) failed
[Fri Jul 25 09:29:46.422036 2025] [proxy_http:error] [pid 13639:tid 13639] [client 198.235.24.209:62668] AH01114: HTTP: failed to make connection to backend: 127.0.0.1
[Fri Jul 25 09:29:46.422112 2025] [proxy:error] [pid 13639:tid 13639] (111)Connection refused: AH00957: http: attempt to connect to 127.0.0.1:2079 (127.0.0.1:2079) failed
[Fri Jul 25 09:29:46.422118 2025] [proxy_http:error] [pid 13639:tid 13639] [client 198.235.24.209:62668] AH01114: HTTP: failed to make connection to backend: 127.0.0.1
[Fri Jul 25 09:29:51.144291 2025] [access_compat:error] [pid 14206:tid 14206] [client 34.234.200.207:5485] AH01797: client denied by server configuration: /home/plittle/public_html/fusebox_oldv/vendor/symfony/polyfill-mbstring/Mbstring.php
[Fri Jul 25 09:29:51.383790 2025] [core:error] [pid 14853:tid 14853] (13)Permission denied: [client 34.227.234.246:64550] AH00132: file permissions deny server access: /home/plittle/public_html/uploads/ALFA_DATA/alfasymlink/root/sys/kernel/slab/:tA-0000640/slabs
[Fri Jul 25 09:30:00.823408 2025] [ssl:error] [pid 9803:tid 9803] (70014)End of file found: [client 20.171.207.136:55086] AH02013: coalesce failed to read from data bucket
[Fri Jul 25 09:30:11.461434 2025] [core:error] [pid 14554:tid 14554] (13)Permission denied: [client 98.82.59.253:33155] AH00132: file permissions deny server access: /home/plittle/public_html/uploads/ALFA_DATA/alfasymlink/root/sys/kernel/slab/:t-0002496/reclaim_account
[Fri Jul 25 09:30:20.821974 2025] [core:error] [pid 14554:tid 14554] (13)Permission denied: [client 100.24.167.60:41903] AH00132: file permissions deny server access: /home/plittle/public_html/uploads/ALFA_DATA/alfasymlink/root/sys/kernel/slab/kmalloc-128/red_zone
[Fri Jul 25 09:30:46.646329 2025] [core:error] [pid 15760:tid 15760] (13)Permission denied: [client 34.197.28.78:63678] AH00132: file permissions deny server access: /home/plittle/public_html/uploads/ALFA_DATA/alfasymlink/root/sys/kernel/slab/kmalloc-2048/reserved
[Fri Jul 25 09:30:54.982118 2025] [core:error] [pid 15767:tid 15767] (13)Permission denied: [client 185.191.171.13:39816] AH00132: file permissions deny server access: /home/plittle/public_html/uploads/ALFA_DATA/alfasymlink/root/proc/5505/io
[Fri Jul 25 09:30:57.637307 2025] [core:error] [pid 10717:tid 10717] (13)Permission denied: [client 85.208.96.207:29430] AH00132: file permissions deny server access: /home/plittle/public_html/uploads/ALFA_DATA/alfasymlink/root/proc/7811/clear_refs
[Fri Jul 25 09:30:58.282645 2025] [ssl:error] [pid 15491:tid 15491] (70014)End of file found: [client 207.46.13.111:9755] AH02013: coalesce failed to read from data bucket
[Fri Jul 25 09:31:00.882773 2025] [ssl:error] [pid 14853:tid 14853] (70014)End of file found: [client 44.213.36.21:21923] AH02013: coalesce failed to read from data bucket
[Fri Jul 25 09:31:03.864632 2025] [core:error] [pid 10717:tid 10717] (13)Permission denied: [client 85.208.96.199:22726] AH00132: file permissions deny server access: /home/plittle/public_html/uploads/ALFA_DATA/alfasymlink/root/proc/self/cwd/dev/core
[Fri Jul 25 09:31:04.902442 2025] [ssl:error] [pid 12712:tid 12712] (70014)End of file found: [client 20.171.207.136:60352] AH02013: coalesce failed to read from data bucket
[Fri Jul 25 09:31:11.143435 2025] [core:error] [pid 13639:tid 13639] (13)Permission denied: [client 185.191.171.11:40564] AH00132: file permissions deny server access: /home/plittle/public_html/uploads/ALFA_DATA/alfasymlink/root/proc/1503/io
[Fri Jul 25 09:31:32.146996 2025] [ssl:error] [pid 15773:tid 15773] (70014)End of file found: [client 52.167.144.168:43637] AH02013: coalesce failed to read from data bucket
[Fri Jul 25 09:31:34.501442 2025] [core:error] [pid 15767:tid 15767] (13)Permission denied: [client 18.211.39.188:54526] AH00132: file permissions deny server access: /home/plittle/public_html/uploads/ALFA_DATA/alfasymlink/root/etc/passwd.nouids.cache
[Fri Jul 25 09:31:40.422311 2025] [core:error] [pid 16494:tid 16494] (13)Permission denied: [client 52.6.5.24:52863] AH00132: file permissions deny server access: /home/plittle/public_html/uploads/ALFA_DATA/alfasymlink/root/etc/userdomains
[Fri Jul 25 09:31:42.261511 2025] [core:error] [pid 14554:tid 14554] (13)Permission denied: [client 52.4.76.156:61121] AH00132: file permissions deny server access: /home/plittle/public_html/uploads/ALFA_DATA/alfasymlink/root/sys/bus/cpu/drivers/processor/cpu3/driver/cpu3/firmware_node/physical_node/firmware_node/physical_node/firmware_node/eject
[Fri Jul 25 09:31:42.502344 2025] [core:crit] [pid 15773:tid 15773] (13)Permission denied: [client 207.46.13.111:9731] AH00529: /home/plittle/public_html/uploads/ALFA_DATA/alfasymlink/root/proc/self/root/proc/16200/fd/.htaccess pcfg_openfile: unable to check htaccess file, ensure it is readable and that '/home/plittle/public_html/uploads/ALFA_DATA/alfasymlink/root/proc/self/root/proc/16200/fd/' is executable
[Fri Jul 25 09:31:42.502405 2025] [core:crit] [pid 15773:tid 15773] (13)Permission denied: [client 207.46.13.111:9731] AH00529: /home/plittle/public_html/uploads/ALFA_DATA/alfasymlink/root/proc/self/root/proc/16200/map_files/.htaccess pcfg_openfile: unable to check htaccess file, ensure it is readable and that '/home/plittle/public_html/uploads/ALFA_DATA/alfasymlink/root/proc/self/root/proc/16200/map_files/' is executable
[Fri Jul 25 09:31:42.502424 2025] [core:crit] [pid 15773:tid 15773] (13)Permission denied: [client 207.46.13.111:9731] AH00529: /home/plittle/public_html/uploads/ALFA_DATA/alfasymlink/root/proc/self/root/proc/16200/fdinfo/.htaccess pcfg_openfile: unable to check htaccess file, ensure it is readable and that '/home/plittle/public_html/uploads/ALFA_DATA/alfasymlink/root/proc/self/root/proc/16200/fdinfo/' is executable
[Fri Jul 25 09:31:48.851880 2025] [proxy:error] [pid 16491:tid 16491] (111)Connection refused: AH00957: http: attempt to connect to 127.0.0.1:2079 (127.0.0.1:2079) failed
[Fri Jul 25 09:31:48.851935 2025] [proxy_http:error] [pid 16491:tid 16491] [client 198.235.24.211:63028] AH01114: HTTP: failed to make connection to backend: 127.0.0.1
[Fri Jul 25 09:31:48.852006 2025] [proxy:error] [pid 16491:tid 16491] (111)Connection refused: AH00957: http: attempt to connect to 127.0.0.1:2079 (127.0.0.1:2079) failed
[Fri Jul 25 09:31:48.852012 2025] [proxy_http:error] [pid 16491:tid 16491] [client 198.235.24.211:63028] AH01114: HTTP: failed to make connection to backend: 127.0.0.1
[Fri Jul 25 09:31:54.706211 2025] [proxy:error] [pid 10717:tid 10717] (111)Connection refused: AH00957: http: attempt to connect to 127.0.0.1:2079 (127.0.0.1:2079) failed
