Sunda Cyber Army


* Sunda Cyber Army 2k17 *
Indonesia Defacer ~


Path : /home/dent/public_html/home/000~ROOT~000/usr/local/apache/
File Upload :
Current File : /home/dent/public_html/home/000~ROOT~000/usr/local/apache/error_log

[Fri Jul 25 08:30:57.108977 2025] [:notice] [pid 10186:tid 10186] mod_ruid2/0.9.8 enabled
[Fri Jul 25 08:30:57.112207 2025] [mpm_prefork:notice] [pid 10186:tid 10186] AH00163: Apache/2.4.63 (cPanel) OpenSSL/1.1.1w mod_bwlimited/1.4 configured -- resuming normal operations
[Fri Jul 25 08:30:57.112231 2025] [core:notice] [pid 10186:tid 10186] AH00094: Command line: '/usr/sbin/httpd'
[Fri Jul 25 08:31:03.782373 2025] [core:error] [pid 5774:tid 5774] (13)Permission denied: [client 47.79.207.89:8316] AH00132: file permissions deny server access: /home/plittle/public_html/uploads/ALFA_DATA/alfasymlink/root/proc/12832/smaps, referer: https://www.google.com/
[Fri Jul 25 08:31:10.741474 2025] [core:error] [pid 5875:tid 5875] (13)Permission denied: [client 18.215.77.19:2118] AH00132: file permissions deny server access: /home/plittle/public_html/uploads/ALFA_DATA/alfasymlink/root/sys/kernel/slab/xfs_inode/shrink
[Fri Jul 25 08:31:12.501727 2025] [proxy:error] [pid 5859:tid 5859] (111)Connection refused: AH00957: http: attempt to connect to 127.0.0.1:2079 (127.0.0.1:2079) failed
[Fri Jul 25 08:31:12.501780 2025] [proxy_http:error] [pid 5859:tid 5859] [client 198.235.24.209:64210] AH01114: HTTP: failed to make connection to backend: 127.0.0.1
[Fri Jul 25 08:31:12.501852 2025] [proxy:error] [pid 5859:tid 5859] (111)Connection refused: AH00957: http: attempt to connect to 127.0.0.1:2079 (127.0.0.1:2079) failed
[Fri Jul 25 08:31:12.501857 2025] [proxy_http:error] [pid 5859:tid 5859] [client 198.235.24.209:64210] AH01114: HTTP: failed to make connection to backend: 127.0.0.1
[Fri Jul 25 08:31:14.754543 2025] [core:error] [pid 5943:tid 5943] (13)Permission denied: [client 85.208.96.205:32566] AH00132: file permissions deny server access: /home/plittle/public_html/uploads/ALFA_DATA/alfasymlink/root/proc/self/root/etc/gshadow-
[Fri Jul 25 08:31:17.402393 2025] [core:error] [pid 5980:tid 5980] (13)Permission denied: [client 47.79.201.133:8543] AH00132: file permissions deny server access: /home/plittle/public_html/uploads/ALFA_DATA/alfasymlink/root/proc/8013/numa_maps, referer: https://www.google.com/
[Fri Jul 25 08:31:21.556383 2025] [ssl:error] [pid 5935:tid 5935] (70014)End of file found: [client 85.208.96.201:62660] AH02013: coalesce failed to read from data bucket
[Fri Jul 25 08:31:24.556303 2025] [core:error] [pid 5779:tid 5779] (13)Permission denied: [client 85.208.96.193:13664] AH00132: file permissions deny server access: /home/plittle/public_html/uploads/ALFA_DATA/alfasymlink/root/proc/6962/net/ip6_tables_names
[Fri Jul 25 08:31:25.386393 2025] [core:error] [pid 5897:tid 5897] (13)Permission denied: [client 34.231.118.144:16840] AH00132: file permissions deny server access: /home/plittle/public_html/uploads/ALFA_DATA/alfasymlink/root/sys/kernel/slab/tw_sock_TCPv6/destroy_by_rcu
[Fri Jul 25 08:31:26.588302 2025] [core:error] [pid 5781:tid 5781] (13)Permission denied: [client 185.191.171.9:49664] AH00132: file permissions deny server access: /home/plittle/public_html/uploads/ALFA_DATA/alfasymlink/root/proc/5637/net/ip6_tables_matches
[Fri Jul 25 08:31:39.861920 2025] [core:error] [pid 5948:tid 5948] (13)Permission denied: [client 34.234.197.175:38127] AH00132: file permissions deny server access: /home/plittle/public_html/uploads/ALFA_DATA/alfasymlink/root/sys/bus/cpu/drivers/processor/cpu0/driver/cpu0/firmware_node/physical_node/firmware_node/physical_node/driver/cpu3/firmware_node/physical_node/driver/cpu3/firmware_node/eject
[Fri Jul 25 08:31:47.028674 2025] [core:error] [pid 5822:tid 5822] (13)Permission denied: [client 3.213.213.161:8592] AH00132: file permissions deny server access: /home/plittle/public_html/uploads/ALFA_DATA/alfasymlink/root/sys/kernel/slab/:t-0000096/aliases
[Fri Jul 25 08:31:49.715448 2025] [ssl:error] [pid 5952:tid 5952] (70014)End of file found: [client 85.208.96.193:35650] AH02013: coalesce failed to read from data bucket
[Fri Jul 25 08:31:50.101981 2025] [core:error] [pid 5932:tid 5932] (13)Permission denied: [client 185.191.171.15:64398] AH00132: file permissions deny server access: /home/plittle/public_html/uploads/ALFA_DATA/alfasymlink/root/proc/4187/clear_refs
[Fri Jul 25 08:31:51.496460 2025] [core:error] [pid 5813:tid 5813] (13)Permission denied: [client 20.171.207.17:54250] AH00132: file permissions deny server access: /home/plittle/public_html/uploads/ALFA_DATA/alfasymlink/root/proc/self/cwd/proc/self/cwd/sys/bus/node/devices/node0/memory128/node0/memory128/node0/cpu2/driver/cpu2/subsystem/devices/cpu1/crash_notes
[Fri Jul 25 08:31:54.261758 2025] [core:error] [pid 6460:tid 6460] (13)Permission denied: [client 185.191.171.9:35516] AH00132: file permissions deny server access: /home/plittle/public_html/uploads/ALFA_DATA/alfasymlink/root/sys/kernel/slab/kmalloc-1024/validate
[Fri Jul 25 08:31:54.555454 2025] [ssl:error] [pid 5936:tid 5936] (70014)End of file found: [client 185.191.171.9:16982] AH02013: coalesce failed to read from data bucket
[Fri Jul 25 08:31:55.156030 2025] [core:error] [pid 6460:tid 6460] (13)Permission denied: [client 47.79.214.76:36016] AH00132: file permissions deny server access: /home/plittle/public_html/uploads/ALFA_DATA/alfasymlink/root/proc/12833/smaps, referer: https://www.google.com/
[Fri Jul 25 08:31:57.692732 2025] [core:error] [pid 6474:tid 6474] (13)Permission denied: [client 52.71.218.25:29608] AH00132: file permissions deny server access: /home/plittle/public_html/uploads/ALFA_DATA/alfasymlink/root/sys/kernel/slab/xfs_icr/store_user
[Fri Jul 25 08:31:59.223556 2025] [core:error] [pid 6484:tid 6484] (13)Permission denied: [client 47.79.215.134:11473] AH00132: file permissions deny server access: /home/plittle/public_html/uploads/ALFA_DATA/alfasymlink/root/proc/7838/mountstats, referer: https://www.google.com/
[Fri Jul 25 08:32:06.756160 2025] [core:error] [pid 5936:tid 5936] (13)Permission denied: [client 185.191.171.2:50594] AH00132: file permissions deny server access: /home/plittle/public_html/uploads/ALFA_DATA/alfasymlink/root/sys/kernel/slab/:t-0002496/hwcache_align
[Fri Jul 25 08:32:07.071057 2025] [core:error] [pid 5932:tid 5932] (13)Permission denied: [client 47.79.203.57:20916] AH00132: file permissions deny server access: /home/plittle/public_html/uploads/ALFA_DATA/alfasymlink/root/proc/14378/pagemap, referer: https://www.google.com/
[Fri Jul 25 08:32:10.752821 2025] [core:crit] [pid 5865:tid 5865] (13)Permission denied: [client 52.3.104.214:47828] AH00529: /home/plittle/public_html/uploads/ALFA_DATA/alfasymlink/root/var/lock/lmlib/.htaccess pcfg_openfile: unable to check htaccess file, ensure it is readable and that '/home/plittle/public_html/uploads/ALFA_DATA/alfasymlink/root/var/lock/lmlib/' is executable
[Fri Jul 25 08:32:13.821821 2025] [core:error] [pid 6485:tid 6485] (13)Permission denied: [client 47.79.214.236:34731] AH00132: file permissions deny server access: /home/plittle/public_html/uploads/ALFA_DATA/alfasymlink/root/proc/12608/patch_state, referer: https://www.google.com/
[Fri Jul 25 08:32:13.989207 2025] [core:error] [pid 6460:tid 6460] (13)Permission denied: [client 47.79.195.117:57944] AH00132: file permissions deny server access: /home/plittle/public_html/uploads/ALFA_DATA/alfasymlink/root/proc/8699/pagemap, referer: https://www.google.com/
[Fri Jul 25 08:32:14.670075 2025] [core:error] [pid 5952:tid 5952] (13)Permission denied: [client 47.79.214.1:61878] AH00132: file permissions deny server access: /home/plittle/public_html/uploads/ALFA_DATA/alfasymlink/root/proc/15316/io, referer: https://www.google.com/
[Fri Jul 25 08:32:18.429893 2025] [core:error] [pid 5942:tid 5942] (13)Permission denied: [client 47.79.205.198:49799] AH00132: file permissions deny server access: /home/plittle/public_html/uploads/ALFA_DATA/alfasymlink/root/proc/6166/patch_state, referer: https://www.google.com/
[Fri Jul 25 08:32:19.025979 2025] [ssl:error] [pid 6783:tid 6783] (70014)End of file found: [client 52.167.144.136:15690] AH02013: coalesce failed to read from data bucket
[Fri Jul 25 08:32:19.142219 2025] [ssl:error] [pid 6485:tid 6485] (70014)End of file found: [client 157.55.39.48:25103] AH02013: coalesce failed to read from data bucket
[Fri Jul 25 08:32:22.518022 2025] [core:error] [pid 5948:tid 5948] (13)Permission denied: [client 52.204.71.8:8621] AH00132: file permissions deny server access: /home/plittle/public_html/uploads/ALFA_DATA/alfasymlink/root/sys/devices/system/cpu/cpu1/driver/cpu2/firmware_node/physical_node/firmware_node/physical_node/firmware_node/physical_node/firmware_node/eject
[Fri Jul 25 08:32:24.990122 2025] [core:error] [pid 5865:tid 5865] (13)Permission denied: [client 185.191.171.2:32726] AH00132: file permissions deny server access: /home/wangshei/public_html/upload/ALFA_DATA/cgialfa/alfasymlink/alfaperl.txt/proc/16/net/ip6_tables_names
[Fri Jul 25 08:32:28.613194 2025] [ssl:error] [pid 6783:tid 6783] (70014)End of file found: [client 157.55.39.48:12922] AH02013: coalesce failed to read from data bucket
[Fri Jul 25 08:32:29.027664 2025] [core:crit] [pid 5942:tid 5942] (13)Permission denied: [client 47.79.207.169:61592] AH00529: /home/plittle/public_html/uploads/ALFA_DATA/alfasymlink/root/proc/20080/fd/.htaccess pcfg_openfile: unable to check htaccess file, ensure it is readable and that '/home/plittle/public_html/uploads/ALFA_DATA/alfasymlink/root/proc/20080/fd/' is executable, referer: https://www.google.com/
[Fri Jul 25 08:32:29.027707 2025] [core:crit] [pid 5942:tid 5942] (13)Permission denied: [client 47.79.207.169:61592] AH00529: /home/plittle/public_html/uploads/ALFA_DATA/alfasymlink/root/proc/20080/map_files/.htaccess pcfg_openfile: unable to check htaccess file, ensure it is readable and that '/home/plittle/public_html/uploads/ALFA_DATA/alfasymlink/root/proc/20080/map_files/' is executable, referer: https://www.google.com/
[Fri Jul 25 08:32:29.027724 2025] [core:crit] [pid 5942:tid 5942] (13)Permission denied: [client 47.79.207.169:61592] AH00529: /home/plittle/public_html/uploads/ALFA_DATA/alfasymlink/root/proc/20080/fdinfo/.htaccess pcfg_openfile: unable to check htaccess file, ensure it is readable and that '/home/plittle/public_html/uploads/ALFA_DATA/alfasymlink/root/proc/20080/fdinfo/' is executable, referer: https://www.google.com/
[Fri Jul 25 08:32:33.622966 2025] [ssl:error] [pid 5884:tid 5884] (70014)End of file found: [client 52.167.144.136:15715] AH02013: coalesce failed to read from data bucket
[Fri Jul 25 08:32:46.157375 2025] [core:error] [pid 6783:tid 6783] (13)Permission denied: [client 47.79.196.34:48011] AH00132: file permissions deny server access: /home/plittle/public_html/uploads/ALFA_DATA/alfasymlink/root/proc/28465/smaps, referer: https://www.google.com/
[Fri Jul 25 08:32:46.868156 2025] [core:error] [pid 6768:tid 6768] (13)Permission denied: [client 34.236.41.241:16622] AH00132: file permissions deny server access: /home/plittle/public_html/uploads/ALFA_DATA/alfasymlink/root/sys/kernel/slab/UNIX/validate
[Fri Jul 25 08:32:51.751528 2025] [core:error] [pid 5948:tid 5948] (13)Permission denied: [client 47.79.213.166:38455] AH00132: file permissions deny server access: /home/plittle/public_html/uploads/ALFA_DATA/alfasymlink/root/proc/13218/mem, referer: https://www.google.com/
[Fri Jul 25 08:32:53.732742 2025] [core:error] [pid 7159:tid 7159] (13)Permission denied: [client 47.79.196.32:1819] AH00132: file permissions deny server access: /home/plittle/public_html/uploads/ALFA_DATA/alfasymlink/root/proc/8837/io, referer: https://www.google.com/
[Fri Jul 25 08:32:54.341809 2025] [core:error] [pid 5884:tid 5884] (13)Permission denied: [client 47.79.194.26:43590] AH00132: file permissions deny server access: /home/plittle/public_html/uploads/ALFA_DATA/alfasymlink/root/proc/20632/clear_refs, referer: https://www.google.com/
[Fri Jul 25 08:32:55.946530 2025] [core:error] [pid 7235:tid 7235] (13)Permission denied: [client 47.79.200.217:25000] AH00132: file permissions deny server access: /home/plittle/public_html/uploads/ALFA_DATA/alfasymlink/root/proc/5341/auxv, referer: https://www.google.com/
[Fri Jul 25 08:33:01.166027 2025] [access_compat:error] [pid 7225:tid 7225] [client 185.191.171.1:64524] AH01797: client denied by server configuration: /home/plittle/public_html/uploads/ALFA_DATA/alfasymlink/root/usr/lib64/perl5/gnu/stubs-64.ph
[Fri Jul 25 08:33:01.166057 2025] [access_compat:error] [pid 7225:tid 7225] [client 185.191.171.1:64524] AH01797: client denied by server configuration: /home/plittle/public_html/uploads/ALFA_DATA/alfasymlink/root/usr/lib64/perl5/gnu/stubs.ph
[Fri Jul 25 08:33:02.661472 2025] [core:error] [pid 5952:tid 5952] (13)Permission denied: [client 185.191.171.14:31444] AH00132: file permissions deny server access: /home/plittle/public_html/uploads/ALFA_DATA/alfasymlink/root/proc/8541/net/ip6_tables_names
[Fri Jul 25 08:33:06.970213 2025] [core:error] [pid 7387:tid 7387] (13)Permission denied: [client 34.231.181.240:23511] AH00132: file permissions deny server access: /home/plittle/public_html/uploads/ALFA_DATA/alfasymlink/root/sys/kernel/slab/dma-kmalloc-96/sanity_checks
[Fri Jul 25 08:33:11.141824 2025] [core:error] [pid 7387:tid 7387] (13)Permission denied: [client 54.198.33.233:33043] AH00132: file permissions deny server access: /home/plittle/public_html/uploads/ALFA_DATA/alfasymlink/root/sys/kernel/slab/kmalloc-8192/aliases
[Fri Jul 25 08:33:14.182627 2025] [core:error] [pid 7225:tid 7225] (13)Permission denied: [client 44.209.187.99:11622] AH00132: file permissions deny server access: /home/plittle/public_html/uploads/ALFA_DATA/alfasymlink/root/sys/kernel/slab/tcp_bind_bucket/cpu_slabs
[Fri Jul 25 08:33:18.289630 2025] [authz_core:error] [pid 7370:tid 7370] [client 137.184.183.56:45346] AH01630: client denied by server configuration: /home/ryaherma/public_html/error_log
[Fri Jul 25 08:33:18.289684 2025] [authz_core:error] [pid 7370:tid 7370] [client 137.184.183.56:45346] AH01630: client denied by server configuration: /home/ryaherma/public_html/php.ini
[Fri Jul 25 08:33:18.470745 2025] [authz_core:error] [pid 5942:tid 5942] [client 137.184.183.56:38664] AH01630: client denied by server configuration: /home/ryaherma/public_html/error_log
[Fri Jul 25 08:33:18.470787 2025] [authz_core:error] [pid 5942:tid 5942] [client 137.184.183.56:38664] AH01630: client denied by server configuration: /home/ryaherma/public_html/php.ini
[Fri Jul 25 08:33:18.741909 2025] [core:error] [pid 7387:tid 7387] (13)Permission denied: [client 3.232.39.98:36545] AH00132: file permissions deny server access: /home/plittle/public_html/uploads/ALFA_DATA/alfasymlink/root/sys/kernel/slab/:tA-0000640/slabs_cpu_partial
[Fri Jul 25 08:33:34.961586 2025] [proxy:error] [pid 5776:tid 5776] (111)Connection refused: AH00957: http: attempt to connect to 127.0.0.1:2079 (127.0.0.1:2079) failed
[Fri Jul 25 08:33:34.961634 2025] [proxy_http:error] [pid 5776:tid 5776] [client 205.210.31.82:63086] AH01114: HTTP: failed to make connection to backend: 127.0.0.1
[Fri Jul 25 08:33:34.962113 2025] [proxy:error] [pid 5776:tid 5776] (111)Connection refused: AH00957: http: attempt to connect to 127.0.0.1:2079 (127.0.0.1:2079) failed
[Fri Jul 25 08:33:34.962129 2025] [proxy_http:error] [pid 5776:tid 5776] [client 205.210.31.82:63086] AH01114: HTTP: failed to make connection to backend: 127.0.0.1
[Fri Jul 25 08:33:40.082748 2025] [core:error] [pid 7370:tid 7370] (13)Permission denied: [client 185.191.171.10:16436] AH00132: file permissions deny server access: /home/plittle/public_html/uploads/ALFA_DATA/alfasymlink/root/proc/400/net/nf_conntrack_expect
[Fri Jul 25 08:33:41.785908 2025] [core:error] [pid 7548:tid 7548] (13)Permission denied: [client 3.216.227.216:33132] AH00132: file permissions deny server access: /home/plittle/public_html/uploads/ALFA_DATA/alfasymlink/root/sys/kernel/slab/:t-0000192/free_calls
[Fri Jul 25 08:33:48.448426 2025] [core:error] [pid 7225:tid 7225] (13)Permission denied: [client 47.79.198.129:63263] AH00132: file permissions deny server access: /home/plittle/public_html/uploads/ALFA_DATA/alfasymlink/root/proc/18499/mem, referer: https://www.google.com/
[Fri Jul 25 08:33:50.375950 2025] [core:error] [pid 7235:tid 7235] (13)Permission denied: [client 47.79.213.23:8878] AH00132: file permissions deny server access: /home/plittle/public_html/uploads/ALFA_DATA/alfasymlink/root/proc/6871/environ, referer: https://www.google.com/
[Fri Jul 25 08:33:52.529930 2025] [core:error] [pid 6485:tid 6485] (13)Permission denied: [client 185.191.171.16:58364] AH00132: file permissions deny server access: /home/plittle/public_html/uploads/ALFA_DATA/alfasymlink/root/proc/self/root/run/syslogd.pid
[Fri Jul 25 08:33:52.872076 2025] [core:error] [pid 5781:tid 5781] (13)Permission denied: [client 47.79.212.59:42611] AH00132: file permissions deny server access: /home/plittle/public_html/uploads/ALFA_DATA/alfasymlink/root/proc/10971/mem, referer: https://www.google.com/
[Fri Jul 25 08:33:53.478886 2025] [autoindex:error] [pid 6824:tid 6824] (13)Permission denied: [client 47.79.214.46:11253] AH01275: Can't open directory for index: /home/plittle/public_html/uploads/ALFA_DATA/alfasymlink/root/proc/8302/ns/, referer: https://www.google.com/
[Fri Jul 25 08:33:59.708656 2025] [ssl:error] [pid 5776:tid 5776] (70014)End of file found: [client 52.167.144.136:20302] AH02013: coalesce failed to read from data bucket
[Fri Jul 25 08:34:05.351224 2025] [core:error] [pid 7235:tid 7235] (13)Permission denied: [client 47.79.194.181:19927] AH00132: file permissions deny server access: /home/plittle/public_html/uploads/ALFA_DATA/alfasymlink/root/proc/13321/pagemap, referer: https://www.google.com/
[Fri Jul 25 08:34:06.991009 2025] [core:error] [pid 7387:tid 7387] (13)Permission denied: [client 54.84.93.8:39918] AH00132: file permissions deny server access: /home/plittle/public_html/uploads/ALFA_DATA/alfasymlink/root/sys/kernel/slab/:t-0000192/slabs_cpu_partial
[Fri Jul 25 08:34:12.137876 2025] [core:error] [pid 8133:tid 8133] (13)Permission denied: [client 23.20.178.124:18772] AH00132: file permissions deny server access: /home/plittle/public_html/uploads/ALFA_DATA/alfasymlink/root/sys/kernel/slab/dma-kmalloc-96/objects
[Fri Jul 25 08:34:15.141807 2025] [core:error] [pid 7411:tid 7411] (13)Permission denied: [client 52.0.218.219:58261] AH00132: file permissions deny server access: /home/plittle/public_html/uploads/ALFA_DATA/alfasymlink/root/sys/kernel/slab/:t-0000096/trace
[Fri Jul 25 08:34:15.233610 2025] [core:error] [pid 7225:tid 7225] (13)Permission denied: [client 47.79.202.12:24166] AH00132: file permissions deny server access: /home/plittle/public_html/uploads/ALFA_DATA/alfasymlink/root/proc/17865/numa_maps, referer: https://www.google.com/
[Fri Jul 25 08:34:19.670301 2025] [core:error] [pid 8149:tid 8149] (13)Permission denied: [client 185.191.171.11:50562] AH00132: file permissions deny server access: /home/plittle/public_html/uploads/ALFA_DATA/alfasymlink/root/sys/kernel/slab/jbd2_1k/shrink
[Fri Jul 25 08:34:26.661326 2025] [core:error] [pid 7387:tid 7387] (13)Permission denied: [client 34.194.95.99:48658] AH00132: file permissions deny server access: /home/plittle/public_html/uploads/ALFA_DATA/alfasymlink/root/sys/kernel/slab/dma-kmalloc-2048/reclaim_account
[Fri Jul 25 08:34:30.101758 2025] [core:error] [pid 5781:tid 5781] (13)Permission denied: [client 23.23.213.182:2661] AH00132: file permissions deny server access: /home/plittle/public_html/uploads/ALFA_DATA/alfasymlink/root/sys/kernel/slab/dma-kmalloc-2048/objs_per_slab
[Fri Jul 25 08:34:34.372067 2025] [core:error] [pid 8369:tid 8369] (13)Permission denied: [client 54.91.122.193:18713] AH00132: file permissions deny server access: /home/plittle/public_html/uploads/ALFA_DATA/alfasymlink/root/sys/kernel/slab/kmalloc-2048/hwcache_align
[Fri Jul 25 08:34:36.669714 2025] [ssl:error] [pid 5776:tid 5776] (70014)End of file found: [client 85.208.96.206:46724] AH02013: coalesce failed to read from data bucket
[Fri Jul 25 08:34:37.559472 2025] [core:error] [pid 6473:tid 6473] (13)Permission denied: [client 98.82.214.73:15590] AH00132: file permissions deny server access: /home/plittle/public_html/uploads/ALFA_DATA/alfasymlink/root/sys/kernel/slab/dma-kmalloc-64/total_objects
[Fri Jul 25 08:34:37.944081 2025] [authz_core:error] [pid 5781:tid 5781] [client 147.185.132.237:61188] AH01630: client denied by server configuration: /home/amypan/public_html/php.ini
[Fri Jul 25 08:34:38.372329 2025] [core:error] [pid 7370:tid 7370] (13)Permission denied: [client 185.191.171.11:26864] AH00132: file permissions deny server access: /home/wangshei/public_html/upload/ALFA_DATA/cgialfa/alfasymlink/alfaperl.txt/proc/11/net/ip6_tables_names
[Fri Jul 25 08:34:39.589835 2025] [core:error] [pid 8129:tid 8129] (13)Permission denied: [client 185.191.171.17:18848] AH00132: file permissions deny server access: /home/plittle/public_html/uploads/ALFA_DATA/alfasymlink/root/sys/kernel/slab/kmalloc-8/store_user
[Fri Jul 25 08:34:41.821030 2025] [core:error] [pid 8150:tid 8150] (13)Permission denied: [client 34.195.248.30:29412] AH00132: file permissions deny server access: /home/plittle/public_html/uploads/ALFA_DATA/alfasymlink/root/sys/kernel/slab/tw_sock_TCPv6/validate
[Fri Jul 25 08:34:47.949448 2025] [core:crit] [pid 8131:tid 8131] (13)Permission denied: [client 47.79.201.65:47874] AH00529: /home/plittle/public_html/uploads/ALFA_DATA/alfasymlink/root/proc/31194/fd/.htaccess pcfg_openfile: unable to check htaccess file, ensure it is readable and that '/home/plittle/public_html/uploads/ALFA_DATA/alfasymlink/root/proc/31194/fd/' is executable, referer: https://www.google.com/
[Fri Jul 25 08:34:47.949503 2025] [core:crit] [pid 8131:tid 8131] (13)Permission denied: [client 47.79.201.65:47874] AH00529: /home/plittle/public_html/uploads/ALFA_DATA/alfasymlink/root/proc/31194/map_files/.htaccess pcfg_openfile: unable to check htaccess file, ensure it is readable and that '/home/plittle/public_html/uploads/ALFA_DATA/alfasymlink/root/proc/31194/map_files/' is executable, referer: https://www.google.com/
[Fri Jul 25 08:34:47.949520 2025] [core:crit] [pid 8131:tid 8131] (13)Permission denied: [client 47.79.201.65:47874] AH00529: /home/plittle/public_html/uploads/ALFA_DATA/alfasymlink/root/proc/31194/fdinfo/.htaccess pcfg_openfile: unable to check htaccess file, ensure it is readable and that '/home/plittle/public_html/uploads/ALFA_DATA/alfasymlink/root/proc/31194/fdinfo/' is executable, referer: https://www.google.com/
[Fri Jul 25 08:34:55.455798 2025] [core:error] [pid 8146:tid 8146] (13)Permission denied: [client 3.208.146.193:34965] AH00132: file permissions deny server access: /home/plittle/public_html/uploads/ALFA_DATA/alfasymlink/root/sys/kernel/slab/xfs_ili/slabs
[Fri Jul 25 08:34:56.190790 2025] [core:error] [pid 5776:tid 5776] (13)Permission denied: [client 47.79.194.178:60518] AH00132: file permissions deny server access: /home/plittle/public_html/uploads/ALFA_DATA/alfasymlink/root/proc/2390/numa_maps, referer: https://www.google.com/
[Fri Jul 25 08:35:05.198748 2025] [autoindex:error] [pid 5781:tid 5781] (13)Permission denied: [client 47.79.203.132:38162] AH01275: Can't open directory for index: /home/plittle/public_html/uploads/ALFA_DATA/alfasymlink/root/proc/18270/ns/, referer: https://www.google.com/
[Fri Jul 25 08:35:06.466387 2025] [core:error] [pid 7225:tid 7225] (13)Permission denied: [client 54.159.98.248:19732] AH00132: file permissions deny server access: /home/plittle/public_html/uploads/ALFA_DATA/alfasymlink/root/sys/kernel/slab/:dt-0002048/align
[Fri Jul 25 08:35:10.040801 2025] [core:error] [pid 5781:tid 5781] (13)Permission denied: [client 47.79.193.180:17738] AH00132: file permissions deny server access: /home/plittle/public_html/uploads/ALFA_DATA/alfasymlink/root/proc/1753/auxv, referer: https://www.google.com/
[Fri Jul 25 08:35:10.748759 2025] [ssl:error] [pid 7225:tid 7225] (70014)End of file found: [client 20.171.207.26:36194] AH02013: coalesce failed to read from data bucket
[Fri Jul 25 08:35:11.406293 2025] [core:error] [pid 8772:tid 8772] (13)Permission denied: [client 47.79.196.74:2048] AH00132: file permissions deny server access: /home/plittle/public_html/uploads/ALFA_DATA/alfasymlink/root/proc/16613/numa_maps, referer: https://www.google.com/
[Fri Jul 25 08:35:11.669932 2025] [proxy:error] [pid 5781:tid 5781] (111)Connection refused: AH00957: http: attempt to connect to 127.0.0.1:2079 (127.0.0.1:2079) failed
[Fri Jul 25 08:35:11.669965 2025] [proxy_http:error] [pid 5781:tid 5781] [client 185.177.72.12:29892] AH01114: HTTP: failed to make connection to backend: 127.0.0.1
[Fri Jul 25 08:35:11.670022 2025] [proxy:error] [pid 5781:tid 5781] (111)Connection refused: AH00957: http: attempt to connect to 127.0.0.1:2079 (127.0.0.1:2079) failed
[Fri Jul 25 08:35:11.670034 2025] [proxy_http:error] [pid 5781:tid 5781] [client 185.177.72.12:29892] AH01114: HTTP: failed to make connection to backend: 127.0.0.1
[Fri Jul 25 08:35:11.908618 2025] [core:error] [pid 8791:tid 8791] (13)Permission denied: [client 47.79.204.181:64735] AH00132: file permissions deny server access: /home/plittle/public_html/uploads/ALFA_DATA/alfasymlink/root/proc/16161/environ, referer: https://www.google.com/
[Fri Jul 25 08:35:15.168429 2025] [core:error] [pid 7245:tid 7245] (13)Permission denied: [client 44.212.232.231:28852] AH00132: file permissions deny server access: /home/plittle/public_html/uploads/ALFA_DATA/alfasymlink/root/sys/kernel/slab/:t-0000096/order
[Fri Jul 25 08:35:22.076079 2025] [core:error] [pid 8811:tid 8811] (13)Permission denied: [client 47.79.212.233:54024] AH00132: file permissions deny server access: /home/plittle/public_html/uploads/ALFA_DATA/alfasymlink/root/proc/20949/maps, referer: https://www.google.com/
[Fri Jul 25 08:35:28.073334 2025] [proxy:error] [pid 8810:tid 8810] (111)Connection refused: AH00957: http: attempt to connect to 127.0.0.1:2079 (127.0.0.1:2079) failed
[Fri Jul 25 08:35:28.073379 2025] [proxy_http:error] [pid 8810:tid 8810] [client 185.177.72.12:14540] AH01114: HTTP: failed to make connection to backend: 127.0.0.1
[Fri Jul 25 08:35:28.073446 2025] [proxy:error] [pid 8810:tid 8810] (111)Connection refused: AH00957: http: attempt to connect to 127.0.0.1:2079 (127.0.0.1:2079) failed
[Fri Jul 25 08:35:28.073451 2025] [proxy_http:error] [pid 8810:tid 8810] [client 185.177.72.12:14540] AH01114: HTTP: failed to make connection to backend: 127.0.0.1
[Fri Jul 25 08:35:33.642248 2025] [core:error] [pid 8129:tid 8129] (13)Permission denied: [client 54.152.163.42:14319] AH00132: file permissions deny server access: /home/plittle/public_html/uploads/ALFA_DATA/alfasymlink/root/sys/kernel/slab/:dt-0008192/red_zone
[Fri Jul 25 08:35:35.574527 2025] [proxy:error] [pid 8809:tid 8809] (111)Connection refused: AH00957: http: attempt to connect to 127.0.0.1:2079 (127.0.0.1:2079) failed
[Fri Jul 25 08:35:35.574578 2025] [proxy_http:error] [pid 8809:tid 8809] [client 185.177.72.12:46892] AH01114: HTTP: failed to make connection to backend: 127.0.0.1
[Fri Jul 25 08:35:35.574652 2025] [proxy:error] [pid 8809:tid 8809] (111)Connection refused: AH00957: http: attempt to connect to 127.0.0.1:2079 (127.0.0.1:2079) failed
[Fri Jul 25 08:35:35.574658 2025] [proxy_http:error] [pid 8809:tid 8809] [client 185.177.72.12:46892] AH01114: HTTP: failed to make connection to backend: 127.0.0.1
[Fri Jul 25 08:35:41.572671 2025] [ssl:error] [pid 8786:tid 8786] (70014)End of file found: [client 3.208.146.193:12572] AH02013: coalesce failed to read from data bucket
[Fri Jul 25 08:35:42.543502 2025] [core:crit] [pid 7245:tid 7245] (13)Permission denied: [client 47.79.207.47:53670] AH00529: /home/plittle/public_html/uploads/ALFA_DATA/alfasymlink/root/proc/14168/fd/.htaccess pcfg_openfile: unable to check htaccess file, ensure it is readable and that '/home/plittle/public_html/uploads/ALFA_DATA/alfasymlink/root/proc/14168/fd/' is executable, referer: https://www.google.com/
[Fri Jul 25 08:35:42.543539 2025] [core:crit] [pid 7245:tid 7245] (13)Permission denied: [client 47.79.207.47:53670] AH00529: /home/plittle/public_html/uploads/ALFA_DATA/alfasymlink/root/proc/14168/map_files/.htaccess pcfg_openfile: unable to check htaccess file, ensure it is readable and that '/home/plittle/public_html/uploads/ALFA_DATA/alfasymlink/root/proc/14168/map_files/' is executable, referer: https://www.google.com/
[Fri Jul 25 08:35:42.543555 2025] [core:crit] [pid 7245:tid 7245] (13)Permission denied: [client 47.79.207.47:53670] AH00529: /home/plittle/public_html/uploads/ALFA_DATA/alfasymlink/root/proc/14168/fdinfo/.htaccess pcfg_openfile: unable to check htaccess file, ensure it is readable and that '/home/plittle/public_html/uploads/ALFA_DATA/alfasymlink/root/proc/14168/fdinfo/' is executable, referer: https://www.google.com/
[Fri Jul 25 08:35:47.061561 2025] [ssl:error] [pid 8811:tid 8811] (70014)End of file found: [client 185.191.171.5:28766] AH02013: coalesce failed to read from data bucket
[Fri Jul 25 08:35:50.188828 2025] [proxy:error] [pid 8369:tid 8369] (111)Connection refused: AH00957: http: attempt to connect to 127.0.0.1:2079 (127.0.0.1:2079) failed
[Fri Jul 25 08:35:50.188878 2025] [proxy_http:error] [pid 8369:tid 8369] [client 185.177.72.12:34272] AH01114: HTTP: failed to make connection to backend: 127.0.0.1
[Fri Jul 25 08:35:50.188944 2025] [proxy:error] [pid 8369:tid 8369] (111)Connection refused: AH00957: http: attempt to connect to 127.0.0.1:2079 (127.0.0.1:2079) failed
[Fri Jul 25 08:35:50.188950 2025] [proxy_http:error] [pid 8369:tid 8369] [client 185.177.72.12:34272] AH01114: HTTP: failed to make connection to backend: 127.0.0.1
[Fri Jul 25 08:35:59.541536 2025] [core:error] [pid 8809:tid 8809] (13)Permission denied: [client 47.79.203.135:8873] AH00132: file permissions deny server access: /home/plittle/public_html/uploads/ALFA_DATA/alfasymlink/root/proc/11780/maps, referer: https://www.google.com/
[Fri Jul 25 08:36:00.449348 2025] [proxy:error] [pid 9388:tid 9388] (111)Connection refused: AH00957: http: attempt to connect to 127.0.0.1:2079 (127.0.0.1:2079) failed
[Fri Jul 25 08:36:00.449409 2025] [proxy_http:error] [pid 9388:tid 9388] [client 185.177.72.12:47684] AH01114: HTTP: failed to make connection to backend: 127.0.0.1
[Fri Jul 25 08:36:00.449485 2025] [proxy:error] [pid 9388:tid 9388] (111)Connection refused: AH00957: http: attempt to connect to 127.0.0.1:2079 (127.0.0.1:2079) failed
[Fri Jul 25 08:36:00.449490 2025] [proxy_http:error] [pid 9388:tid 9388] [client 185.177.72.12:47684] AH01114: HTTP: failed to make connection to backend: 127.0.0.1
[Fri Jul 25 08:36:07.503255 2025] [core:error] [pid 8791:tid 8791] (13)Permission denied: [client 85.208.96.193:59648] AH00132: file permissions deny server access: /home/plittle/public_html/uploads/ALFA_DATA/alfasymlink/root/sys/devices/pci0000:00/0000:00:02.0/resource0_wc
[Fri Jul 25 08:36:09.400719 2025] [proxy:error] [pid 8369:tid 8369] (111)Connection refused: AH00957: http: attempt to connect to 127.0.0.1:2079 (127.0.0.1:2079) failed
[Fri Jul 25 08:36:09.400778 2025] [proxy_http:error] [pid 8369:tid 8369] [client 185.177.72.12:47694] AH01114: HTTP: failed to make connection to backend: 127.0.0.1
[Fri Jul 25 08:36:09.400846 2025] [proxy:error] [pid 8369:tid 8369] (111)Connection refused: AH00957: http: attempt to connect to 127.0.0.1:2079 (127.0.0.1:2079) failed
[Fri Jul 25 08:36:09.400852 2025] [proxy_http:error] [pid 8369:tid 8369] [client 185.177.72.12:47694] AH01114: HTTP: failed to make connection to backend: 127.0.0.1
[Fri Jul 25 08:36:10.520840 2025] [proxy:error] [pid 8131:tid 8131] (111)Connection refused: AH00957: http: attempt to connect to 127.0.0.1:2079 (127.0.0.1:2079) failed
[Fri Jul 25 08:36:10.520870 2025] [proxy_http:error] [pid 8131:tid 8131] [client 185.177.72.12:43606] AH01114: HTTP: failed to make connection to backend: 127.0.0.1
[Fri Jul 25 08:36:10.520930 2025] [proxy:error] [pid 8131:tid 8131] (111)Connection refused: AH00957: http: attempt to connect to 127.0.0.1:2079 (127.0.0.1:2079) failed
[Fri Jul 25 08:36:10.520935 2025] [proxy_http:error] [pid 8131:tid 8131] [client 185.177.72.12:43606] AH01114: HTTP: failed to make connection to backend: 127.0.0.1
[Fri Jul 25 08:36:10.835044 2025] [core:error] [pid 9398:tid 9398] (13)Permission denied: [client 3.215.59.93:43614] AH00132: file permissions deny server access: /home/plittle/public_html/uploads/ALFA_DATA/alfasymlink/root/etc/neighbor_netblocks
[Fri Jul 25 08:36:10.901404 2025] [core:crit] [pid 9388:tid 9388] (13)Permission denied: [client 47.79.200.23:27126] AH00529: /home/plittle/public_html/uploads/ALFA_DATA/alfasymlink/root/proc/717/fd/.htaccess pcfg_openfile: unable to check htaccess file, ensure it is readable and that '/home/plittle/public_html/uploads/ALFA_DATA/alfasymlink/root/proc/717/fd/' is executable, referer: https://www.google.com/
[Fri Jul 25 08:36:10.901449 2025] [core:crit] [pid 9388:tid 9388] (13)Permission denied: [client 47.79.200.23:27126] AH00529: /home/plittle/public_html/uploads/ALFA_DATA/alfasymlink/root/proc/717/map_files/.htaccess pcfg_openfile: unable to check htaccess file, ensure it is readable and that '/home/plittle/public_html/uploads/ALFA_DATA/alfasymlink/root/proc/717/map_files/' is executable, referer: https://www.google.com/
[Fri Jul 25 08:36:10.901465 2025] [core:crit] [pid 9388:tid 9388] (13)Permission denied: [client 47.79.200.23:27126] AH00529: /home/plittle/public_html/uploads/ALFA_DATA/alfasymlink/root/proc/717/fdinfo/.htaccess pcfg_openfile: unable to check htaccess file, ensure it is readable and that '/home/plittle/public_html/uploads/ALFA_DATA/alfasymlink/root/proc/717/fdinfo/' is executable, referer: https://www.google.com/
[Fri Jul 25 08:36:14.834142 2025] [proxy:error] [pid 8131:tid 8131] (111)Connection refused: AH00957: http: attempt to connect to 127.0.0.1:2079 (127.0.0.1:2079) failed
[Fri Jul 25 08:36:14.834174 2025] [proxy_http:error] [pid 8131:tid 8131] [client 205.210.31.90:57988] AH01114: HTTP: failed to make connection to backend: 127.0.0.1
[Fri Jul 25 08:36:14.834294 2025] [proxy:error] [pid 8131:tid 8131] (111)Connection refused: AH00957: http: attempt to connect to 127.0.0.1:2079 (127.0.0.1:2079) failed
[Fri Jul 25 08:36:14.834302 2025] [proxy_http:error] [pid 8131:tid 8131] [client 205.210.31.90:57988] AH01114: HTTP: failed to make connection to backend: 127.0.0.1
[Fri Jul 25 08:36:20.955726 2025] [core:error] [pid 9397:tid 9397] (13)Permission denied: [client 47.79.216.53:4899] AH00132: file permissions deny server access: /home/plittle/public_html/uploads/ALFA_DATA/alfasymlink/root/proc/5175/maps, referer: https://www.google.com/
[Fri Jul 25 08:36:21.182370 2025] [proxy:error] [pid 8143:tid 8143] (111)Connection refused: AH00957: http: attempt to connect to 127.0.0.1:2079 (127.0.0.1:2079) failed
[Fri Jul 25 08:36:21.182423 2025] [proxy_http:error] [pid 8143:tid 8143] [client 198.55.98.182:54596] AH01114: HTTP: failed to make connection to backend: 127.0.0.1
[Fri Jul 25 08:36:21.182493 2025] [proxy:error] [pid 8143:tid 8143] (111)Connection refused: AH00957: http: attempt to connect to 127.0.0.1:2079 (127.0.0.1:2079) failed
[Fri Jul 25 08:36:21.182498 2025] [proxy_http:error] [pid 8143:tid 8143] [client 198.55.98.182:54596] AH01114: HTTP: failed to make connection to backend: 127.0.0.1
[Fri Jul 25 08:36:26.664981 2025] [core:error] [pid 8143:tid 8143] (13)Permission denied: [client 85.208.96.193:31798] AH00132: file permissions deny server access: /home/plittle/public_html/uploads/ALFA_DATA/alfasymlink/root/proc/2780/net/ip_tables_matches
[Fri Jul 25 08:36:32.895947 2025] [core:error] [pid 5897:tid 5897] (13)Permission denied: [client 47.79.201.66:21404] AH00132: file permissions deny server access: /home/plittle/public_html/uploads/ALFA_DATA/alfasymlink/root/proc/1193/mountstats, referer: https://www.google.com/
[Fri Jul 25 08:36:37.099302 2025] [proxy:error] [pid 8150:tid 8150] (111)Connection refused: AH00957: http: attempt to connect to 127.0.0.1:2079 (127.0.0.1:2079) failed
[Fri Jul 25 08:36:37.099334 2025] [proxy_http:error] [pid 8150:tid 8150] [client 185.177.72.12:62712] AH01114: HTTP: failed to make connection to backend: 127.0.0.1
[Fri Jul 25 08:36:37.099399 2025] [proxy:error] [pid 8150:tid 8150] (111)Connection refused: AH00957: http: attempt to connect to 127.0.0.1:2079 (127.0.0.1:2079) failed
[Fri Jul 25 08:36:37.099405 2025] [proxy_http:error] [pid 8150:tid 8150] [client 185.177.72.12:62712] AH01114: HTTP: failed to make connection to backend: 127.0.0.1
[Fri Jul 25 08:36:44.725281 2025] [core:error] [pid 8791:tid 8791] (13)Permission denied: [client 54.92.171.106:33357] AH00132: file permissions deny server access: /home/plittle/public_html/uploads/ALFA_DATA/alfasymlink/root/sys/devices/system/cpu/cpu0/driver/cpu2/firmware_node/physical_node/firmware_node/physical_node/firmware_node/physical_node/firmware_node/physical_node/driver/cpu0/driver/unbind
[Fri Jul 25 08:36:47.798848 2025] [ssl:error] [pid 5897:tid 5897] (70014)End of file found: [client 3.94.40.182:22533] AH02013: coalesce failed to read from data bucket
[Fri Jul 25 08:36:49.577530 2025] [core:error] [pid 9398:tid 9398] (13)Permission denied: [client 185.191.171.3:49542] AH00132: file permissions deny server access: /home/plittle/public_html/uploads/ALFA_DATA/alfasymlink/root/proc/53/net/ip6_tables_targets
[Fri Jul 25 08:36:50.258765 2025] [core:error] [pid 9388:tid 9388] (13)Permission denied: [client 44.217.255.167:3448] AH00132: file permissions deny server access: /home/plittle/public_html/uploads/ALFA_DATA/alfasymlink/root/sys/kernel/slab/avc_node/slabs_cpu_partial
[Fri Jul 25 08:36:50.698170 2025] [core:error] [pid 9397:tid 9397] (13)Permission denied: [client 85.208.96.200:58492] AH00132: file permissions deny server access: /home/wangshei/public_html/upload/ALFA_DATA/cgialfa/alfasymlink/alfaperl.txt/proc/1152/io
[Fri Jul 25 08:36:54.661816 2025] [ssl:error] [pid 8809:tid 8809] (70014)End of file found: [client 3.213.85.234:32363] AH02013: coalesce failed to read from data bucket
[Fri Jul 25 08:36:57.991557 2025] [proxy:error] [pid 6783:tid 6783] (111)Connection refused: AH00957: http: attempt to connect to 127.0.0.1:2079 (127.0.0.1:2079) failed
[Fri Jul 25 08:36:57.991588 2025] [proxy_http:error] [pid 6783:tid 6783] [client 185.177.72.12:2024] AH01114: HTTP: failed to make connection to backend: 127.0.0.1
[Fri Jul 25 08:36:57.991650 2025] [proxy:error] [pid 6783:tid 6783] (111)Connection refused: AH00957: http: attempt to connect to 127.0.0.1:2079 (127.0.0.1:2079) failed
[Fri Jul 25 08:36:57.991656 2025] [proxy_http:error] [pid 6783:tid 6783] [client 185.177.72.12:2024] AH01114: HTTP: failed to make connection to backend: 127.0.0.1
[Fri Jul 25 08:37:01.061615 2025] [proxy:error] [pid 8809:tid 8809] (111)Connection refused: AH00957: http: attempt to connect to 127.0.0.1:2079 (127.0.0.1:2079) failed
[Fri Jul 25 08:37:01.061647 2025] [proxy_http:error] [pid 8809:tid 8809] [client 185.177.72.12:30426] AH01114: HTTP: failed to make connection to backend: 127.0.0.1
[Fri Jul 25 08:37:01.061705 2025] [proxy:error] [pid 8809:tid 8809] (111)Connection refused: AH00957: http: attempt to connect to 127.0.0.1:2079 (127.0.0.1:2079) failed
[Fri Jul 25 08:37:01.061710 2025] [proxy_http:error] [pid 8809:tid 8809] [client 185.177.72.12:30426] AH01114: HTTP: failed to make connection to backend: 127.0.0.1
[Fri Jul 25 08:37:08.872955 2025] [ssl:error] [pid 9388:tid 9388] (70014)End of file found: [client 20.171.207.17:38250] AH02013: coalesce failed to read from data bucket
[Fri Jul 25 08:37:10.305577 2025] [proxy:error] [pid 8791:tid 8791] (111)Connection refused: AH00957: http: attempt to connect to 127.0.0.1:2079 (127.0.0.1:2079) failed
[Fri Jul 25 08:37:10.305620 2025] [proxy_http:error] [pid 8791:tid 8791] [client 185.177.72.12:19874] AH01114: HTTP: failed to make connection to backend: 127.0.0.1
[Fri Jul 25 08:37:10.305682 2025] [proxy:error] [pid 8791:tid 8791] (111)Connection refused: AH00957: http: attempt to connect to 127.0.0.1:2079 (127.0.0.1:2079) failed
[Fri Jul 25 08:37:10.305688 2025] [proxy_http:error] [pid 8791:tid 8791] [client 185.177.72.12:19874] AH01114: HTTP: failed to make connection to backend: 127.0.0.1
[Fri Jul 25 08:37:10.544591 2025] [ssl:error] [pid 7370:tid 7370] (70014)End of file found: [client 85.208.96.194:39050] AH02013: coalesce failed to read from data bucket
[Fri Jul 25 08:37:12.662510 2025] [ssl:error] [pid 10262:tid 10262] (70014)End of file found: [client 20.171.207.26:49518] AH02013: coalesce failed to read from data bucket
[Fri Jul 25 08:37:18.688887 2025] [proxy:error] [pid 5781:tid 5781] (111)Connection refused: AH00957: http: attempt to connect to 127.0.0.1:2079 (127.0.0.1:2079) failed
[Fri Jul 25 08:37:18.688917 2025] [proxy_http:error] [pid 5781:tid 5781] [client 185.177.72.12:19886] AH01114: HTTP: failed to make connection to backend: 127.0.0.1
[Fri Jul 25 08:37:18.688974 2025] [proxy:error] [pid 5781:tid 5781] (111)Connection refused: AH00957: http: attempt to connect to 127.0.0.1:2079 (127.0.0.1:2079) failed
[Fri Jul 25 08:37:18.688988 2025] [proxy_http:error] [pid 5781:tid 5781] [client 185.177.72.12:19886] AH01114: HTTP: failed to make connection to backend: 127.0.0.1
[Fri Jul 25 08:37:26.742997 2025] [proxy:error] [pid 8143:tid 8143] (111)Connection refused: AH00957: http: attempt to connect to 127.0.0.1:2079 (127.0.0.1:2079) failed
[Fri Jul 25 08:37:26.743027 2025] [proxy_http:error] [pid 8143:tid 8143] [client 185.177.72.12:30372] AH01114: HTTP: failed to make connection to backend: 127.0.0.1
[Fri Jul 25 08:37:26.743118 2025] [proxy:error] [pid 8143:tid 8143] (111)Connection refused: AH00957: http: attempt to connect to 127.0.0.1:2079 (127.0.0.1:2079) failed
[Fri Jul 25 08:37:26.743127 2025] [proxy_http:error] [pid 8143:tid 8143] [client 185.177.72.12:30372] AH01114: HTTP: failed to make connection to backend: 127.0.0.1
[Fri Jul 25 08:37:27.562847 2025] [proxy:error] [pid 10492:tid 10492] (111)Connection refused: AH00957: http: attempt to connect to 127.0.0.1:2079 (127.0.0.1:2079) failed
[Fri Jul 25 08:37:27.562921 2025] [proxy_http:error] [pid 10492:tid 10492] [client 185.177.72.12:30378] AH01114: HTTP: failed to make connection to backend: 127.0.0.1
[Fri Jul 25 08:37:27.563019 2025] [proxy:error] [pid 10492:tid 10492] (111)Connection refused: AH00957: http: attempt to connect to 127.0.0.1:2079 (127.0.0.1:2079) failed
[Fri Jul 25 08:37:27.563025 2025] [proxy_http:error] [pid 10492:tid 10492] [client 185.177.72.12:30378] AH01114: HTTP: failed to make connection to backend: 127.0.0.1
[Fri Jul 25 08:37:33.224905 2025] [core:error] [pid 10571:tid 10571] (13)Permission denied: [client 47.79.194.1:23294] AH00132: file permissions deny server access: /home/plittle/public_html/uploads/ALFA_DATA/alfasymlink/root/proc/8449/environ, referer: https://www.google.com/
[Fri Jul 25 08:37:36.598593 2025] [core:error] [pid 10582:tid 10582] (13)Permission denied: [client 185.191.171.10:62868] AH00132: file permissions deny server access: /home/plittle/public_html/uploads/ALFA_DATA/alfasymlink/root/sys/kernel/slab/cfq_io_cq/objects_partial
[Fri Jul 25 08:37:37.782081 2025] [proxy:error] [pid 10589:tid 10589] (111)Connection refused: AH00957: http: attempt to connect to 127.0.0.1:2079 (127.0.0.1:2079) failed
[Fri Jul 25 08:37:37.782169 2025] [proxy_http:error] [pid 10589:tid 10589] [client 185.177.72.12:62654] AH01114: HTTP: failed to make connection to backend: 127.0.0.1
[Fri Jul 25 08:37:37.782251 2025] [proxy:error] [pid 10589:tid 10589] (111)Connection refused: AH00957: http: attempt to connect to 127.0.0.1:2079 (127.0.0.1:2079) failed
[Fri Jul 25 08:37:37.782257 2025] [proxy_http:error] [pid 10589:tid 10589] [client 185.177.72.12:62654] AH01114: HTTP: failed to make connection to backend: 127.0.0.1
[Fri Jul 25 08:37:40.694979 2025] [core:error] [pid 8809:tid 8809] (13)Permission denied: [client 47.79.215.113:61370] AH00132: file permissions deny server access: /home/plittle/public_html/uploads/ALFA_DATA/alfasymlink/root/proc/4467/maps, referer: https://www.google.com/
[Fri Jul 25 08:37:46.869434 2025] [core:error] [pid 9388:tid 9388] (13)Permission denied: [client 85.208.96.198:56238] AH00132: file permissions deny server access: /home/plittle/public_html/uploads/ALFA_DATA/alfasymlink/root/sys/module/uhci_hcd/uevent
[Fri Jul 25 08:37:47.910157 2025] [proxy:error] [pid 10492:tid 10492] (111)Connection refused: AH00957: http: attempt to connect to 127.0.0.1:2079 (127.0.0.1:2079) failed
[Fri Jul 25 08:37:47.910190 2025] [proxy_http:error] [pid 10492:tid 10492] [client 185.177.72.12:1750] AH01114: HTTP: failed to make connection to backend: 127.0.0.1
[Fri Jul 25 08:37:47.910251 2025] [proxy:error] [pid 10492:tid 10492] (111)Connection refused: AH00957: http: attempt to connect to 127.0.0.1:2079 (127.0.0.1:2079) failed
[Fri Jul 25 08:37:47.910257 2025] [proxy_http:error] [pid 10492:tid 10492] [client 185.177.72.12:1750] AH01114: HTTP: failed to make connection to backend: 127.0.0.1
[Fri Jul 25 08:37:48.062698 2025] [core:error] [pid 10589:tid 10589] (13)Permission denied: [client 47.79.202.71:42276] AH00132: file permissions deny server access: /home/plittle/public_html/uploads/ALFA_DATA/alfasymlink/root/proc/8104/mem, referer: https://www.google.com/
[Fri Jul 25 08:37:50.823374 2025] [ssl:error] [pid 10586:tid 10586] (70014)End of file found: [client 44.195.145.102:54788] AH02013: coalesce failed to read from data bucket
[Fri Jul 25 08:37:58.981456 2025] [core:error] [pid 5897:tid 5897] (13)Permission denied: [client 47.79.216.19:6305] AH00132: file permissions deny server access: /home/plittle/public_html/uploads/ALFA_DATA/alfasymlink/root/proc/2350/mem, referer: https://www.google.com/
[Fri Jul 25 08:37:59.141983 2025] [proxy:error] [pid 6783:tid 6783] (111)Connection refused: AH00957: http: attempt to connect to 127.0.0.1:2079 (127.0.0.1:2079) failed
[Fri Jul 25 08:37:59.142035 2025] [proxy_http:error] [pid 6783:tid 6783] [client 185.177.72.12:28978] AH01114: HTTP: failed to make connection to backend: 127.0.0.1
[Fri Jul 25 08:37:59.142179 2025] [proxy:error] [pid 6783:tid 6783] (111)Connection refused: AH00957: http: attempt to connect to 127.0.0.1:2079 (127.0.0.1:2079) failed
[Fri Jul 25 08:37:59.142190 2025] [proxy_http:error] [pid 6783:tid 6783] [client 185.177.72.12:28978] AH01114: HTTP: failed to make connection to backend: 127.0.0.1
[Fri Jul 25 08:38:05.642473 2025] [autoindex:error] [pid 8131:tid 8131] (13)Permission denied: [client 85.208.96.193:10880] AH01275: Can't open directory for index: /home/plittle/public_html/uploads/ALFA_DATA/alfasymlink/root/proc/2305/ns/
[Fri Jul 25 08:38:09.293491 2025] [proxy:error] [pid 8809:tid 8809] (111)Connection refused: AH00957: http: attempt to connect to 127.0.0.1:2079 (127.0.0.1:2079) failed
[Fri Jul 25 08:38:09.293528 2025] [proxy_http:error] [pid 8809:tid 8809] [client 185.177.72.12:36918] AH01114: HTTP: failed to make connection to backend: 127.0.0.1
[Fri Jul 25 08:38:09.293591 2025] [proxy:error] [pid 8809:tid 8809] (111)Connection refused: AH00957: http: attempt to connect to 127.0.0.1:2079 (127.0.0.1:2079) failed
[Fri Jul 25 08:38:09.293596 2025] [proxy_http:error] [pid 8809:tid 8809] [client 185.177.72.12:36918] AH01114: HTTP: failed to make connection to backend: 127.0.0.1
[Fri Jul 25 08:38:09.656052 2025] [autoindex:error] [pid 7370:tid 7370] (13)Permission denied: [client 85.208.96.193:53808] AH01275: Can't open directory for index: /home/wangshei/public_html/upload/ALFA_DATA/cgialfa/alfasymlink/alfaperl.txt/proc/50/ns/
[Fri Jul 25 08:38:10.711135 2025] [core:crit] [pid 8791:tid 8791] (13)Permission denied: [client 47.79.199.238:64178] AH00529: /home/plittle/public_html/uploads/ALFA_DATA/alfasymlink/root/proc/18213/fd/.htaccess pcfg_openfile: unable to check htaccess file, ensure it is readable and that '/home/plittle/public_html/uploads/ALFA_DATA/alfasymlink/root/proc/18213/fd/' is executable, referer: https://www.google.com/
[Fri Jul 25 08:38:10.711172 2025] [core:crit] [pid 8791:tid 8791] (13)Permission denied: [client 47.79.199.238:64178] AH00529: /home/plittle/public_html/uploads/ALFA_DATA/alfasymlink/root/proc/18213/map_files/.htaccess pcfg_openfile: unable to check htaccess file, ensure it is readable and that '/home/plittle/public_html/uploads/ALFA_DATA/alfasymlink/root/proc/18213/map_files/' is executable, referer: https://www.google.com/
[Fri Jul 25 08:38:10.711190 2025] [core:crit] [pid 8791:tid 8791] (13)Permission denied: [client 47.79.199.238:64178] AH00529: /home/plittle/public_html/uploads/ALFA_DATA/alfasymlink/root/proc/18213/fdinfo/.htaccess pcfg_openfile: unable to check htaccess file, ensure it is readable and that '/home/plittle/public_html/uploads/ALFA_DATA/alfasymlink/root/proc/18213/fdinfo/' is executable, referer: https://www.google.com/
[Fri Jul 25 08:38:21.194449 2025] [proxy:error] [pid 10552:tid 10552] (111)Connection refused: AH00957: http: attempt to connect to 127.0.0.1:2079 (127.0.0.1:2079) failed
[Fri Jul 25 08:38:21.194493 2025] [proxy_http:error] [pid 10552:tid 10552] [client 185.177.72.12:35876] AH01114: HTTP: failed to make connection to backend: 127.0.0.1
[Fri Jul 25 08:38:21.194557 2025] [proxy:error] [pid 10552:tid 10552] (111)Connection refused: AH00957: http: attempt to connect to 127.0.0.1:2079 (127.0.0.1:2079) failed
[Fri Jul 25 08:38:21.194569 2025] [proxy_http:error] [pid 10552:tid 10552] [client 185.177.72.12:35876] AH01114: HTTP: failed to make connection to backend: 127.0.0.1
[Fri Jul 25 08:38:31.543199 2025] [proxy:error] [pid 6783:tid 6783] (111)Connection refused: AH00957: http: attempt to connect to 127.0.0.1:2079 (127.0.0.1:2079) failed
