[Fri Jul 25 08:38:31.543231 2025] [proxy_http:error] [pid 6783:tid 6783] [client 185.177.72.12:4952] AH01114: HTTP: failed to make connection to backend: 127.0.0.1
[Fri Jul 25 08:38:31.543289 2025] [proxy:error] [pid 6783:tid 6783] (111)Connection refused: AH00957: http: attempt to connect to 127.0.0.1:2079 (127.0.0.1:2079) failed
[Fri Jul 25 08:38:31.543295 2025] [proxy_http:error] [pid 6783:tid 6783] [client 185.177.72.12:4952] AH01114: HTTP: failed to make connection to backend: 127.0.0.1
[Fri Jul 25 08:38:33.401173 2025] [core:error] [pid 7370:tid 7370] (13)Permission denied: [client 47.79.196.13:8520] AH00132: file permissions deny server access: /home/plittle/public_html/uploads/ALFA_DATA/alfasymlink/root/proc/6354/mem, referer: https://www.google.com/
[Fri Jul 25 08:38:34.160318 2025] [authz_core:error] [pid 10583:tid 10583] [client 52.4.76.156:21167] AH01630: client denied by server configuration: /home/samiasmi/public_html/php.ini
[Fri Jul 25 08:38:34.359299 2025] [core:error] [pid 8809:tid 8809] (13)Permission denied: [client 85.208.96.207:23438] AH00132: file permissions deny server access: /home/wangshei/public_html/upload/ALFA_DATA/cgialfa/alfasymlink/alfaperl.txt/proc/4042/net/ip_tables_targets
[Fri Jul 25 08:38:35.228329 2025] [core:error] [pid 10572:tid 10572] (13)Permission denied: [client 47.79.202.225:45446] AH00132: file permissions deny server access: /home/plittle/public_html/uploads/ALFA_DATA/alfasymlink/root/proc/6490/numa_maps, referer: https://www.google.com/
[Fri Jul 25 08:38:38.182012 2025] [core:crit] [pid 11417:tid 11417] (13)Permission denied: [client 47.79.199.110:59320] AH00529: /home/plittle/public_html/uploads/ALFA_DATA/alfasymlink/root/proc/8751/fd/.htaccess pcfg_openfile: unable to check htaccess file, ensure it is readable and that '/home/plittle/public_html/uploads/ALFA_DATA/alfasymlink/root/proc/8751/fd/' is executable, referer: https://www.google.com/
[Fri Jul 25 08:38:38.182116 2025] [core:crit] [pid 11417:tid 11417] (13)Permission denied: [client 47.79.199.110:59320] AH00529: /home/plittle/public_html/uploads/ALFA_DATA/alfasymlink/root/proc/8751/map_files/.htaccess pcfg_openfile: unable to check htaccess file, ensure it is readable and that '/home/plittle/public_html/uploads/ALFA_DATA/alfasymlink/root/proc/8751/map_files/' is executable, referer: https://www.google.com/
[Fri Jul 25 08:38:38.182145 2025] [core:crit] [pid 11417:tid 11417] (13)Permission denied: [client 47.79.199.110:59320] AH00529: /home/plittle/public_html/uploads/ALFA_DATA/alfasymlink/root/proc/8751/fdinfo/.htaccess pcfg_openfile: unable to check htaccess file, ensure it is readable and that '/home/plittle/public_html/uploads/ALFA_DATA/alfasymlink/root/proc/8751/fdinfo/' is executable, referer: https://www.google.com/
[Fri Jul 25 08:38:44.261592 2025] [proxy:error] [pid 10583:tid 10583] (111)Connection refused: AH00957: http: attempt to connect to 127.0.0.1:2079 (127.0.0.1:2079) failed
[Fri Jul 25 08:38:44.261644 2025] [proxy_http:error] [pid 10583:tid 10583] [client 185.177.72.12:23642] AH01114: HTTP: failed to make connection to backend: 127.0.0.1
[Fri Jul 25 08:38:44.261726 2025] [proxy:error] [pid 10583:tid 10583] (111)Connection refused: AH00957: http: attempt to connect to 127.0.0.1:2079 (127.0.0.1:2079) failed
[Fri Jul 25 08:38:44.261732 2025] [proxy_http:error] [pid 10583:tid 10583] [client 185.177.72.12:23642] AH01114: HTTP: failed to make connection to backend: 127.0.0.1
[Fri Jul 25 08:38:45.388242 2025] [proxy:error] [pid 11231:tid 11231] (111)Connection refused: AH00957: http: attempt to connect to 127.0.0.1:2079 (127.0.0.1:2079) failed
[Fri Jul 25 08:38:45.388308 2025] [proxy_http:error] [pid 11231:tid 11231] [client 185.177.72.12:23656] AH01114: HTTP: failed to make connection to backend: 127.0.0.1
[Fri Jul 25 08:38:45.388383 2025] [proxy:error] [pid 11231:tid 11231] (111)Connection refused: AH00957: http: attempt to connect to 127.0.0.1:2079 (127.0.0.1:2079) failed
[Fri Jul 25 08:38:45.388389 2025] [proxy_http:error] [pid 11231:tid 11231] [client 185.177.72.12:23656] AH01114: HTTP: failed to make connection to backend: 127.0.0.1
[Fri Jul 25 08:38:49.472198 2025] [core:error] [pid 9397:tid 9397] (13)Permission denied: [client 47.79.213.222:21461] AH00132: file permissions deny server access: /home/plittle/public_html/uploads/ALFA_DATA/alfasymlink/root/proc/3366/smaps, referer: https://www.google.com/
[Fri Jul 25 08:38:49.541327 2025] [core:error] [pid 11231:tid 11231] (13)Permission denied: [client 47.79.216.99:58351] AH00132: file permissions deny server access: /home/plittle/public_html/uploads/ALFA_DATA/alfasymlink/root/proc/11998/mem, referer: https://www.google.com/
[Fri Jul 25 08:38:54.274331 2025] [proxy:error] [pid 11568:tid 11568] (111)Connection refused: AH00957: http: attempt to connect to 127.0.0.1:2079 (127.0.0.1:2079) failed
[Fri Jul 25 08:38:54.274404 2025] [proxy_http:error] [pid 11568:tid 11568] [client 185.177.72.12:16344] AH01114: HTTP: failed to make connection to backend: 127.0.0.1
[Fri Jul 25 08:38:54.274492 2025] [proxy:error] [pid 11568:tid 11568] (111)Connection refused: AH00957: http: attempt to connect to 127.0.0.1:2079 (127.0.0.1:2079) failed
[Fri Jul 25 08:38:54.274498 2025] [proxy_http:error] [pid 11568:tid 11568] [client 185.177.72.12:16344] AH01114: HTTP: failed to make connection to backend: 127.0.0.1
[Fri Jul 25 08:39:02.433552 2025] [core:error] [pid 6783:tid 6783] (13)Permission denied: [client 54.80.185.200:17870] AH00132: file permissions deny server access: /home/plittle/public_html/uploads/ALFA_DATA/alfasymlink/root/sys/kernel/slab/kmalloc-2048/objs_per_slab
[Fri Jul 25 08:39:03.061866 2025] [core:crit] [pid 11568:tid 11568] (13)Permission denied: [client 47.79.206.99:56054] AH00529: /home/plittle/public_html/uploads/ALFA_DATA/alfasymlink/root/proc/21158/fd/.htaccess pcfg_openfile: unable to check htaccess file, ensure it is readable and that '/home/plittle/public_html/uploads/ALFA_DATA/alfasymlink/root/proc/21158/fd/' is executable, referer: https://www.google.com/
[Fri Jul 25 08:39:03.061905 2025] [core:crit] [pid 11568:tid 11568] (13)Permission denied: [client 47.79.206.99:56054] AH00529: /home/plittle/public_html/uploads/ALFA_DATA/alfasymlink/root/proc/21158/map_files/.htaccess pcfg_openfile: unable to check htaccess file, ensure it is readable and that '/home/plittle/public_html/uploads/ALFA_DATA/alfasymlink/root/proc/21158/map_files/' is executable, referer: https://www.google.com/
[Fri Jul 25 08:39:03.061921 2025] [core:crit] [pid 11568:tid 11568] (13)Permission denied: [client 47.79.206.99:56054] AH00529: /home/plittle/public_html/uploads/ALFA_DATA/alfasymlink/root/proc/21158/fdinfo/.htaccess pcfg_openfile: unable to check htaccess file, ensure it is readable and that '/home/plittle/public_html/uploads/ALFA_DATA/alfasymlink/root/proc/21158/fdinfo/' is executable, referer: https://www.google.com/
[Fri Jul 25 08:39:03.301931 2025] [proxy:error] [pid 10583:tid 10583] (111)Connection refused: AH00957: http: attempt to connect to 127.0.0.1:2079 (127.0.0.1:2079) failed
[Fri Jul 25 08:39:03.301976 2025] [proxy_http:error] [pid 10583:tid 10583] [client 185.177.72.12:16238] AH01114: HTTP: failed to make connection to backend: 127.0.0.1
[Fri Jul 25 08:39:03.302040 2025] [proxy:error] [pid 10583:tid 10583] (111)Connection refused: AH00957: http: attempt to connect to 127.0.0.1:2079 (127.0.0.1:2079) failed
[Fri Jul 25 08:39:03.302048 2025] [proxy_http:error] [pid 10583:tid 10583] [client 185.177.72.12:16238] AH01114: HTTP: failed to make connection to backend: 127.0.0.1
[Fri Jul 25 08:39:10.885247 2025] [core:error] [pid 11231:tid 11231] (13)Permission denied: [client 54.83.23.103:34030] AH00132: file permissions deny server access: /home/plittle/public_html/uploads/ALFA_DATA/alfasymlink/root/sys/kernel/slab/dma-kmalloc-2048/remote_node_defrag_ratio
[Fri Jul 25 08:39:14.022109 2025] [proxy:error] [pid 6783:tid 6783] (111)Connection refused: AH00957: http: attempt to connect to 127.0.0.1:2079 (127.0.0.1:2079) failed
[Fri Jul 25 08:39:14.022142 2025] [proxy_http:error] [pid 6783:tid 6783] [client 185.177.72.12:15442] AH01114: HTTP: failed to make connection to backend: 127.0.0.1
[Fri Jul 25 08:39:14.022201 2025] [proxy:error] [pid 6783:tid 6783] (111)Connection refused: AH00957: http: attempt to connect to 127.0.0.1:2079 (127.0.0.1:2079) failed
[Fri Jul 25 08:39:14.022207 2025] [proxy_http:error] [pid 6783:tid 6783] [client 185.177.72.12:15442] AH01114: HTTP: failed to make connection to backend: 127.0.0.1
[Fri Jul 25 08:39:14.141948 2025] [core:error] [pid 11568:tid 11568] (13)Permission denied: [client 47.79.203.132:55450] AH00132: file permissions deny server access: /home/plittle/public_html/uploads/ALFA_DATA/alfasymlink/root/proc/10483/maps, referer: https://www.google.com/
[Fri Jul 25 08:39:15.190412 2025] [core:error] [pid 11569:tid 11569] (13)Permission denied: [client 47.79.202.134:18159] AH00132: file permissions deny server access: /home/plittle/public_html/uploads/ALFA_DATA/alfasymlink/root/proc/3401/numa_maps, referer: https://www.google.com/
[Fri Jul 25 08:39:19.301619 2025] [core:error] [pid 10583:tid 10583] (13)Permission denied: [client 18.232.36.1:31827] AH00132: file permissions deny server access: /home/plittle/public_html/uploads/ALFA_DATA/alfasymlink/root/sys/kernel/slab/dma-kmalloc-8192/slabs_cpu_partial
[Fri Jul 25 08:39:21.160354 2025] [proxy_fcgi:error] [pid 11560:tid 11560] [client 79.148.169.228:53437] AH01071: Got error 'Primary script unknown'
[Fri Jul 25 08:39:22.065673 2025] [proxy_fcgi:error] [pid 11388:tid 11388] [client 179.61.228.161:37833] AH01071: Got error 'Primary script unknown'
[Fri Jul 25 08:39:22.758759 2025] [proxy_fcgi:error] [pid 10583:tid 10583] [client 203.57.50.250:38553] AH01071: Got error 'Primary script unknown'
[Fri Jul 25 08:39:23.081160 2025] [core:error] [pid 11231:tid 11231] (13)Permission denied: [client 98.84.200.43:16467] AH00132: file permissions deny server access: /home/plittle/public_html/uploads/ALFA_DATA/alfasymlink/root/sys/kernel/slab/dentry/remote_node_defrag_ratio
[Fri Jul 25 08:39:25.221416 2025] [proxy_fcgi:error] [pid 11568:tid 11568] [client 103.224.53.136:45459] AH01071: Got error 'Primary script unknown'
[Fri Jul 25 08:39:27.955836 2025] [autoindex:error] [pid 11560:tid 11560] (13)Permission denied: [client 47.79.202.9:19511] AH01275: Can't open directory for index: /home/plittle/public_html/uploads/ALFA_DATA/alfasymlink/root/proc/8355/ns/, referer: https://www.google.com/
[Fri Jul 25 08:39:30.271790 2025] [authz_core:error] [pid 11952:tid 11952] [client 213.209.143.116:48192] AH01630: client denied by server configuration: /home/roryan/public_html/php.ini
[Fri Jul 25 08:39:30.858823 2025] [authz_core:error] [pid 11432:tid 11432] [client 20.171.207.221:60338] AH01630: client denied by server configuration: /home/louisxie/public_html/error_log
[Fri Jul 25 08:39:32.181196 2025] [proxy:error] [pid 8131:tid 8131] (111)Connection refused: AH00957: http: attempt to connect to 127.0.0.1:2079 (127.0.0.1:2079) failed
[Fri Jul 25 08:39:32.181230 2025] [proxy_http:error] [pid 8131:tid 8131] [client 185.177.72.12:38766] AH01114: HTTP: failed to make connection to backend: 127.0.0.1
[Fri Jul 25 08:39:32.181290 2025] [proxy:error] [pid 8131:tid 8131] (111)Connection refused: AH00957: http: attempt to connect to 127.0.0.1:2079 (127.0.0.1:2079) failed
[Fri Jul 25 08:39:32.181296 2025] [proxy_http:error] [pid 8131:tid 8131] [client 185.177.72.12:38766] AH01114: HTTP: failed to make connection to backend: 127.0.0.1
[Fri Jul 25 08:39:34.022710 2025] [authz_core:error] [pid 11432:tid 11432] [client 20.171.207.221:60338] AH01630: client denied by server configuration: /home/louisxie/public_html/error_log
[Fri Jul 25 08:39:34.582994 2025] [core:error] [pid 11560:tid 11560] (13)Permission denied: [client 85.208.96.208:50612] AH00132: file permissions deny server access: /home/plittle/public_html/uploads/ALFA_DATA/alfasymlink/root/sys/kernel/slab/ip6_dst_cache/objs_per_slab
[Fri Jul 25 08:39:34.661337 2025] [core:error] [pid 8131:tid 8131] (13)Permission denied: [client 98.82.40.168:24443] AH00132: file permissions deny server access: /home/plittle/public_html/uploads/ALFA_DATA/alfasymlink/root/run/tailwatchd.pid
[Fri Jul 25 08:39:36.906918 2025] [authz_core:error] [pid 11432:tid 11432] [client 20.171.207.221:60338] AH01630: client denied by server configuration: /home/louisxie/public_html/error_log
[Fri Jul 25 08:39:41.994302 2025] [proxy:error] [pid 8131:tid 8131] (111)Connection refused: AH00957: http: attempt to connect to 127.0.0.1:2079 (127.0.0.1:2079) failed
[Fri Jul 25 08:39:41.994336 2025] [proxy_http:error] [pid 8131:tid 8131] [client 185.177.72.12:21566] AH01114: HTTP: failed to make connection to backend: 127.0.0.1
[Fri Jul 25 08:39:41.994395 2025] [proxy:error] [pid 8131:tid 8131] (111)Connection refused: AH00957: http: attempt to connect to 127.0.0.1:2079 (127.0.0.1:2079) failed
[Fri Jul 25 08:39:41.994400 2025] [proxy_http:error] [pid 8131:tid 8131] [client 185.177.72.12:21566] AH01114: HTTP: failed to make connection to backend: 127.0.0.1
[Fri Jul 25 08:39:43.337555 2025] [core:error] [pid 11231:tid 11231] (13)Permission denied: [client 44.205.180.155:38724] AH00132: file permissions deny server access: /home/plittle/public_html/uploads/ALFA_DATA/alfasymlink/root/sys/kernel/slab/xfs_icr/destroy_by_rcu
[Fri Jul 25 08:39:44.059379 2025] [proxy:error] [pid 10583:tid 10583] (111)Connection refused: AH00957: http: attempt to connect to 127.0.0.1:2079 (127.0.0.1:2079) failed
[Fri Jul 25 08:39:44.059407 2025] [proxy_http:error] [pid 10583:tid 10583] [client 185.177.72.12:21582] AH01114: HTTP: failed to make connection to backend: 127.0.0.1
[Fri Jul 25 08:39:44.059465 2025] [proxy:error] [pid 10583:tid 10583] (111)Connection refused: AH00957: http: attempt to connect to 127.0.0.1:2079 (127.0.0.1:2079) failed
[Fri Jul 25 08:39:44.059470 2025] [proxy_http:error] [pid 10583:tid 10583] [client 185.177.72.12:21582] AH01114: HTTP: failed to make connection to backend: 127.0.0.1
[Fri Jul 25 08:39:51.883265 2025] [core:error] [pid 8131:tid 8131] (13)Permission denied: [client 52.200.58.199:20214] AH00132: file permissions deny server access: /home/plittle/public_html/uploads/ALFA_DATA/alfasymlink/root/sys/kernel/slab/:t-0002496/partial
[Fri Jul 25 08:39:57.081661 2025] [cgi:error] [pid 8131:tid 8131] [client 147.185.132.111:62104] AH01215: stderr from /usr/local/cpanel/cgi-sys/defaultwebpage.cgi: 403 (Forbidden): 403 Forbidden
[Fri Jul 25 08:39:57.081761 2025] [cgi:error] [pid 8131:tid 8131] [client 147.185.132.111:62104] AH01215: stderr from /usr/local/cpanel/cgi-sys/defaultwebpage.cgi: Executing in an invalid environment for the supplied user at /usr/local/cpanel/Cpanel/CGI/NoForm.pm line 157.
[Fri Jul 25 08:39:57.731003 2025] [core:error] [pid 8809:tid 8809] (13)Permission denied: [client 185.191.171.19:54336] AH00132: file permissions deny server access: /home/plittle/public_html/uploads/ALFA_DATA/alfasymlink/root/sys/kernel/slab/:t-0000832/sanity_checks
[Fri Jul 25 08:39:59.861838 2025] [core:error] [pid 11940:tid 11940] (13)Permission denied: [client 3.235.215.92:14819] AH00132: file permissions deny server access: /home/plittle/public_html/uploads/ALFA_DATA/alfasymlink/root/sys/kernel/slab/xfs_icr/partial
[Fri Jul 25 08:40:01.781655 2025] [core:error] [pid 11569:tid 11569] (13)Permission denied: [client 44.218.6.93:41609] AH00132: file permissions deny server access: /home/plittle/public_html/uploads/ALFA_DATA/alfasymlink/root/sys/kernel/slab/:at-0000104/poison
[Fri Jul 25 08:40:05.061709 2025] [proxy:error] [pid 12606:tid 12606] (111)Connection refused: AH00957: http: attempt to connect to 127.0.0.1:2079 (127.0.0.1:2079) failed
[Fri Jul 25 08:40:05.061764 2025] [proxy_http:error] [pid 12606:tid 12606] [client 185.177.72.12:27282] AH01114: HTTP: failed to make connection to backend: 127.0.0.1
[Fri Jul 25 08:40:05.061825 2025] [proxy:error] [pid 12606:tid 12606] (111)Connection refused: AH00957: http: attempt to connect to 127.0.0.1:2079 (127.0.0.1:2079) failed
[Fri Jul 25 08:40:05.061841 2025] [proxy_http:error] [pid 12606:tid 12606] [client 185.177.72.12:27282] AH01114: HTTP: failed to make connection to backend: 127.0.0.1
[Fri Jul 25 08:40:05.382423 2025] [core:error] [pid 12609:tid 12609] (13)Permission denied: [client 47.79.194.74:61628] AH00132: file permissions deny server access: /home/plittle/public_html/uploads/ALFA_DATA/alfasymlink/root/proc/7606/auxv, referer: https://www.google.com/
[Fri Jul 25 08:40:09.009400 2025] [core:error] [pid 12624:tid 12624] (13)Permission denied: [client 85.208.96.210:17206] AH00132: file permissions deny server access: /home/plittle/public_html/uploads/ALFA_DATA/alfasymlink/root/proc/6953/net/nf_conntrack_expect
[Fri Jul 25 08:40:10.501724 2025] [core:error] [pid 11953:tid 11953] (13)Permission denied: [client 107.20.181.148:56754] AH00132: file permissions deny server access: /home/plittle/public_html/uploads/ALFA_DATA/alfasymlink/root/sys/kernel/slab/:dt-0002048/reclaim_account
[Fri Jul 25 08:40:16.269384 2025] [proxy:error] [pid 12609:tid 12609] (111)Connection refused: AH00957: http: attempt to connect to 127.0.0.1:2079 (127.0.0.1:2079) failed
[Fri Jul 25 08:40:16.269423 2025] [proxy_http:error] [pid 12609:tid 12609] [client 185.177.72.12:49760] AH01114: HTTP: failed to make connection to backend: 127.0.0.1
[Fri Jul 25 08:40:16.269492 2025] [proxy:error] [pid 12609:tid 12609] (111)Connection refused: AH00957: http: attempt to connect to 127.0.0.1:2079 (127.0.0.1:2079) failed
[Fri Jul 25 08:40:16.269498 2025] [proxy_http:error] [pid 12609:tid 12609] [client 185.177.72.12:49760] AH01114: HTTP: failed to make connection to backend: 127.0.0.1
[Fri Jul 25 08:40:20.631292 2025] [core:error] [pid 11940:tid 11940] (13)Permission denied: [client 185.191.171.14:59298] AH00132: file permissions deny server access: /home/plittle/public_html/uploads/ALFA_DATA/alfasymlink/root/proc/372/net/ip6_tables_matches
[Fri Jul 25 08:40:22.821968 2025] [core:crit] [pid 12628:tid 12628] (13)Permission denied: [client 47.79.199.189:5424] AH00529: /home/plittle/public_html/uploads/ALFA_DATA/alfasymlink/root/proc/16057/fd/.htaccess pcfg_openfile: unable to check htaccess file, ensure it is readable and that '/home/plittle/public_html/uploads/ALFA_DATA/alfasymlink/root/proc/16057/fd/' is executable, referer: https://www.google.com/
[Fri Jul 25 08:40:22.822018 2025] [core:crit] [pid 12628:tid 12628] (13)Permission denied: [client 47.79.199.189:5424] AH00529: /home/plittle/public_html/uploads/ALFA_DATA/alfasymlink/root/proc/16057/map_files/.htaccess pcfg_openfile: unable to check htaccess file, ensure it is readable and that '/home/plittle/public_html/uploads/ALFA_DATA/alfasymlink/root/proc/16057/map_files/' is executable, referer: https://www.google.com/
[Fri Jul 25 08:40:22.822035 2025] [core:crit] [pid 12628:tid 12628] (13)Permission denied: [client 47.79.199.189:5424] AH00529: /home/plittle/public_html/uploads/ALFA_DATA/alfasymlink/root/proc/16057/fdinfo/.htaccess pcfg_openfile: unable to check htaccess file, ensure it is readable and that '/home/plittle/public_html/uploads/ALFA_DATA/alfasymlink/root/proc/16057/fdinfo/' is executable, referer: https://www.google.com/
[Fri Jul 25 08:40:25.301477 2025] [core:crit] [pid 10572:tid 10572] (13)Permission denied: [client 52.204.89.12:60642] AH00529: /home/plittle/public_html/uploads/ALFA_DATA/alfasymlink/root/run/chkservd/restart_track/.htaccess pcfg_openfile: unable to check htaccess file, ensure it is readable and that '/home/plittle/public_html/uploads/ALFA_DATA/alfasymlink/root/run/chkservd/restart_track/' is executable
[Fri Jul 25 08:40:25.630753 2025] [core:error] [pid 11560:tid 11560] (13)Permission denied: [client 85.208.96.207:14780] AH00132: file permissions deny server access: /home/plittle/public_html/uploads/ALFA_DATA/alfasymlink/root/proc/8322/mem
[Fri Jul 25 08:40:25.660954 2025] [core:error] [pid 11953:tid 11953] (13)Permission denied: [client 47.79.212.49:31493] AH00132: file permissions deny server access: /home/plittle/public_html/uploads/ALFA_DATA/alfasymlink/root/proc/11164/io, referer: https://www.google.com/
[Fri Jul 25 08:40:26.064517 2025] [core:error] [pid 11569:tid 11569] (13)Permission denied: [client 85.208.96.210:25480] AH00132: file permissions deny server access: /home/plittle/public_html/uploads/ALFA_DATA/alfasymlink/root/sys/kernel/slab/xfs_dqtrx/slab_size
[Fri Jul 25 08:40:28.386688 2025] [proxy:error] [pid 10572:tid 10572] (111)Connection refused: AH00957: http: attempt to connect to 127.0.0.1:2079 (127.0.0.1:2079) failed
[Fri Jul 25 08:40:28.386725 2025] [proxy_http:error] [pid 10572:tid 10572] [client 185.177.72.12:33860] AH01114: HTTP: failed to make connection to backend: 127.0.0.1
[Fri Jul 25 08:40:28.386791 2025] [proxy:error] [pid 10572:tid 10572] (111)Connection refused: AH00957: http: attempt to connect to 127.0.0.1:2079 (127.0.0.1:2079) failed
[Fri Jul 25 08:40:28.386797 2025] [proxy_http:error] [pid 10572:tid 10572] [client 185.177.72.12:33860] AH01114: HTTP: failed to make connection to backend: 127.0.0.1
[Fri Jul 25 08:40:40.944912 2025] [proxy:error] [pid 11953:tid 11953] (111)Connection refused: AH00957: http: attempt to connect to 127.0.0.1:2079 (127.0.0.1:2079) failed
[Fri Jul 25 08:40:40.944948 2025] [proxy_http:error] [pid 11953:tid 11953] [client 185.177.72.12:41814] AH01114: HTTP: failed to make connection to backend: 127.0.0.1
[Fri Jul 25 08:40:40.945013 2025] [proxy:error] [pid 11953:tid 11953] (111)Connection refused: AH00957: http: attempt to connect to 127.0.0.1:2079 (127.0.0.1:2079) failed
[Fri Jul 25 08:40:40.945019 2025] [proxy_http:error] [pid 11953:tid 11953] [client 185.177.72.12:41814] AH01114: HTTP: failed to make connection to backend: 127.0.0.1
[Fri Jul 25 08:40:41.591034 2025] [core:error] [pid 11231:tid 11231] (13)Permission denied: [client 185.191.171.10:59516] AH00132: file permissions deny server access: /home/wangshei/public_html/upload/ALFA_DATA/cgialfa/alfasymlink/alfaperl.txt/proc/7088/net/ip6_tables_names
[Fri Jul 25 08:40:41.863621 2025] [core:crit] [pid 11560:tid 11560] (13)Permission denied: [client 47.79.203.89:50484] AH00529: /home/plittle/public_html/uploads/ALFA_DATA/alfasymlink/root/proc/9861/fd/.htaccess pcfg_openfile: unable to check htaccess file, ensure it is readable and that '/home/plittle/public_html/uploads/ALFA_DATA/alfasymlink/root/proc/9861/fd/' is executable, referer: https://www.google.com/
[Fri Jul 25 08:40:41.863659 2025] [core:crit] [pid 11560:tid 11560] (13)Permission denied: [client 47.79.203.89:50484] AH00529: /home/plittle/public_html/uploads/ALFA_DATA/alfasymlink/root/proc/9861/map_files/.htaccess pcfg_openfile: unable to check htaccess file, ensure it is readable and that '/home/plittle/public_html/uploads/ALFA_DATA/alfasymlink/root/proc/9861/map_files/' is executable, referer: https://www.google.com/
[Fri Jul 25 08:40:41.863675 2025] [core:crit] [pid 11560:tid 11560] (13)Permission denied: [client 47.79.203.89:50484] AH00529: /home/plittle/public_html/uploads/ALFA_DATA/alfasymlink/root/proc/9861/fdinfo/.htaccess pcfg_openfile: unable to check htaccess file, ensure it is readable and that '/home/plittle/public_html/uploads/ALFA_DATA/alfasymlink/root/proc/9861/fdinfo/' is executable, referer: https://www.google.com/
[Fri Jul 25 08:40:43.904949 2025] [core:error] [pid 11231:tid 11231] (13)Permission denied: [client 85.208.96.204:57668] AH00132: file permissions deny server access: /home/plittle/public_html/uploads/ALFA_DATA/alfasymlink/root/proc/9503/net/ip_tables_targets
[Fri Jul 25 08:40:50.261650 2025] [proxy:error] [pid 11560:tid 11560] (111)Connection refused: AH00957: http: attempt to connect to 127.0.0.1:2079 (127.0.0.1:2079) failed
[Fri Jul 25 08:40:50.261682 2025] [proxy_http:error] [pid 11560:tid 11560] [client 185.177.72.12:57206] AH01114: HTTP: failed to make connection to backend: 127.0.0.1
[Fri Jul 25 08:40:50.261742 2025] [proxy:error] [pid 11560:tid 11560] (111)Connection refused: AH00957: http: attempt to connect to 127.0.0.1:2079 (127.0.0.1:2079) failed
[Fri Jul 25 08:40:50.261747 2025] [proxy_http:error] [pid 11560:tid 11560] [client 185.177.72.12:57206] AH01114: HTTP: failed to make connection to backend: 127.0.0.1
[Fri Jul 25 08:41:00.275909 2025] [proxy:error] [pid 11940:tid 11940] (111)Connection refused: AH00957: http: attempt to connect to 127.0.0.1:2079 (127.0.0.1:2079) failed
[Fri Jul 25 08:41:00.275943 2025] [proxy_http:error] [pid 11940:tid 11940] [client 185.177.72.12:36882] AH01114: HTTP: failed to make connection to backend: 127.0.0.1
[Fri Jul 25 08:41:00.276030 2025] [proxy:error] [pid 11940:tid 11940] (111)Connection refused: AH00957: http: attempt to connect to 127.0.0.1:2079 (127.0.0.1:2079) failed
[Fri Jul 25 08:41:00.276035 2025] [proxy_http:error] [pid 11940:tid 11940] [client 185.177.72.12:36882] AH01114: HTTP: failed to make connection to backend: 127.0.0.1
[Fri Jul 25 08:41:00.929367 2025] [core:crit] [pid 11569:tid 11569] (13)Permission denied: [client 49.51.253.26:44062] AH00529: /home/msturla/public_html/.htaccess pcfg_openfile: unable to check htaccess file, ensure it is readable and that '/home/msturla/public_html/' is executable
[Fri Jul 25 08:41:01.301570 2025] [core:error] [pid 12606:tid 12606] (13)Permission denied: [client 52.44.148.203:14798] AH00132: file permissions deny server access: /home/plittle/public_html/uploads/ALFA_DATA/alfasymlink/root/sys/kernel/slab/:at-0000192/cpu_partial
[Fri Jul 25 08:41:06.602269 2025] [core:error] [pid 11231:tid 11231] (13)Permission denied: [client 54.166.104.83:59752] AH00132: file permissions deny server access: /home/plittle/public_html/uploads/ALFA_DATA/alfasymlink/root/sys/bus/platform/drivers/serial8250/serial8250/driver/serial8250/driver/serial8250/tty/ttyS2/port
[Fri Jul 25 08:41:10.094013 2025] [proxy:error] [pid 11231:tid 11231] (111)Connection refused: AH00957: http: attempt to connect to 127.0.0.1:2079 (127.0.0.1:2079) failed
[Fri Jul 25 08:41:10.094049 2025] [proxy_http:error] [pid 11231:tid 11231] [client 185.177.72.12:36894] AH01114: HTTP: failed to make connection to backend: 127.0.0.1
[Fri Jul 25 08:41:10.094125 2025] [proxy:error] [pid 11231:tid 11231] (111)Connection refused: AH00957: http: attempt to connect to 127.0.0.1:2079 (127.0.0.1:2079) failed
[Fri Jul 25 08:41:10.094133 2025] [proxy_http:error] [pid 11231:tid 11231] [client 185.177.72.12:36894] AH01114: HTTP: failed to make connection to backend: 127.0.0.1
[Fri Jul 25 08:41:20.023441 2025] [proxy:error] [pid 11569:tid 11569] (111)Connection refused: AH00957: http: attempt to connect to 127.0.0.1:2079 (127.0.0.1:2079) failed
[Fri Jul 25 08:41:20.023480 2025] [proxy_http:error] [pid 11569:tid 11569] [client 185.177.72.12:17872] AH01114: HTTP: failed to make connection to backend: 127.0.0.1
[Fri Jul 25 08:41:20.023539 2025] [proxy:error] [pid 11569:tid 11569] (111)Connection refused: AH00957: http: attempt to connect to 127.0.0.1:2079 (127.0.0.1:2079) failed
[Fri Jul 25 08:41:20.023544 2025] [proxy_http:error] [pid 11569:tid 11569] [client 185.177.72.12:17872] AH01114: HTTP: failed to make connection to backend: 127.0.0.1
[Fri Jul 25 08:41:22.089328 2025] [ssl:error] [pid 12606:tid 12606] (70014)End of file found: [client 20.171.207.17:44740] AH02013: coalesce failed to read from data bucket
[Fri Jul 25 08:41:23.708277 2025] [ssl:error] [pid 11569:tid 11569] (70014)End of file found: [client 44.213.202.136:35557] AH02013: coalesce failed to read from data bucket
[Fri Jul 25 08:41:25.304779 2025] [core:error] [pid 11560:tid 11560] (13)Permission denied: [client 47.79.195.5:30497] AH00132: file permissions deny server access: /home/plittle/public_html/uploads/ALFA_DATA/alfasymlink/root/proc/1249/smaps, referer: https://www.google.com/
[Fri Jul 25 08:41:29.521828 2025] [ssl:error] [pid 11940:tid 11940] (70014)End of file found: [client 85.208.96.200:52484] AH02013: coalesce failed to read from data bucket
[Fri Jul 25 08:41:30.205553 2025] [core:error] [pid 12624:tid 12624] (13)Permission denied: [client 47.79.195.5:23276] AH00132: file permissions deny server access: /home/plittle/public_html/uploads/ALFA_DATA/alfasymlink/root/proc/17138/maps, referer: https://www.google.com/
[Fri Jul 25 08:41:31.336706 2025] [ssl:error] [pid 6783:tid 6783] (70014)End of file found: [client 100.29.63.24:41954] AH02013: coalesce failed to read from data bucket
[Fri Jul 25 08:41:32.464336 2025] [proxy:error] [pid 11568:tid 11568] (111)Connection refused: AH00957: http: attempt to connect to 127.0.0.1:2079 (127.0.0.1:2079) failed
[Fri Jul 25 08:41:32.464370 2025] [proxy_http:error] [pid 11568:tid 11568] [client 185.177.72.12:2510] AH01114: HTTP: failed to make connection to backend: 127.0.0.1
[Fri Jul 25 08:41:32.464429 2025] [proxy:error] [pid 11568:tid 11568] (111)Connection refused: AH00957: http: attempt to connect to 127.0.0.1:2079 (127.0.0.1:2079) failed
[Fri Jul 25 08:41:32.464434 2025] [proxy_http:error] [pid 11568:tid 11568] [client 185.177.72.12:2510] AH01114: HTTP: failed to make connection to backend: 127.0.0.1
[Fri Jul 25 08:41:32.763561 2025] [core:crit] [pid 11940:tid 11940] (13)Permission denied: [client 47.79.200.225:37641] AH00529: /home/plittle/public_html/uploads/ALFA_DATA/alfasymlink/root/proc/11269/fd/.htaccess pcfg_openfile: unable to check htaccess file, ensure it is readable and that '/home/plittle/public_html/uploads/ALFA_DATA/alfasymlink/root/proc/11269/fd/' is executable, referer: https://www.google.com/
[Fri Jul 25 08:41:32.763597 2025] [core:crit] [pid 11940:tid 11940] (13)Permission denied: [client 47.79.200.225:37641] AH00529: /home/plittle/public_html/uploads/ALFA_DATA/alfasymlink/root/proc/11269/map_files/.htaccess pcfg_openfile: unable to check htaccess file, ensure it is readable and that '/home/plittle/public_html/uploads/ALFA_DATA/alfasymlink/root/proc/11269/map_files/' is executable, referer: https://www.google.com/
[Fri Jul 25 08:41:32.763613 2025] [core:crit] [pid 11940:tid 11940] (13)Permission denied: [client 47.79.200.225:37641] AH00529: /home/plittle/public_html/uploads/ALFA_DATA/alfasymlink/root/proc/11269/fdinfo/.htaccess pcfg_openfile: unable to check htaccess file, ensure it is readable and that '/home/plittle/public_html/uploads/ALFA_DATA/alfasymlink/root/proc/11269/fdinfo/' is executable, referer: https://www.google.com/
[Fri Jul 25 08:41:36.176459 2025] [core:error] [pid 12624:tid 12624] (13)Permission denied: [client 47.79.199.166:41716] AH00132: file permissions deny server access: /home/plittle/public_html/uploads/ALFA_DATA/alfasymlink/root/proc/13402/numa_maps, referer: https://www.google.com/
[Fri Jul 25 08:41:39.361729 2025] [core:error] [pid 11231:tid 11231] (13)Permission denied: [client 47.79.213.23:60927] AH00132: file permissions deny server access: /home/plittle/public_html/uploads/ALFA_DATA/alfasymlink/root/proc/1256/numa_maps, referer: https://www.google.com/
[Fri Jul 25 08:41:45.049480 2025] [proxy:error] [pid 13781:tid 13781] (111)Connection refused: AH00957: http: attempt to connect to 127.0.0.1:2079 (127.0.0.1:2079) failed
[Fri Jul 25 08:41:45.049551 2025] [proxy_http:error] [pid 13781:tid 13781] [client 147.185.132.10:63090] AH01114: HTTP: failed to make connection to backend: 127.0.0.1
[Fri Jul 25 08:41:45.049630 2025] [proxy:error] [pid 13781:tid 13781] (111)Connection refused: AH00957: http: attempt to connect to 127.0.0.1:2079 (127.0.0.1:2079) failed
[Fri Jul 25 08:41:45.049636 2025] [proxy_http:error] [pid 13781:tid 13781] [client 147.185.132.10:63090] AH01114: HTTP: failed to make connection to backend: 127.0.0.1
[Fri Jul 25 08:41:49.383568 2025] [core:error] [pid 13778:tid 13778] (13)Permission denied: [client 47.79.201.164:29157] AH00132: file permissions deny server access: /home/plittle/public_html/uploads/ALFA_DATA/alfasymlink/root/proc/809/auxv, referer: https://www.google.com/
[Fri Jul 25 08:41:54.022544 2025] [autoindex:error] [pid 12625:tid 12625] (13)Permission denied: [client 47.79.199.87:40287] AH01275: Can't open directory for index: /home/plittle/public_html/uploads/ALFA_DATA/alfasymlink/root/proc/546/ns/, referer: https://www.google.com/
[Fri Jul 25 08:41:54.682034 2025] [proxy:error] [pid 13781:tid 13781] (111)Connection refused: AH00957: http: attempt to connect to 127.0.0.1:2079 (127.0.0.1:2079) failed
[Fri Jul 25 08:41:54.682070 2025] [proxy_http:error] [pid 13781:tid 13781] [client 185.177.72.12:10038] AH01114: HTTP: failed to make connection to backend: 127.0.0.1
[Fri Jul 25 08:41:54.682157 2025] [proxy:error] [pid 13781:tid 13781] (111)Connection refused: AH00957: http: attempt to connect to 127.0.0.1:2079 (127.0.0.1:2079) failed
[Fri Jul 25 08:41:54.682165 2025] [proxy_http:error] [pid 13781:tid 13781] [client 185.177.72.12:10038] AH01114: HTTP: failed to make connection to backend: 127.0.0.1
[Fri Jul 25 08:41:59.179112 2025] [ssl:error] [pid 13781:tid 13781] (70014)End of file found: [client 185.191.171.18:25580] AH02013: coalesce failed to read from data bucket
[Fri Jul 25 08:42:01.541531 2025] [core:error] [pid 10552:tid 10552] (13)Permission denied: [client 47.79.215.160:56154] AH00132: file permissions deny server access: /home/plittle/public_html/uploads/ALFA_DATA/alfasymlink/root/proc/12886/mem, referer: https://www.google.com/
[Fri Jul 25 08:42:03.705590 2025] [core:error] [pid 13758:tid 13758] (13)Permission denied: [client 47.79.214.187:12632] AH00132: file permissions deny server access: /home/plittle/public_html/uploads/ALFA_DATA/alfasymlink/root/proc/25020/clear_refs, referer: https://www.google.com/
[Fri Jul 25 08:42:04.463245 2025] [proxy:error] [pid 13779:tid 13779] (111)Connection refused: AH00957: http: attempt to connect to 127.0.0.1:2079 (127.0.0.1:2079) failed
[Fri Jul 25 08:42:04.463295 2025] [proxy_http:error] [pid 13779:tid 13779] [client 185.177.72.12:22400] AH01114: HTTP: failed to make connection to backend: 127.0.0.1
[Fri Jul 25 08:42:04.463370 2025] [proxy:error] [pid 13779:tid 13779] (111)Connection refused: AH00957: http: attempt to connect to 127.0.0.1:2079 (127.0.0.1:2079) failed
[Fri Jul 25 08:42:04.463377 2025] [proxy_http:error] [pid 13779:tid 13779] [client 185.177.72.12:22400] AH01114: HTTP: failed to make connection to backend: 127.0.0.1
[Fri Jul 25 08:42:12.467805 2025] [proxy:error] [pid 13781:tid 13781] (111)Connection refused: AH00957: http: attempt to connect to 127.0.0.1:2079 (127.0.0.1:2079) failed
[Fri Jul 25 08:42:12.467838 2025] [proxy_http:error] [pid 13781:tid 13781] [client 185.177.72.12:9774] AH01114: HTTP: failed to make connection to backend: 127.0.0.1
[Fri Jul 25 08:42:12.467899 2025] [proxy:error] [pid 13781:tid 13781] (111)Connection refused: AH00957: http: attempt to connect to 127.0.0.1:2079 (127.0.0.1:2079) failed
[Fri Jul 25 08:42:12.467904 2025] [proxy_http:error] [pid 13781:tid 13781] [client 185.177.72.12:9774] AH01114: HTTP: failed to make connection to backend: 127.0.0.1
[Fri Jul 25 08:42:13.381792 2025] [proxy:error] [pid 13744:tid 13744] (111)Connection refused: AH00957: http: attempt to connect to 127.0.0.1:2079 (127.0.0.1:2079) failed
[Fri Jul 25 08:42:13.381841 2025] [proxy_http:error] [pid 13744:tid 13744] [client 185.177.72.12:9792] AH01114: HTTP: failed to make connection to backend: 127.0.0.1
[Fri Jul 25 08:42:13.381904 2025] [proxy:error] [pid 13744:tid 13744] (111)Connection refused: AH00957: http: attempt to connect to 127.0.0.1:2079 (127.0.0.1:2079) failed
[Fri Jul 25 08:42:13.381909 2025] [proxy_http:error] [pid 13744:tid 13744] [client 185.177.72.12:9792] AH01114: HTTP: failed to make connection to backend: 127.0.0.1
[Fri Jul 25 08:42:14.614129 2025] [core:error] [pid 12624:tid 12624] (13)Permission denied: [client 185.191.171.5:63664] AH00132: file permissions deny server access: /home/wangshei/public_html/upload/ALFA_DATA/cgialfa/alfasymlink/alfaperl.txt/etc/selinux/targeted/semanage.read.LOCK
[Fri Jul 25 08:42:15.541643 2025] [core:error] [pid 13781:tid 13781] (13)Permission denied: [client 207.46.13.9:51484] AH00132: file permissions deny server access: /home/plittle/public_html/uploads/ALFA_DATA/alfasymlink/root/sys/devices/platform/Fixed MDIO bus.0/mdio_bus/fixed-0/device/subsystem/devices/PNP0800:00/firmware_node/physical_node/subsystem/drivers/i8042/i8042/serio1/subsystem/devices/serio0/input/input2/device/subsystem/devices/serio0/input/input2/subsystem/input0/device/subsystem/devices/LNXCPU:03/physical_node/driver/uevent
[Fri Jul 25 08:42:22.905523 2025] [ssl:error] [pid 12606:tid 12606] (70014)End of file found: [client 20.171.207.17:55284] AH02013: coalesce failed to read from data bucket
[Fri Jul 25 08:42:23.061303 2025] [core:error] [pid 12624:tid 12624] (13)Permission denied: [client 23.21.179.27:27938] AH00132: file permissions deny server access: /home/plittle/public_html/uploads/ALFA_DATA/alfasymlink/root/sys/kernel/slab/ext4_prealloc_space/cpu_slabs
[Fri Jul 25 08:42:24.063778 2025] [proxy:error] [pid 13778:tid 13778] (111)Connection refused: AH00957: http: attempt to connect to 127.0.0.1:2079 (127.0.0.1:2079) failed
[Fri Jul 25 08:42:24.063809 2025] [proxy_http:error] [pid 13778:tid 13778] [client 185.177.72.12:33908] AH01114: HTTP: failed to make connection to backend: 127.0.0.1
[Fri Jul 25 08:42:24.063869 2025] [proxy:error] [pid 13778:tid 13778] (111)Connection refused: AH00957: http: attempt to connect to 127.0.0.1:2079 (127.0.0.1:2079) failed
[Fri Jul 25 08:42:24.063874 2025] [proxy_http:error] [pid 13778:tid 13778] [client 185.177.72.12:33908] AH01114: HTTP: failed to make connection to backend: 127.0.0.1
[Fri Jul 25 08:42:25.324152 2025] [core:error] [pid 13781:tid 13781] (13)Permission denied: [client 47.79.205.24:28120] AH00132: file permissions deny server access: /home/plittle/public_html/uploads/ALFA_DATA/alfasymlink/root/proc/6935/environ, referer: https://www.google.com/
[Fri Jul 25 08:42:27.410574 2025] [cgi:error] [pid 13778:tid 13778] [client 205.210.31.165:60080] AH01215: stderr from /usr/local/cpanel/cgi-sys/defaultwebpage.cgi: 403 (Forbidden): 403 Forbidden
[Fri Jul 25 08:42:27.410678 2025] [cgi:error] [pid 13778:tid 13778] [client 205.210.31.165:60080] AH01215: stderr from /usr/local/cpanel/cgi-sys/defaultwebpage.cgi: Executing in an invalid environment for the supplied user at /usr/local/cpanel/Cpanel/CGI/NoForm.pm line 157.
[Fri Jul 25 08:42:29.941597 2025] [ssl:error] [pid 13744:tid 13744] (70014)End of file found: [client 20.171.207.26:43226] AH02013: coalesce failed to read from data bucket
[Fri Jul 25 08:42:32.501625 2025] [proxy:error] [pid 12606:tid 12606] (111)Connection refused: AH00957: http: attempt to connect to 127.0.0.1:2079 (127.0.0.1:2079) failed
[Fri Jul 25 08:42:32.501695 2025] [proxy_http:error] [pid 12606:tid 12606] [client 185.177.72.12:30890] AH01114: HTTP: failed to make connection to backend: 127.0.0.1
[Fri Jul 25 08:42:32.501760 2025] [proxy:error] [pid 12606:tid 12606] (111)Connection refused: AH00957: http: attempt to connect to 127.0.0.1:2079 (127.0.0.1:2079) failed
[Fri Jul 25 08:42:32.501766 2025] [proxy_http:error] [pid 12606:tid 12606] [client 185.177.72.12:30890] AH01114: HTTP: failed to make connection to backend: 127.0.0.1
[Fri Jul 25 08:42:36.039320 2025] [core:error] [pid 13779:tid 13779] (13)Permission denied: [client 85.208.96.210:17228] AH00132: file permissions deny server access: /home/wangshei/public_html/upload/ALFA_DATA/cgialfa/alfasymlink/alfaperl.txt/proc/37/net/ip_tables_names
[Fri Jul 25 08:42:46.241809 2025] [core:error] [pid 10572:tid 10572] (13)Permission denied: [client 47.79.193.180:1192] AH00132: file permissions deny server access: /home/plittle/public_html/uploads/ALFA_DATA/alfasymlink/root/proc/21184/smaps, referer: https://www.google.com/
[Fri Jul 25 08:42:47.535827 2025] [core:error] [pid 12625:tid 12625] (13)Permission denied: [client 47.79.201.55:57677] AH00132: file permissions deny server access: /home/plittle/public_html/uploads/ALFA_DATA/alfasymlink/root/proc/19051/numa_maps, referer: https://www.google.com/
[Fri Jul 25 08:42:48.683947 2025] [proxy:error] [pid 12624:tid 12624] (111)Connection refused: AH00957: http: attempt to connect to 127.0.0.1:2079 (127.0.0.1:2079) failed
[Fri Jul 25 08:42:48.683985 2025] [proxy_http:error] [pid 12624:tid 12624] [client 185.177.72.12:60934] AH01114: HTTP: failed to make connection to backend: 127.0.0.1
[Fri Jul 25 08:42:48.684046 2025] [proxy:error] [pid 12624:tid 12624] (111)Connection refused: AH00957: http: attempt to connect to 127.0.0.1:2079 (127.0.0.1:2079) failed
[Fri Jul 25 08:42:48.684052 2025] [proxy_http:error] [pid 12624:tid 12624] [client 185.177.72.12:60934] AH01114: HTTP: failed to make connection to backend: 127.0.0.1
[Fri Jul 25 08:42:49.575497 2025] [proxy:error] [pid 11568:tid 11568] (111)Connection refused: AH00957: http: attempt to connect to 127.0.0.1:2079 (127.0.0.1:2079) failed
[Fri Jul 25 08:42:49.575529 2025] [proxy_http:error] [pid 11568:tid 11568] [client 185.177.72.12:60954] AH01114: HTTP: failed to make connection to backend: 127.0.0.1
[Fri Jul 25 08:42:49.575598 2025] [proxy:error] [pid 11568:tid 11568] (111)Connection refused: AH00957: http: attempt to connect to 127.0.0.1:2079 (127.0.0.1:2079) failed
[Fri Jul 25 08:42:49.575603 2025] [proxy_http:error] [pid 11568:tid 11568] [client 185.177.72.12:60954] AH01114: HTTP: failed to make connection to backend: 127.0.0.1
[Fri Jul 25 08:42:54.200367 2025] [core:error] [pid 10572:tid 10572] (13)Permission denied: [client 100.29.164.178:18258] AH00132: file permissions deny server access: /home/plittle/public_html/uploads/ALFA_DATA/alfasymlink/root/sys/kernel/slab/sgpool-128/cpu_slabs
[Fri Jul 25 08:42:56.144820 2025] [proxy:error] [pid 13662:tid 13662] (111)Connection refused: AH00957: http: attempt to connect to 127.0.0.1:2079 (127.0.0.1:2079) failed
[Fri Jul 25 08:42:56.144868 2025] [proxy_http:error] [pid 13662:tid 13662] [client 185.177.72.12:27752] AH01114: HTTP: failed to make connection to backend: 127.0.0.1
[Fri Jul 25 08:42:56.144932 2025] [proxy:error] [pid 13662:tid 13662] (111)Connection refused: AH00957: http: attempt to connect to 127.0.0.1:2079 (127.0.0.1:2079) failed
[Fri Jul 25 08:42:56.144938 2025] [proxy_http:error] [pid 13662:tid 13662] [client 185.177.72.12:27752] AH01114: HTTP: failed to make connection to backend: 127.0.0.1
[Fri Jul 25 08:43:00.167529 2025] [core:error] [pid 12625:tid 12625] (13)Permission denied: [client 85.208.96.202:37292] AH00132: file permissions deny server access: /home/plittle/public_html/uploads/ALFA_DATA/alfasymlink/root/proc/7919/auxv
[Fri Jul 25 08:43:05.317868 2025] [core:error] [pid 12609:tid 12609] (13)Permission denied: [client 47.79.206.248:1699] AH00132: file permissions deny server access: /home/plittle/public_html/uploads/ALFA_DATA/alfasymlink/root/proc/17730/auxv, referer: https://www.google.com/
[Fri Jul 25 08:43:06.466489 2025] [proxy:error] [pid 13781:tid 13781] (111)Connection refused: AH00957: http: attempt to connect to 127.0.0.1:2079 (127.0.0.1:2079) failed
[Fri Jul 25 08:43:06.466520 2025] [proxy_http:error] [pid 13781:tid 13781] [client 185.177.72.12:22260] AH01114: HTTP: failed to make connection to backend: 127.0.0.1
[Fri Jul 25 08:43:06.466596 2025] [proxy:error] [pid 13781:tid 13781] (111)Connection refused: AH00957: http: attempt to connect to 127.0.0.1:2079 (127.0.0.1:2079) failed
[Fri Jul 25 08:43:06.466602 2025] [proxy_http:error] [pid 13781:tid 13781] [client 185.177.72.12:22260] AH01114: HTTP: failed to make connection to backend: 127.0.0.1
[Fri Jul 25 08:43:07.315894 2025] [proxy:error] [pid 12625:tid 12625] (111)Connection refused: AH00957: http: attempt to connect to 127.0.0.1:2079 (127.0.0.1:2079) failed
[Fri Jul 25 08:43:07.315928 2025] [proxy_http:error] [pid 12625:tid 12625] [client 185.177.72.12:22274] AH01114: HTTP: failed to make connection to backend: 127.0.0.1
[Fri Jul 25 08:43:07.316001 2025] [proxy:error] [pid 12625:tid 12625] (111)Connection refused: AH00957: http: attempt to connect to 127.0.0.1:2079 (127.0.0.1:2079) failed
[Fri Jul 25 08:43:07.316007 2025] [proxy_http:error] [pid 12625:tid 12625] [client 185.177.72.12:22274] AH01114: HTTP: failed to make connection to backend: 127.0.0.1
[Fri Jul 25 08:43:14.013729 2025] [core:error] [pid 13781:tid 13781] (13)Permission denied: [client 85.208.96.208:10394] AH00132: file permissions deny server access: /home/plittle/public_html/uploads/ALFA_DATA/alfasymlink/root/proc/383/net/ip6_tables_matches
[Fri Jul 25 08:43:15.654819 2025] [proxy:error] [pid 12624:tid 12624] (111)Connection refused: AH00957: http: attempt to connect to 127.0.0.1:2079 (127.0.0.1:2079) failed
[Fri Jul 25 08:43:15.654853 2025] [proxy_http:error] [pid 12624:tid 12624] [client 185.177.72.12:21234] AH01114: HTTP: failed to make connection to backend: 127.0.0.1
[Fri Jul 25 08:43:15.654928 2025] [proxy:error] [pid 12624:tid 12624] (111)Connection refused: AH00957: http: attempt to connect to 127.0.0.1:2079 (127.0.0.1:2079) failed
[Fri Jul 25 08:43:15.654934 2025] [proxy_http:error] [pid 12624:tid 12624] [client 185.177.72.12:21234] AH01114: HTTP: failed to make connection to backend: 127.0.0.1
[Fri Jul 25 08:43:17.400269 2025] [authz_core:error] [pid 12609:tid 12609] [client 18.225.10.186:41252] AH01630: client denied by server configuration: /home/jdyoung/public_html/php.ini
[Fri Jul 25 08:43:17.593116 2025] [core:error] [pid 12625:tid 12625] (13)Permission denied: [client 44.217.255.167:2064] AH00132: file permissions deny server access: /home/plittle/public_html/uploads/ALFA_DATA/alfasymlink/root/sys/kernel/slab/anon_vma/poison
[Fri Jul 25 08:43:18.050518 2025] [authz_core:error] [pid 12609:tid 12609] [client 18.225.10.186:41252] AH01630: client denied by server configuration: /home/jdyoung/public_html/php.ini
[Fri Jul 25 08:43:20.132160 2025] [core:error] [pid 12624:tid 12624] (13)Permission denied: [client 85.208.96.200:45514] AH00132: file permissions deny server access: /home/wangshei/public_html/upload/ALFA_DATA/cgialfa/alfasymlink/alfaperl.txt/proc/9328/clear_refs
[Fri Jul 25 08:43:20.598012 2025] [core:error] [pid 13778:tid 13778] (13)Permission denied: [client 47.79.216.27:51944] AH00132: file permissions deny server access: /home/plittle/public_html/uploads/ALFA_DATA/alfasymlink/root/proc/1552/patch_state, referer: https://www.google.com/
[Fri Jul 25 08:43:22.341717 2025] [core:error] [pid 12625:tid 12625] (13)Permission denied: [client 185.191.171.19:23506] AH00132: file permissions deny server access: /home/plittle/public_html/uploads/ALFA_DATA/alfasymlink/root/var/imunify360/imunify360.db
[Fri Jul 25 08:43:24.277189 2025] [proxy:error] [pid 12625:tid 12625] (111)Connection refused: AH00957: http: attempt to connect to 127.0.0.1:2079 (127.0.0.1:2079) failed
[Fri Jul 25 08:43:24.277221 2025] [proxy_http:error] [pid 12625:tid 12625] [client 185.177.72.12:6826] AH01114: HTTP: failed to make connection to backend: 127.0.0.1
[Fri Jul 25 08:43:24.277277 2025] [proxy:error] [pid 12625:tid 12625] (111)Connection refused: AH00957: http: attempt to connect to 127.0.0.1:2079 (127.0.0.1:2079) failed
[Fri Jul 25 08:43:24.277282 2025] [proxy_http:error] [pid 12625:tid 12625] [client 185.177.72.12:6826] AH01114: HTTP: failed to make connection to backend: 127.0.0.1
[Fri Jul 25 08:43:25.570859 2025] [autoindex:error] [pid 10552:tid 10552] (13)Permission denied: [client 47.79.206.69:1110] AH01275: Can't open directory for index: /home/plittle/public_html/uploads/ALFA_DATA/alfasymlink/root/proc/19424/ns/, referer: https://www.google.com/
[Fri Jul 25 08:43:27.188530 2025] [core:error] [pid 12625:tid 12625] (13)Permission denied: [client 185.191.171.13:56816] AH00132: file permissions deny server access: /home/plittle/public_html/uploads/ALFA_DATA/alfasymlink/root/sys/kernel/slab/uid_cache/aliases
[Fri Jul 25 08:43:32.778627 2025] [ssl:error] [pid 11953:tid 11953] (70014)End of file found: [client 20.171.207.26:37432] AH02013: coalesce failed to read from data bucket
[Fri Jul 25 08:43:33.861931 2025] [proxy:error] [pid 13781:tid 13781] (111)Connection refused: AH00957: http: attempt to connect to 127.0.0.1:2079 (127.0.0.1:2079) failed
[Fri Jul 25 08:43:33.861965 2025] [proxy_http:error] [pid 13781:tid 13781] [client 185.177.72.12:54174] AH01114: HTTP: failed to make connection to backend: 127.0.0.1
[Fri Jul 25 08:43:33.862028 2025] [proxy:error] [pid 13781:tid 13781] (111)Connection refused: AH00957: http: attempt to connect to 127.0.0.1:2079 (127.0.0.1:2079) failed
[Fri Jul 25 08:43:33.862033 2025] [proxy_http:error] [pid 13781:tid 13781] [client 185.177.72.12:54174] AH01114: HTTP: failed to make connection to backend: 127.0.0.1
[Fri Jul 25 08:43:34.470654 2025] [proxy:error] [pid 10552:tid 10552] (111)Connection refused: AH00957: http: attempt to connect to 127.0.0.1:2079 (127.0.0.1:2079) failed
[Fri Jul 25 08:43:34.470696 2025] [proxy_http:error] [pid 10552:tid 10552] [client 185.177.72.12:54184] AH01114: HTTP: failed to make connection to backend: 127.0.0.1
[Fri Jul 25 08:43:34.470757 2025] [proxy:error] [pid 10552:tid 10552] (111)Connection refused: AH00957: http: attempt to connect to 127.0.0.1:2079 (127.0.0.1:2079) failed
[Fri Jul 25 08:43:34.470762 2025] [proxy_http:error] [pid 10552:tid 10552] [client 185.177.72.12:54184] AH01114: HTTP: failed to make connection to backend: 127.0.0.1
[Fri Jul 25 08:43:39.381602 2025] [core:error] [pid 12609:tid 12609] (13)Permission denied: [client 185.191.171.1:13332] AH00132: file permissions deny server access: /home/plittle/public_html/uploads/ALFA_DATA/alfasymlink/root/proc/self/root/etc/userips
[Fri Jul 25 08:43:41.408596 2025] [authz_core:error] [pid 12624:tid 12624] [client 40.77.167.79:46999] AH01630: client denied by server configuration: /home/meivey/public_html/acad274/php.ini
[Fri Jul 25 08:43:43.358827 2025] [proxy:error] [pid 12625:tid 12625] (111)Connection refused: AH00957: http: attempt to connect to 127.0.0.1:2079 (127.0.0.1:2079) failed
