[Fri Jul 25 11:51:28.982229 2025] [ssl:error] [pid 19635:tid 19635] (70014)End of file found: [client 54.163.136.244:38373] AH02013: coalesce failed to read from data bucket
[Fri Jul 25 11:51:35.714159 2025] [ssl:error] [pid 14732:tid 14732] (70014)End of file found: [client 40.77.167.157:62651] AH02013: coalesce failed to read from data bucket
[Fri Jul 25 11:51:38.532424 2025] [authz_core:error] [pid 15828:tid 15828] [client 188.166.225.158:60411] AH01630: client denied by server configuration: /home/bmflora/public_html/php.ini, referer: mail.bmdadvisory.co/blog//wp-login.php
[Fri Jul 25 11:51:38.745126 2025] [proxy_fcgi:error] [pid 15828:tid 15828] [client 188.166.225.158:60411] AH01071: Got error 'Primary script unknown', referer: mail.bmdadvisory.co/blog//wp-login.php
[Fri Jul 25 11:51:46.644667 2025] [authz_core:error] [pid 19635:tid 19635] [client 185.247.137.109:39761] AH01630: client denied by server configuration: /home/bkazim/public_html/php.ini
[Fri Jul 25 11:52:08.860322 2025] [ssl:error] [pid 19856:tid 19856] (70014)End of file found: [client 20.171.207.6:52922] AH02013: coalesce failed to read from data bucket
[Fri Jul 25 11:52:14.526943 2025] [ssl:error] [pid 15539:tid 15539] (70014)End of file found: [client 157.55.39.15:2601] AH02013: coalesce failed to read from data bucket
[Fri Jul 25 11:52:18.390280 2025] [core:error] [pid 19856:tid 19856] (13)Permission denied: [client 47.79.206.69:20976] AH00132: file permissions deny server access: /home/plittle/public_html/uploads/ALFA_DATA/alfasymlink/root/proc/7356/smaps, referer: https://www.google.com/
[Fri Jul 25 11:52:19.402345 2025] [ssl:error] [pid 15525:tid 15525] (70014)End of file found: [client 40.77.167.157:62625] AH02013: coalesce failed to read from data bucket
[Fri Jul 25 11:52:19.541814 2025] [core:error] [pid 15828:tid 15828] (13)Permission denied: [client 47.79.203.132:59108] AH00132: file permissions deny server access: /home/plittle/public_html/uploads/ALFA_DATA/alfasymlink/root/proc/7356/smaps, referer: https://www.google.com/
[Fri Jul 25 11:52:19.711410 2025] [core:error] [pid 15555:tid 15555] (13)Permission denied: [client 85.208.96.193:20068] AH00132: file permissions deny server access: /home/plittle/public_html/uploads/ALFA_DATA/alfasymlink/root/proc/761/net/nf_conntrack
[Fri Jul 25 11:52:38.137196 2025] [core:error] [pid 14773:tid 14773] (13)Permission denied: [client 18.211.39.188:35841] AH00132: file permissions deny server access: /home/plittle/public_html/uploads/ALFA_DATA/alfasymlink/root/sys/kernel/slab/:t-0000192/object_size
[Fri Jul 25 11:52:46.262360 2025] [ssl:error] [pid 20616:tid 20616] (70014)End of file found: [client 18.204.152.114:20326] AH02013: coalesce failed to read from data bucket
[Fri Jul 25 11:52:49.142048 2025] [ssl:error] [pid 12997:tid 12997] (70014)End of file found: [client 20.171.207.87:54956] AH02013: coalesce failed to read from data bucket
[Fri Jul 25 11:53:10.342724 2025] [ssl:error] [pid 15525:tid 15525] (70014)End of file found: [client 20.171.207.6:49680] AH02013: coalesce failed to read from data bucket
[Fri Jul 25 11:53:14.343107 2025] [proxy:error] [pid 15539:tid 15539] (111)Connection refused: AH00957: http: attempt to connect to 127.0.0.1:2079 (127.0.0.1:2079) failed
[Fri Jul 25 11:53:14.343147 2025] [proxy_http:error] [pid 15539:tid 15539] [client 198.235.24.40:59884] AH01114: HTTP: failed to make connection to backend: 127.0.0.1
[Fri Jul 25 11:53:14.343226 2025] [proxy:error] [pid 15539:tid 15539] (111)Connection refused: AH00957: http: attempt to connect to 127.0.0.1:2079 (127.0.0.1:2079) failed
[Fri Jul 25 11:53:14.343233 2025] [proxy_http:error] [pid 15539:tid 15539] [client 198.235.24.40:59884] AH01114: HTTP: failed to make connection to backend: 127.0.0.1
[Fri Jul 25 11:53:15.303124 2025] [core:error] [pid 20616:tid 20616] (13)Permission denied: [client 54.85.7.119:2336] AH00132: file permissions deny server access: /home/plittle/public_html/uploads/ALFA_DATA/alfasymlink/root/sys/kernel/slab/RAW/trace
[Fri Jul 25 11:53:54.982001 2025] [ssl:error] [pid 15842:tid 15842] (70014)End of file found: [client 20.171.207.87:46860] AH02013: coalesce failed to read from data bucket
[Fri Jul 25 11:54:02.246162 2025] [ssl:error] [pid 14773:tid 14773] (70014)End of file found: [client 34.224.9.144:6261] AH02013: coalesce failed to read from data bucket
[Fri Jul 25 11:54:12.531048 2025] [ssl:error] [pid 20616:tid 20616] (70014)End of file found: [client 52.2.83.227:63931] AH02013: coalesce failed to read from data bucket
[Fri Jul 25 11:54:13.978358 2025] [ssl:error] [pid 15555:tid 15555] (70014)End of file found: [client 20.171.207.6:36890] AH02013: coalesce failed to read from data bucket
[Fri Jul 25 11:54:24.553504 2025] [ssl:error] [pid 15555:tid 15555] (70014)End of file found: [client 157.55.39.15:2607] AH02013: coalesce failed to read from data bucket
[Fri Jul 25 11:54:40.751342 2025] [core:error] [pid 15828:tid 15828] (13)Permission denied: [client 185.191.171.19:53532] AH00132: file permissions deny server access: /home/plittle/public_html/uploads/ALFA_DATA/alfasymlink/root/proc/350/net/nf_conntrack
[Fri Jul 25 11:54:40.902623 2025] [core:crit] [pid 20604:tid 20604] (13)Permission denied: [client 47.79.194.178:17639] AH00529: /home/plittle/public_html/uploads/ALFA_DATA/alfasymlink/root/proc/1485/fd/.htaccess pcfg_openfile: unable to check htaccess file, ensure it is readable and that '/home/plittle/public_html/uploads/ALFA_DATA/alfasymlink/root/proc/1485/fd/' is executable, referer: https://www.google.com/
[Fri Jul 25 11:54:40.902677 2025] [core:crit] [pid 20604:tid 20604] (13)Permission denied: [client 47.79.194.178:17639] AH00529: /home/plittle/public_html/uploads/ALFA_DATA/alfasymlink/root/proc/1485/map_files/.htaccess pcfg_openfile: unable to check htaccess file, ensure it is readable and that '/home/plittle/public_html/uploads/ALFA_DATA/alfasymlink/root/proc/1485/map_files/' is executable, referer: https://www.google.com/
[Fri Jul 25 11:54:40.902693 2025] [core:crit] [pid 20604:tid 20604] (13)Permission denied: [client 47.79.194.178:17639] AH00529: /home/plittle/public_html/uploads/ALFA_DATA/alfasymlink/root/proc/1485/fdinfo/.htaccess pcfg_openfile: unable to check htaccess file, ensure it is readable and that '/home/plittle/public_html/uploads/ALFA_DATA/alfasymlink/root/proc/1485/fdinfo/' is executable, referer: https://www.google.com/
[Fri Jul 25 11:54:48.799494 2025] [core:error] [pid 15828:tid 15828] (13)Permission denied: [client 20.171.207.93:53472] AH00132: file permissions deny server access: /home/plittle/public_html/uploads/ALFA_DATA/alfasymlink/root/proc/self/cwd/sys/devices/pci0000:00/firmware_node/device:ad/subsystem/devices/LNXCPU:00/thermal_cooling/device/physical_node/node0/memory43/node0/cpu2/driver/cpu3/driver/cpu1/driver/cpu0/node0/compact
[Fri Jul 25 11:54:50.541048 2025] [core:error] [pid 20604:tid 20604] (13)Permission denied: [client 47.79.201.221:44811] AH00132: file permissions deny server access: /home/plittle/public_html/uploads/ALFA_DATA/alfasymlink/root/proc/8589/smaps, referer: https://www.google.com/
[Fri Jul 25 11:54:58.371319 2025] [core:error] [pid 15828:tid 15828] (13)Permission denied: [client 23.21.227.240:43263] AH00132: file permissions deny server access: /home/plittle/public_html/uploads/ALFA_DATA/alfasymlink/root/sys/devices/system/cpu/cpu2/driver/cpu3/firmware_node/physical_node/firmware_node/physical_node/firmware_node/physical_node/firmware_node/physical_node/driver/cpu0/driver/unbind
[Fri Jul 25 11:55:14.340242 2025] [ssl:error] [pid 15555:tid 15555] (70014)End of file found: [client 107.20.25.33:54953] AH02013: coalesce failed to read from data bucket
[Fri Jul 25 11:55:17.250209 2025] [ssl:error] [pid 19856:tid 19856] (70014)End of file found: [client 20.171.207.6:39718] AH02013: coalesce failed to read from data bucket
[Fri Jul 25 11:55:29.416695 2025] [ssl:error] [pid 21230:tid 21230] (70014)End of file found: [client 157.55.39.59:47690] AH02013: coalesce failed to read from data bucket
[Fri Jul 25 11:55:38.674812 2025] [proxy:error] [pid 22333:tid 22333] (111)Connection refused: AH00957: http: attempt to connect to 127.0.0.1:2079 (127.0.0.1:2079) failed
[Fri Jul 25 11:55:38.674860 2025] [proxy_http:error] [pid 22333:tid 22333] [client 205.210.31.41:65016] AH01114: HTTP: failed to make connection to backend: 127.0.0.1
[Fri Jul 25 11:55:38.674928 2025] [proxy:error] [pid 22333:tid 22333] (111)Connection refused: AH00957: http: attempt to connect to 127.0.0.1:2079 (127.0.0.1:2079) failed
[Fri Jul 25 11:55:38.674934 2025] [proxy_http:error] [pid 22333:tid 22333] [client 205.210.31.41:65016] AH01114: HTTP: failed to make connection to backend: 127.0.0.1
[Fri Jul 25 11:55:41.704979 2025] [core:error] [pid 21373:tid 21373] (13)Permission denied: [client 47.79.197.80:10641] AH00132: file permissions deny server access: /home/plittle/public_html/uploads/ALFA_DATA/alfasymlink/root/proc/8589/smaps, referer: https://www.google.com/
[Fri Jul 25 11:55:55.224863 2025] [authz_core:error] [pid 14773:tid 14773] [client 104.152.52.213:52527] AH01630: client denied by server configuration: /home/bmflora/public_html/php.ini
[Fri Jul 25 11:56:17.542021 2025] [ssl:error] [pid 21373:tid 21373] (70014)End of file found: [client 20.171.207.6:49408] AH02013: coalesce failed to read from data bucket
[Fri Jul 25 11:56:29.706711 2025] [proxy:error] [pid 23213:tid 23213] (111)Connection refused: AH00957: http: attempt to connect to 127.0.0.1:2079 (127.0.0.1:2079) failed
[Fri Jul 25 11:56:29.706792 2025] [proxy_http:error] [pid 23213:tid 23213] [client 198.235.24.218:60824] AH01114: HTTP: failed to make connection to backend: 127.0.0.1
[Fri Jul 25 11:56:29.706879 2025] [proxy:error] [pid 23213:tid 23213] (111)Connection refused: AH00957: http: attempt to connect to 127.0.0.1:2079 (127.0.0.1:2079) failed
[Fri Jul 25 11:56:29.706885 2025] [proxy_http:error] [pid 23213:tid 23213] [client 198.235.24.218:60824] AH01114: HTTP: failed to make connection to backend: 127.0.0.1
[Fri Jul 25 11:56:32.043480 2025] [proxy:error] [pid 14732:tid 14732] (111)Connection refused: AH00957: http: attempt to connect to 127.0.0.1:2079 (127.0.0.1:2079) failed
[Fri Jul 25 11:56:32.043515 2025] [proxy_http:error] [pid 14732:tid 14732] [client 198.235.24.140:61710] AH01114: HTTP: failed to make connection to backend: 127.0.0.1
[Fri Jul 25 11:56:32.043573 2025] [proxy:error] [pid 14732:tid 14732] (111)Connection refused: AH00957: http: attempt to connect to 127.0.0.1:2079 (127.0.0.1:2079) failed
[Fri Jul 25 11:56:32.043578 2025] [proxy_http:error] [pid 14732:tid 14732] [client 198.235.24.140:61710] AH01114: HTTP: failed to make connection to backend: 127.0.0.1
[Fri Jul 25 11:56:34.564588 2025] [ssl:error] [pid 21230:tid 21230] (70014)End of file found: [client 44.216.172.204:31339] AH02013: coalesce failed to read from data bucket
[Fri Jul 25 11:57:09.942178 2025] [ssl:error] [pid 23264:tid 23264] (70014)End of file found: [client 44.196.118.6:9678] AH02013: coalesce failed to read from data bucket
[Fri Jul 25 11:57:23.381995 2025] [ssl:error] [pid 14773:tid 14773] (70014)End of file found: [client 20.171.207.6:40086] AH02013: coalesce failed to read from data bucket
[Fri Jul 25 11:57:35.402408 2025] [ssl:error] [pid 23285:tid 23285] (70014)End of file found: [client 207.46.13.150:6250] AH02013: coalesce failed to read from data bucket
[Fri Jul 25 11:57:46.321397 2025] [ssl:error] [pid 23279:tid 23279] (70014)End of file found: [client 52.73.6.26:42035] AH02013: coalesce failed to read from data bucket
[Fri Jul 25 11:57:57.560236 2025] [authz_core:error] [pid 20616:tid 20616] [client 104.152.52.157:34955] AH01630: client denied by server configuration: /home/rala/public_html/php.ini
[Fri Jul 25 11:58:27.003171 2025] [ssl:error] [pid 23259:tid 23259] (70014)End of file found: [client 20.171.207.6:56952] AH02013: coalesce failed to read from data bucket
[Fri Jul 25 11:58:33.766466 2025] [core:error] [pid 15842:tid 15842] (13)Permission denied: [client 34.194.165.45:56598] AH00132: file permissions deny server access: /home/plittle/public_html/uploads/ALFA_DATA/alfasymlink/root/sys/bus/cpu/devices/cpu2/driver/cpu2/firmware_node/physical_node/firmware_node/physical_node/firmware_node/physical_node/firmware_node/physical_node/crash_notes
[Fri Jul 25 11:58:58.822206 2025] [ssl:error] [pid 20616:tid 20616] (70014)End of file found: [client 34.225.24.180:21822] AH02013: coalesce failed to read from data bucket
[Fri Jul 25 11:59:10.352344 2025] [ssl:error] [pid 23264:tid 23264] (70014)End of file found: [client 20.171.207.87:48166] AH02013: coalesce failed to read from data bucket
[Fri Jul 25 11:59:19.382236 2025] [ssl:error] [pid 15555:tid 15555] (70014)End of file found: [client 34.224.132.215:37254] AH02013: coalesce failed to read from data bucket
[Fri Jul 25 11:59:24.022667 2025] [ssl:error] [pid 20616:tid 20616] (70014)End of file found: [client 3.89.170.186:51797] AH02013: coalesce failed to read from data bucket
[Fri Jul 25 11:59:31.702442 2025] [ssl:error] [pid 23259:tid 23259] (70014)End of file found: [client 20.171.207.6:52014] AH02013: coalesce failed to read from data bucket
[Fri Jul 25 11:59:49.647069 2025] [core:error] [pid 23264:tid 23264] (13)Permission denied: [client 3.232.102.111:16955] AH00132: file permissions deny server access: /home/plittle/public_html/uploads/ALFA_DATA/alfasymlink/root/sys/kernel/slab/:t-0000248/object_size
[Fri Jul 25 12:00:16.550548 2025] [ssl:error] [pid 24141:tid 24141] (70014)End of file found: [client 207.46.13.150:6245] AH02013: coalesce failed to read from data bucket
[Fri Jul 25 12:00:19.192213 2025] [ssl:error] [pid 25720:tid 25720] (70014)End of file found: [client 52.0.63.151:63111] AH02013: coalesce failed to read from data bucket
[Fri Jul 25 12:00:21.002132 2025] [ssl:error] [pid 25887:tid 25887] (70014)End of file found: [client 40.77.167.22:4165] AH02013: coalesce failed to read from data bucket
[Fri Jul 25 12:00:59.542550 2025] [ssl:error] [pid 24800:tid 24800] (70014)End of file found: [client 157.55.39.59:47696] AH02013: coalesce failed to read from data bucket
[Fri Jul 25 12:01:05.789423 2025] [core:error] [pid 15842:tid 15842] (13)Permission denied: [client 85.208.96.198:19388] AH00132: file permissions deny server access: /home/plittle/public_html/uploads/ALFA_DATA/alfasymlink/root/proc/634/net/ip_tables_matches
[Fri Jul 25 12:01:10.743632 2025] [ssl:error] [pid 24141:tid 24141] (70014)End of file found: [client 20.171.207.87:41796] AH02013: coalesce failed to read from data bucket
[Fri Jul 25 12:01:27.199503 2025] [core:error] [pid 23218:tid 23218] (13)Permission denied: [client 185.191.171.15:41556] AH00132: file permissions deny server access: /home/plittle/public_html/uploads/ALFA_DATA/alfasymlink/root/proc/1303/net/nf_conntrack_expect
[Fri Jul 25 12:01:30.958587 2025] [proxy_fcgi:error] [pid 23264:tid 23264] [client 188.166.225.158:63855] AH01071: Got error 'Primary script unknown', referer: https://mail.mrt-vt.ru//wp-login.php
[Fri Jul 25 12:01:35.221125 2025] [proxy_fcgi:error] [pid 23264:tid 23264] [client 188.166.225.158:51030] AH01071: Got error 'Primary script unknown', referer: mail.icj.ntb.mybluehost.me/blog//wp-login.php
[Fri Jul 25 12:01:47.883753 2025] [ssl:error] [pid 26518:tid 26518] (70014)End of file found: [client 40.77.167.22:11284] AH02013: coalesce failed to read from data bucket
[Fri Jul 25 12:01:59.345346 2025] [core:error] [pid 23862:tid 23862] (13)Permission denied: [client 157.55.39.59:47700] AH00132: file permissions deny server access: /home/plittle/public_html/uploads/ALFA_DATA/alfasymlink/root/sys/devices/platform/Fixed MDIO bus.0/mdio_bus/fixed-0/device/subsystem/devices/PNP0800:00/firmware_node/physical_node/subsystem/drivers/i8042/i8042/serio1/subsystem/devices/serio0/input/input2/device/subsystem/devices/serio0/input/input2/subsystem/input0/device/driver/LNXSLPBN:00/subsystem/drivers/pvpanic/uevent
[Fri Jul 25 12:02:13.782813 2025] [ssl:error] [pid 25887:tid 25887] (70014)End of file found: [client 20.171.207.87:47636] AH02013: coalesce failed to read from data bucket
[Fri Jul 25 12:02:30.405501 2025] [core:error] [pid 25887:tid 25887] (13)Permission denied: [client 85.208.96.211:32684] AH00132: file permissions deny server access: /home/plittle/public_html/uploads/ALFA_DATA/alfasymlink/root/proc/5904/net/ip6_tables_matches
[Fri Jul 25 12:02:41.157078 2025] [core:error] [pid 24141:tid 24141] (13)Permission denied: [client 85.208.96.206:55514] AH00132: file permissions deny server access: /home/plittle/public_html/uploads/ALFA_DATA/alfasymlink/root/proc/5788/net/ip_tables_names
[Fri Jul 25 12:02:44.031455 2025] [core:crit] [pid 24141:tid 24141] (13)Permission denied: [client 47.79.201.66:60015] AH00529: /home/plittle/public_html/uploads/ALFA_DATA/alfasymlink/root/proc/4025/fd/.htaccess pcfg_openfile: unable to check htaccess file, ensure it is readable and that '/home/plittle/public_html/uploads/ALFA_DATA/alfasymlink/root/proc/4025/fd/' is executable, referer: https://www.google.com/
[Fri Jul 25 12:02:44.031493 2025] [core:crit] [pid 24141:tid 24141] (13)Permission denied: [client 47.79.201.66:60015] AH00529: /home/plittle/public_html/uploads/ALFA_DATA/alfasymlink/root/proc/4025/map_files/.htaccess pcfg_openfile: unable to check htaccess file, ensure it is readable and that '/home/plittle/public_html/uploads/ALFA_DATA/alfasymlink/root/proc/4025/map_files/' is executable, referer: https://www.google.com/
[Fri Jul 25 12:02:44.031517 2025] [core:crit] [pid 24141:tid 24141] (13)Permission denied: [client 47.79.201.66:60015] AH00529: /home/plittle/public_html/uploads/ALFA_DATA/alfasymlink/root/proc/4025/fdinfo/.htaccess pcfg_openfile: unable to check htaccess file, ensure it is readable and that '/home/plittle/public_html/uploads/ALFA_DATA/alfasymlink/root/proc/4025/fdinfo/' is executable, referer: https://www.google.com/
[Fri Jul 25 12:02:52.765687 2025] [core:error] [pid 23264:tid 23264] (13)Permission denied: [client 185.191.171.8:53086] AH00132: file permissions deny server access: /home/plittle/public_html/uploads/ALFA_DATA/alfasymlink/root/proc/629/net/ip_tables_targets
[Fri Jul 25 12:03:10.642284 2025] [proxy:error] [pid 20616:tid 20616] (111)Connection refused: AH00957: http: attempt to connect to 127.0.0.1:2079 (127.0.0.1:2079) failed
[Fri Jul 25 12:03:10.642320 2025] [proxy_http:error] [pid 20616:tid 20616] [client 198.235.24.132:64162] AH01114: HTTP: failed to make connection to backend: 127.0.0.1
[Fri Jul 25 12:03:10.642381 2025] [proxy:error] [pid 20616:tid 20616] (111)Connection refused: AH00957: http: attempt to connect to 127.0.0.1:2079 (127.0.0.1:2079) failed
[Fri Jul 25 12:03:10.642386 2025] [proxy_http:error] [pid 20616:tid 20616] [client 198.235.24.132:64162] AH01114: HTTP: failed to make connection to backend: 127.0.0.1
[Fri Jul 25 12:03:15.951036 2025] [ssl:error] [pid 25232:tid 25232] (70014)End of file found: [client 20.171.207.87:43794] AH02013: coalesce failed to read from data bucket
[Fri Jul 25 12:03:49.462286 2025] [ssl:error] [pid 23862:tid 23862] (70014)End of file found: [client 54.235.125.129:7432] AH02013: coalesce failed to read from data bucket
[Fri Jul 25 12:03:52.470709 2025] [proxy:error] [pid 28336:tid 28336] (111)Connection refused: AH00957: http: attempt to connect to 127.0.0.1:2079 (127.0.0.1:2079) failed
[Fri Jul 25 12:03:52.470773 2025] [proxy_http:error] [pid 28336:tid 28336] [client 205.210.31.131:59732] AH01114: HTTP: failed to make connection to backend: 127.0.0.1
[Fri Jul 25 12:03:52.470852 2025] [proxy:error] [pid 28336:tid 28336] (111)Connection refused: AH00957: http: attempt to connect to 127.0.0.1:2079 (127.0.0.1:2079) failed
[Fri Jul 25 12:03:52.470858 2025] [proxy_http:error] [pid 28336:tid 28336] [client 205.210.31.131:59732] AH01114: HTTP: failed to make connection to backend: 127.0.0.1
[Fri Jul 25 12:03:55.062041 2025] [ssl:error] [pid 23862:tid 23862] (70014)End of file found: [client 54.84.169.196:54196] AH02013: coalesce failed to read from data bucket
[Fri Jul 25 12:03:56.231115 2025] [core:error] [pid 20934:tid 20934] (13)Permission denied: [client 185.191.171.17:10566] AH00132: file permissions deny server access: /home/plittle/public_html/uploads/ALFA_DATA/alfasymlink/root/proc/466/net/nf_conntrack
[Fri Jul 25 12:04:06.743216 2025] [ssl:error] [pid 25232:tid 25232] (70014)End of file found: [client 52.4.76.156:30555] AH02013: coalesce failed to read from data bucket
[Fri Jul 25 12:04:12.504157 2025] [proxy:error] [pid 28336:tid 28336] (111)Connection refused: AH00957: http: attempt to connect to 127.0.0.1:2079 (127.0.0.1:2079) failed
[Fri Jul 25 12:04:12.504190 2025] [proxy_http:error] [pid 28336:tid 28336] [client 104.152.52.122:44771] AH01114: HTTP: failed to make connection to backend: 127.0.0.1
[Fri Jul 25 12:04:12.504291 2025] [proxy:error] [pid 28336:tid 28336] (111)Connection refused: AH00957: http: attempt to connect to 127.0.0.1:2079 (127.0.0.1:2079) failed
[Fri Jul 25 12:04:12.504299 2025] [proxy_http:error] [pid 28336:tid 28336] [client 104.152.52.122:44771] AH01114: HTTP: failed to make connection to backend: 127.0.0.1
[Fri Jul 25 12:04:12.723002 2025] [proxy:error] [pid 28295:tid 28295] (111)Connection refused: AH00957: http: attempt to connect to 127.0.0.1:2079 (127.0.0.1:2079) failed
[Fri Jul 25 12:04:12.723060 2025] [proxy_http:error] [pid 28295:tid 28295] [client 104.152.52.122:36315] AH01114: HTTP: failed to make connection to backend: 127.0.0.1
[Fri Jul 25 12:04:12.723150 2025] [proxy:error] [pid 28295:tid 28295] (111)Connection refused: AH00957: http: attempt to connect to 127.0.0.1:2079 (127.0.0.1:2079) failed
[Fri Jul 25 12:04:12.723159 2025] [proxy_http:error] [pid 28295:tid 28295] [client 104.152.52.122:36315] AH01114: HTTP: failed to make connection to backend: 127.0.0.1
[Fri Jul 25 12:04:19.549271 2025] [ssl:error] [pid 28306:tid 28306] (70014)End of file found: [client 20.171.207.87:40408] AH02013: coalesce failed to read from data bucket
[Fri Jul 25 12:04:35.025796 2025] [core:error] [pid 28306:tid 28306] (13)Permission denied: [client 52.3.26.180:48678] AH00132: file permissions deny server access: /home/plittle/public_html/uploads/ALFA_DATA/alfasymlink/root/sys/bus/platform/drivers/serial8250/serial8250/driver/serial8250/tty/ttyS3/device/driver/serial8250/driver/uevent
[Fri Jul 25 12:05:01.382031 2025] [proxy:error] [pid 28330:tid 28330] (111)Connection refused: AH00957: http: attempt to connect to 127.0.0.1:2079 (127.0.0.1:2079) failed
[Fri Jul 25 12:05:01.382106 2025] [proxy_http:error] [pid 28330:tid 28330] [client 137.184.8.212:41996] AH01114: HTTP: failed to make connection to backend: 127.0.0.1
[Fri Jul 25 12:05:01.382184 2025] [proxy:error] [pid 28330:tid 28330] (111)Connection refused: AH00957: http: attempt to connect to 127.0.0.1:2079 (127.0.0.1:2079) failed
[Fri Jul 25 12:05:01.382190 2025] [proxy_http:error] [pid 28330:tid 28330] [client 137.184.8.212:41996] AH01114: HTTP: failed to make connection to backend: 127.0.0.1
[Fri Jul 25 12:05:01.542716 2025] [proxy:error] [pid 29220:tid 29220] (111)Connection refused: AH00957: http: attempt to connect to 127.0.0.1:2079 (127.0.0.1:2079) failed
[Fri Jul 25 12:05:01.542784 2025] [proxy_http:error] [pid 29220:tid 29220] [client 137.184.8.212:41998] AH01114: HTTP: failed to make connection to backend: 127.0.0.1
[Fri Jul 25 12:05:01.542868 2025] [proxy:error] [pid 29220:tid 29220] (111)Connection refused: AH00957: http: attempt to connect to 127.0.0.1:2079 (127.0.0.1:2079) failed
[Fri Jul 25 12:05:01.542874 2025] [proxy_http:error] [pid 29220:tid 29220] [client 137.184.8.212:41998] AH01114: HTTP: failed to make connection to backend: 127.0.0.1
[Fri Jul 25 12:05:21.899652 2025] [core:error] [pid 28336:tid 28336] (13)Permission denied: [client 85.208.96.205:24676] AH00132: file permissions deny server access: /home/plittle/public_html/uploads/ALFA_DATA/alfasymlink/root/proc/1651/net/ip6_tables_names
[Fri Jul 25 12:05:23.862501 2025] [ssl:error] [pid 29220:tid 29220] (70014)End of file found: [client 20.171.207.87:46504] AH02013: coalesce failed to read from data bucket
[Fri Jul 25 12:05:28.101765 2025] [proxy:error] [pid 28758:tid 28758] (111)Connection refused: AH00957: http: attempt to connect to 127.0.0.1:2079 (127.0.0.1:2079) failed
[Fri Jul 25 12:05:28.101814 2025] [proxy_http:error] [pid 28758:tid 28758] [client 104.152.52.107:52703] AH01114: HTTP: failed to make connection to backend: 127.0.0.1
[Fri Jul 25 12:05:28.101892 2025] [proxy:error] [pid 28758:tid 28758] (111)Connection refused: AH00957: http: attempt to connect to 127.0.0.1:2079 (127.0.0.1:2079) failed
[Fri Jul 25 12:05:28.101898 2025] [proxy_http:error] [pid 28758:tid 28758] [client 104.152.52.107:52703] AH01114: HTTP: failed to make connection to backend: 127.0.0.1
[Fri Jul 25 12:05:28.232895 2025] [core:crit] [pid 29205:tid 29205] (13)Permission denied: [client 47.79.206.17:23930] AH00529: /home/plittle/public_html/uploads/ALFA_DATA/alfasymlink/root/proc/3662/fd/.htaccess pcfg_openfile: unable to check htaccess file, ensure it is readable and that '/home/plittle/public_html/uploads/ALFA_DATA/alfasymlink/root/proc/3662/fd/' is executable, referer: https://www.google.com/
[Fri Jul 25 12:05:28.232965 2025] [core:crit] [pid 29205:tid 29205] (13)Permission denied: [client 47.79.206.17:23930] AH00529: /home/plittle/public_html/uploads/ALFA_DATA/alfasymlink/root/proc/3662/map_files/.htaccess pcfg_openfile: unable to check htaccess file, ensure it is readable and that '/home/plittle/public_html/uploads/ALFA_DATA/alfasymlink/root/proc/3662/map_files/' is executable, referer: https://www.google.com/
[Fri Jul 25 12:05:28.232991 2025] [core:crit] [pid 29205:tid 29205] (13)Permission denied: [client 47.79.206.17:23930] AH00529: /home/plittle/public_html/uploads/ALFA_DATA/alfasymlink/root/proc/3662/fdinfo/.htaccess pcfg_openfile: unable to check htaccess file, ensure it is readable and that '/home/plittle/public_html/uploads/ALFA_DATA/alfasymlink/root/proc/3662/fdinfo/' is executable, referer: https://www.google.com/
[Fri Jul 25 12:05:28.341833 2025] [proxy:error] [pid 28339:tid 28339] (111)Connection refused: AH00957: http: attempt to connect to 127.0.0.1:2079 (127.0.0.1:2079) failed
[Fri Jul 25 12:05:28.341898 2025] [proxy_http:error] [pid 28339:tid 28339] [client 104.152.52.107:53803] AH01114: HTTP: failed to make connection to backend: 127.0.0.1
[Fri Jul 25 12:05:28.341966 2025] [proxy:error] [pid 28339:tid 28339] (111)Connection refused: AH00957: http: attempt to connect to 127.0.0.1:2079 (127.0.0.1:2079) failed
[Fri Jul 25 12:05:28.341973 2025] [proxy_http:error] [pid 28339:tid 28339] [client 104.152.52.107:53803] AH01114: HTTP: failed to make connection to backend: 127.0.0.1
[Fri Jul 25 12:05:29.301750 2025] [core:crit] [pid 28305:tid 28305] (13)Permission denied: [client 47.79.202.197:5854] AH00529: /home/plittle/public_html/uploads/ALFA_DATA/alfasymlink/root/proc/8653/fd/.htaccess pcfg_openfile: unable to check htaccess file, ensure it is readable and that '/home/plittle/public_html/uploads/ALFA_DATA/alfasymlink/root/proc/8653/fd/' is executable, referer: https://www.google.com/
[Fri Jul 25 12:05:29.301808 2025] [core:crit] [pid 28305:tid 28305] (13)Permission denied: [client 47.79.202.197:5854] AH00529: /home/plittle/public_html/uploads/ALFA_DATA/alfasymlink/root/proc/8653/map_files/.htaccess pcfg_openfile: unable to check htaccess file, ensure it is readable and that '/home/plittle/public_html/uploads/ALFA_DATA/alfasymlink/root/proc/8653/map_files/' is executable, referer: https://www.google.com/
[Fri Jul 25 12:05:29.301825 2025] [core:crit] [pid 28305:tid 28305] (13)Permission denied: [client 47.79.202.197:5854] AH00529: /home/plittle/public_html/uploads/ALFA_DATA/alfasymlink/root/proc/8653/fdinfo/.htaccess pcfg_openfile: unable to check htaccess file, ensure it is readable and that '/home/plittle/public_html/uploads/ALFA_DATA/alfasymlink/root/proc/8653/fdinfo/' is executable, referer: https://www.google.com/
[Fri Jul 25 12:05:33.992054 2025] [core:error] [pid 28339:tid 28339] (13)Permission denied: [client 47.79.203.223:47268] AH00132: file permissions deny server access: /home/plittle/public_html/uploads/ALFA_DATA/alfasymlink/root/proc/13359/smaps, referer: https://www.google.com/
[Fri Jul 25 12:05:35.327024 2025] [proxy:error] [pid 25558:tid 25558] (111)Connection refused: AH00957: http: attempt to connect to 127.0.0.1:2079 (127.0.0.1:2079) failed
[Fri Jul 25 12:05:35.327097 2025] [proxy_http:error] [pid 25558:tid 25558] [client 137.184.8.212:55272] AH01114: HTTP: failed to make connection to backend: 127.0.0.1
[Fri Jul 25 12:05:35.327179 2025] [proxy:error] [pid 25558:tid 25558] (111)Connection refused: AH00957: http: attempt to connect to 127.0.0.1:2079 (127.0.0.1:2079) failed
[Fri Jul 25 12:05:35.327186 2025] [proxy_http:error] [pid 25558:tid 25558] [client 137.184.8.212:55272] AH01114: HTTP: failed to make connection to backend: 127.0.0.1
[Fri Jul 25 12:05:35.421281 2025] [core:crit] [pid 29206:tid 29206] (13)Permission denied: [client 47.79.213.160:20231] AH00529: /home/plittle/public_html/uploads/ALFA_DATA/alfasymlink/root/proc/6719/fd/.htaccess pcfg_openfile: unable to check htaccess file, ensure it is readable and that '/home/plittle/public_html/uploads/ALFA_DATA/alfasymlink/root/proc/6719/fd/' is executable, referer: https://www.google.com/
[Fri Jul 25 12:05:35.421337 2025] [core:crit] [pid 29206:tid 29206] (13)Permission denied: [client 47.79.213.160:20231] AH00529: /home/plittle/public_html/uploads/ALFA_DATA/alfasymlink/root/proc/6719/map_files/.htaccess pcfg_openfile: unable to check htaccess file, ensure it is readable and that '/home/plittle/public_html/uploads/ALFA_DATA/alfasymlink/root/proc/6719/map_files/' is executable, referer: https://www.google.com/
[Fri Jul 25 12:05:35.421359 2025] [core:crit] [pid 29206:tid 29206] (13)Permission denied: [client 47.79.213.160:20231] AH00529: /home/plittle/public_html/uploads/ALFA_DATA/alfasymlink/root/proc/6719/fdinfo/.htaccess pcfg_openfile: unable to check htaccess file, ensure it is readable and that '/home/plittle/public_html/uploads/ALFA_DATA/alfasymlink/root/proc/6719/fdinfo/' is executable, referer: https://www.google.com/
[Fri Jul 25 12:05:35.428555 2025] [proxy:error] [pid 29632:tid 29632] (111)Connection refused: AH00957: http: attempt to connect to 127.0.0.1:2079 (127.0.0.1:2079) failed
[Fri Jul 25 12:05:35.428616 2025] [proxy_http:error] [pid 29632:tid 29632] [client 137.184.8.212:55284] AH01114: HTTP: failed to make connection to backend: 127.0.0.1
[Fri Jul 25 12:05:35.428703 2025] [proxy:error] [pid 29632:tid 29632] (111)Connection refused: AH00957: http: attempt to connect to 127.0.0.1:2079 (127.0.0.1:2079) failed
[Fri Jul 25 12:05:35.428709 2025] [proxy_http:error] [pid 29632:tid 29632] [client 137.184.8.212:55284] AH01114: HTTP: failed to make connection to backend: 127.0.0.1
[Fri Jul 25 12:05:42.036444 2025] [core:crit] [pid 29205:tid 29205] (13)Permission denied: [client 47.79.194.181:49486] AH00529: /home/plittle/public_html/uploads/ALFA_DATA/alfasymlink/root/proc/6987/fd/.htaccess pcfg_openfile: unable to check htaccess file, ensure it is readable and that '/home/plittle/public_html/uploads/ALFA_DATA/alfasymlink/root/proc/6987/fd/' is executable, referer: https://www.google.com/
[Fri Jul 25 12:05:42.036483 2025] [core:crit] [pid 29205:tid 29205] (13)Permission denied: [client 47.79.194.181:49486] AH00529: /home/plittle/public_html/uploads/ALFA_DATA/alfasymlink/root/proc/6987/map_files/.htaccess pcfg_openfile: unable to check htaccess file, ensure it is readable and that '/home/plittle/public_html/uploads/ALFA_DATA/alfasymlink/root/proc/6987/map_files/' is executable, referer: https://www.google.com/
[Fri Jul 25 12:05:42.036500 2025] [core:crit] [pid 29205:tid 29205] (13)Permission denied: [client 47.79.194.181:49486] AH00529: /home/plittle/public_html/uploads/ALFA_DATA/alfasymlink/root/proc/6987/fdinfo/.htaccess pcfg_openfile: unable to check htaccess file, ensure it is readable and that '/home/plittle/public_html/uploads/ALFA_DATA/alfasymlink/root/proc/6987/fdinfo/' is executable, referer: https://www.google.com/
[Fri Jul 25 12:05:46.679566 2025] [ssl:error] [pid 29787:tid 29787] (70014)End of file found: [client 20.171.207.6:58940] AH02013: coalesce failed to read from data bucket
[Fri Jul 25 12:05:53.211972 2025] [ssl:error] [pid 29221:tid 29221] (70014)End of file found: [client 3.224.205.25:65484] AH02013: coalesce failed to read from data bucket
[Fri Jul 25 12:05:56.785152 2025] [proxy:error] [pid 23259:tid 23259] (111)Connection refused: AH00957: http: attempt to connect to 127.0.0.1:2079 (127.0.0.1:2079) failed
[Fri Jul 25 12:05:56.785197 2025] [proxy_http:error] [pid 23259:tid 23259] [client 198.235.24.37:60444] AH01114: HTTP: failed to make connection to backend: 127.0.0.1
[Fri Jul 25 12:05:56.785265 2025] [proxy:error] [pid 23259:tid 23259] (111)Connection refused: AH00957: http: attempt to connect to 127.0.0.1:2079 (127.0.0.1:2079) failed
[Fri Jul 25 12:05:56.785271 2025] [proxy_http:error] [pid 23259:tid 23259] [client 198.235.24.37:60444] AH01114: HTTP: failed to make connection to backend: 127.0.0.1
[Fri Jul 25 12:06:11.294000 2025] [authz_core:error] [pid 25558:tid 25558] [client 104.152.52.212:35455] AH01630: client denied by server configuration: /home/bscurrie/public_html/php.ini
[Fri Jul 25 12:06:12.840409 2025] [proxy:error] [pid 25558:tid 25558] (111)Connection refused: AH00957: http: attempt to connect to 127.0.0.1:2079 (127.0.0.1:2079) failed
[Fri Jul 25 12:06:12.840445 2025] [proxy_http:error] [pid 25558:tid 25558] [client 205.210.31.164:57806] AH01114: HTTP: failed to make connection to backend: 127.0.0.1
[Fri Jul 25 12:06:12.840506 2025] [proxy:error] [pid 25558:tid 25558] (111)Connection refused: AH00957: http: attempt to connect to 127.0.0.1:2079 (127.0.0.1:2079) failed
[Fri Jul 25 12:06:12.840512 2025] [proxy_http:error] [pid 25558:tid 25558] [client 205.210.31.164:57806] AH01114: HTTP: failed to make connection to backend: 127.0.0.1
[Fri Jul 25 12:06:25.702469 2025] [ssl:error] [pid 28747:tid 28747] (70014)End of file found: [client 157.55.39.49:19077] AH02013: coalesce failed to read from data bucket
[Fri Jul 25 12:06:33.345667 2025] [authz_core:error] [pid 23259:tid 23259] [client 205.210.31.229:58610] AH01630: client denied by server configuration: /home/hgroome/public_html/php.ini
[Fri Jul 25 12:06:42.077530 2025] [core:error] [pid 28758:tid 28758] (13)Permission denied: [client 185.191.171.11:30596] AH00132: file permissions deny server access: /home/plittle/public_html/uploads/ALFA_DATA/alfasymlink/root/proc/420/net/ip6_tables_matches
[Fri Jul 25 12:06:46.060646 2025] [ssl:error] [pid 29787:tid 29787] (5)Input/output error: [client 157.55.39.49:19112] AH02013: coalesce failed to read from data bucket
[Fri Jul 25 12:06:50.021823 2025] [core:crit] [pid 28305:tid 28305] (13)Permission denied: [client 47.79.195.26:46012] AH00529: /home/plittle/public_html/uploads/ALFA_DATA/alfasymlink/root/proc/7248/fd/.htaccess pcfg_openfile: unable to check htaccess file, ensure it is readable and that '/home/plittle/public_html/uploads/ALFA_DATA/alfasymlink/root/proc/7248/fd/' is executable, referer: https://www.google.com/
[Fri Jul 25 12:06:50.021867 2025] [core:crit] [pid 28305:tid 28305] (13)Permission denied: [client 47.79.195.26:46012] AH00529: /home/plittle/public_html/uploads/ALFA_DATA/alfasymlink/root/proc/7248/map_files/.htaccess pcfg_openfile: unable to check htaccess file, ensure it is readable and that '/home/plittle/public_html/uploads/ALFA_DATA/alfasymlink/root/proc/7248/map_files/' is executable, referer: https://www.google.com/
[Fri Jul 25 12:06:50.021884 2025] [core:crit] [pid 28305:tid 28305] (13)Permission denied: [client 47.79.195.26:46012] AH00529: /home/plittle/public_html/uploads/ALFA_DATA/alfasymlink/root/proc/7248/fdinfo/.htaccess pcfg_openfile: unable to check htaccess file, ensure it is readable and that '/home/plittle/public_html/uploads/ALFA_DATA/alfasymlink/root/proc/7248/fdinfo/' is executable, referer: https://www.google.com/
[Fri Jul 25 12:06:53.236028 2025] [proxy:error] [pid 29220:tid 29220] (111)Connection refused: AH00957: http: attempt to connect to 127.0.0.1:2079 (127.0.0.1:2079) failed
[Fri Jul 25 12:06:53.236059 2025] [proxy_http:error] [pid 29220:tid 29220] [client 198.235.24.24:63078] AH01114: HTTP: failed to make connection to backend: 127.0.0.1
[Fri Jul 25 12:06:53.236137 2025] [proxy:error] [pid 29220:tid 29220] (111)Connection refused: AH00957: http: attempt to connect to 127.0.0.1:2079 (127.0.0.1:2079) failed
[Fri Jul 25 12:06:53.236145 2025] [proxy_http:error] [pid 29220:tid 29220] [client 198.235.24.24:63078] AH01114: HTTP: failed to make connection to backend: 127.0.0.1
[Fri Jul 25 12:07:03.862348 2025] [core:crit] [pid 29205:tid 29205] (13)Permission denied: [client 47.79.193.180:25473] AH00529: /home/plittle/public_html/uploads/ALFA_DATA/alfasymlink/root/proc/6354/fd/.htaccess pcfg_openfile: unable to check htaccess file, ensure it is readable and that '/home/plittle/public_html/uploads/ALFA_DATA/alfasymlink/root/proc/6354/fd/' is executable, referer: https://www.google.com/
[Fri Jul 25 12:07:03.862387 2025] [core:crit] [pid 29205:tid 29205] (13)Permission denied: [client 47.79.193.180:25473] AH00529: /home/plittle/public_html/uploads/ALFA_DATA/alfasymlink/root/proc/6354/map_files/.htaccess pcfg_openfile: unable to check htaccess file, ensure it is readable and that '/home/plittle/public_html/uploads/ALFA_DATA/alfasymlink/root/proc/6354/map_files/' is executable, referer: https://www.google.com/
[Fri Jul 25 12:07:03.862403 2025] [core:crit] [pid 29205:tid 29205] (13)Permission denied: [client 47.79.193.180:25473] AH00529: /home/plittle/public_html/uploads/ALFA_DATA/alfasymlink/root/proc/6354/fdinfo/.htaccess pcfg_openfile: unable to check htaccess file, ensure it is readable and that '/home/plittle/public_html/uploads/ALFA_DATA/alfasymlink/root/proc/6354/fdinfo/' is executable, referer: https://www.google.com/
[Fri Jul 25 12:07:13.674575 2025] [core:error] [pid 23264:tid 23264] (13)Permission denied: [client 47.79.200.45:52722] AH00132: file permissions deny server access: /home/plittle/public_html/uploads/ALFA_DATA/alfasymlink/root/proc/7808/smaps, referer: https://www.google.com/
[Fri Jul 25 12:07:20.504868 2025] [core:crit] [pid 29773:tid 29773] (13)Permission denied: [client 47.79.216.60:63922] AH00529: /home/plittle/public_html/uploads/ALFA_DATA/alfasymlink/root/proc/7671/fd/.htaccess pcfg_openfile: unable to check htaccess file, ensure it is readable and that '/home/plittle/public_html/uploads/ALFA_DATA/alfasymlink/root/proc/7671/fd/' is executable, referer: https://www.google.com/
[Fri Jul 25 12:07:20.504945 2025] [core:crit] [pid 29773:tid 29773] (13)Permission denied: [client 47.79.216.60:63922] AH00529: /home/plittle/public_html/uploads/ALFA_DATA/alfasymlink/root/proc/7671/map_files/.htaccess pcfg_openfile: unable to check htaccess file, ensure it is readable and that '/home/plittle/public_html/uploads/ALFA_DATA/alfasymlink/root/proc/7671/map_files/' is executable, referer: https://www.google.com/
[Fri Jul 25 12:07:20.504964 2025] [core:crit] [pid 29773:tid 29773] (13)Permission denied: [client 47.79.216.60:63922] AH00529: /home/plittle/public_html/uploads/ALFA_DATA/alfasymlink/root/proc/7671/fdinfo/.htaccess pcfg_openfile: unable to check htaccess file, ensure it is readable and that '/home/plittle/public_html/uploads/ALFA_DATA/alfasymlink/root/proc/7671/fdinfo/' is executable, referer: https://www.google.com/
[Fri Jul 25 12:07:31.486656 2025] [core:error] [pid 29787:tid 29787] (13)Permission denied: [client 20.171.207.87:48104] AH00132: file permissions deny server access: /home/plittle/public_html/uploads/ALFA_DATA/alfasymlink/root/proc/self/cwd/proc/self/cwd/sys/bus/node/devices/node0/memory128/node0/memory128/node0/cpu1/firmware_node/thermal_cooling/device/eject
[Fri Jul 25 12:07:49.251160 2025] [core:crit] [pid 25558:tid 25558] (13)Permission denied: [client 47.79.203.134:48002] AH00529: /home/plittle/public_html/uploads/ALFA_DATA/alfasymlink/root/proc/653/fd/.htaccess pcfg_openfile: unable to check htaccess file, ensure it is readable and that '/home/plittle/public_html/uploads/ALFA_DATA/alfasymlink/root/proc/653/fd/' is executable, referer: https://www.google.com/
[Fri Jul 25 12:07:49.251213 2025] [core:crit] [pid 25558:tid 25558] (13)Permission denied: [client 47.79.203.134:48002] AH00529: /home/plittle/public_html/uploads/ALFA_DATA/alfasymlink/root/proc/653/map_files/.htaccess pcfg_openfile: unable to check htaccess file, ensure it is readable and that '/home/plittle/public_html/uploads/ALFA_DATA/alfasymlink/root/proc/653/map_files/' is executable, referer: https://www.google.com/
[Fri Jul 25 12:07:49.251231 2025] [core:crit] [pid 25558:tid 25558] (13)Permission denied: [client 47.79.203.134:48002] AH00529: /home/plittle/public_html/uploads/ALFA_DATA/alfasymlink/root/proc/653/fdinfo/.htaccess pcfg_openfile: unable to check htaccess file, ensure it is readable and that '/home/plittle/public_html/uploads/ALFA_DATA/alfasymlink/root/proc/653/fdinfo/' is executable, referer: https://www.google.com/
[Fri Jul 25 12:07:57.515114 2025] [ssl:error] [pid 23259:tid 23259] (70014)End of file found: [client 20.171.207.6:37528] AH02013: coalesce failed to read from data bucket
[Fri Jul 25 12:07:58.151188 2025] [ssl:error] [pid 29220:tid 29220] (70014)End of file found: [client 52.5.232.250:35123] AH02013: coalesce failed to read from data bucket
[Fri Jul 25 12:08:17.482975 2025] [core:crit] [pid 31578:tid 31578] (13)Permission denied: [client 157.55.39.49:19086] AH00529: /home/plittle/public_html/uploads/ALFA_DATA/alfasymlink/root/proc/self/root/proc/5323/fd/.htaccess pcfg_openfile: unable to check htaccess file, ensure it is readable and that '/home/plittle/public_html/uploads/ALFA_DATA/alfasymlink/root/proc/self/root/proc/5323/fd/' is executable
[Fri Jul 25 12:08:17.483050 2025] [core:crit] [pid 31578:tid 31578] (13)Permission denied: [client 157.55.39.49:19086] AH00529: /home/plittle/public_html/uploads/ALFA_DATA/alfasymlink/root/proc/self/root/proc/5323/map_files/.htaccess pcfg_openfile: unable to check htaccess file, ensure it is readable and that '/home/plittle/public_html/uploads/ALFA_DATA/alfasymlink/root/proc/self/root/proc/5323/map_files/' is executable
[Fri Jul 25 12:08:17.483069 2025] [core:crit] [pid 31578:tid 31578] (13)Permission denied: [client 157.55.39.49:19086] AH00529: /home/plittle/public_html/uploads/ALFA_DATA/alfasymlink/root/proc/self/root/proc/5323/fdinfo/.htaccess pcfg_openfile: unable to check htaccess file, ensure it is readable and that '/home/plittle/public_html/uploads/ALFA_DATA/alfasymlink/root/proc/self/root/proc/5323/fdinfo/' is executable
[Fri Jul 25 12:08:29.806565 2025] [core:error] [pid 29206:tid 29206] (13)Permission denied: [client 18.232.11.247:14958] AH00132: file permissions deny server access: /home/plittle/public_html/uploads/ALFA_DATA/alfasymlink/root/sys/bus/cpu/drivers/processor/cpu0/driver/cpu2/firmware_node/physical_node/firmware_node/physical_node/firmware_node/physical_node/firmware_node/physical_node/driver/unbind
[Fri Jul 25 12:08:42.983355 2025] [proxy_fcgi:error] [pid 31561:tid 31561] [client 79.148.169.228:60833] AH01071: Got error 'Primary script unknown'
[Fri Jul 25 12:08:45.664220 2025] [proxy_fcgi:error] [pid 31562:tid 31562] [client 179.61.228.161:35581] AH01071: Got error 'Primary script unknown'
[Fri Jul 25 12:08:46.829880 2025] [proxy_fcgi:error] [pid 31325:tid 31325] [client 203.57.50.250:59519] AH01071: Got error 'Primary script unknown'
[Fri Jul 25 12:08:47.678448 2025] [proxy_fcgi:error] [pid 30356:tid 30356] [client 103.224.53.136:45377] AH01071: Got error 'Primary script unknown'
[Fri Jul 25 12:09:18.530177 2025] [proxy:error] [pid 29220:tid 29220] (111)Connection refused: AH00957: http: attempt to connect to 127.0.0.1:2079 (127.0.0.1:2079) failed
[Fri Jul 25 12:09:18.530212 2025] [proxy_http:error] [pid 29220:tid 29220] [client 104.152.52.228:60853] AH01114: HTTP: failed to make connection to backend: 127.0.0.1
[Fri Jul 25 12:09:18.530274 2025] [proxy:error] [pid 29220:tid 29220] (111)Connection refused: AH00957: http: attempt to connect to 127.0.0.1:2079 (127.0.0.1:2079) failed
[Fri Jul 25 12:09:18.530280 2025] [proxy_http:error] [pid 29220:tid 29220] [client 104.152.52.228:60853] AH01114: HTTP: failed to make connection to backend: 127.0.0.1
[Fri Jul 25 12:09:18.728504 2025] [proxy:error] [pid 31562:tid 31562] (111)Connection refused: AH00957: http: attempt to connect to 127.0.0.1:2079 (127.0.0.1:2079) failed
[Fri Jul 25 12:09:18.728549 2025] [proxy_http:error] [pid 31562:tid 31562] [client 104.152.52.228:52261] AH01114: HTTP: failed to make connection to backend: 127.0.0.1
[Fri Jul 25 12:09:18.728615 2025] [proxy:error] [pid 31562:tid 31562] (111)Connection refused: AH00957: http: attempt to connect to 127.0.0.1:2079 (127.0.0.1:2079) failed
[Fri Jul 25 12:09:18.728621 2025] [proxy_http:error] [pid 31562:tid 31562] [client 104.152.52.228:52261] AH01114: HTTP: failed to make connection to backend: 127.0.0.1
[Fri Jul 25 12:09:27.657585 2025] [core:error] [pid 29220:tid 29220] (13)Permission denied: [client 47.79.207.17:45009] AH00132: file permissions deny server access: /home/plittle/public_html/uploads/ALFA_DATA/alfasymlink/root/proc/20173/smaps, referer: https://www.google.com/
[Fri Jul 25 12:09:29.258535 2025] [core:error] [pid 31325:tid 31325] (13)Permission denied: [client 47.79.197.88:43567] AH00132: file permissions deny server access: /home/plittle/public_html/uploads/ALFA_DATA/alfasymlink/root/proc/3783/numa_maps, referer: https://www.google.com/
[Fri Jul 25 12:09:36.031910 2025] [core:error] [pid 32106:tid 32106] (13)Permission denied: [client 47.79.215.46:54307] AH00132: file permissions deny server access: /home/plittle/public_html/uploads/ALFA_DATA/alfasymlink/root/proc/2437/numa_maps, referer: https://www.google.com/
[Fri Jul 25 12:09:37.738140 2025] [ssl:error] [pid 23264:tid 23264] (70014)End of file found: [client 20.171.207.87:35430] AH02013: coalesce failed to read from data bucket
[Fri Jul 25 12:09:39.751384 2025] [core:crit] [pid 32566:tid 32566] (13)Permission denied: [client 47.79.203.238:3299] AH00529: /home/plittle/public_html/uploads/ALFA_DATA/alfasymlink/root/proc/8620/fd/.htaccess pcfg_openfile: unable to check htaccess file, ensure it is readable and that '/home/plittle/public_html/uploads/ALFA_DATA/alfasymlink/root/proc/8620/fd/' is executable, referer: https://www.google.com/
[Fri Jul 25 12:09:39.751453 2025] [core:crit] [pid 32566:tid 32566] (13)Permission denied: [client 47.79.203.238:3299] AH00529: /home/plittle/public_html/uploads/ALFA_DATA/alfasymlink/root/proc/8620/map_files/.htaccess pcfg_openfile: unable to check htaccess file, ensure it is readable and that '/home/plittle/public_html/uploads/ALFA_DATA/alfasymlink/root/proc/8620/map_files/' is executable, referer: https://www.google.com/
[Fri Jul 25 12:09:39.751470 2025] [core:crit] [pid 32566:tid 32566] (13)Permission denied: [client 47.79.203.238:3299] AH00529: /home/plittle/public_html/uploads/ALFA_DATA/alfasymlink/root/proc/8620/fdinfo/.htaccess pcfg_openfile: unable to check htaccess file, ensure it is readable and that '/home/plittle/public_html/uploads/ALFA_DATA/alfasymlink/root/proc/8620/fdinfo/' is executable, referer: https://www.google.com/
[Fri Jul 25 12:09:48.107166 2025] [proxy:error] [pid 32588:tid 32588] (111)Connection refused: AH00957: http: attempt to connect to 127.0.0.1:2079 (127.0.0.1:2079) failed
[Fri Jul 25 12:09:48.107237 2025] [proxy_http:error] [pid 32588:tid 32588] [client 198.235.24.94:61992] AH01114: HTTP: failed to make connection to backend: 127.0.0.1
[Fri Jul 25 12:09:48.107321 2025] [proxy:error] [pid 32588:tid 32588] (111)Connection refused: AH00957: http: attempt to connect to 127.0.0.1:2079 (127.0.0.1:2079) failed
[Fri Jul 25 12:09:48.107327 2025] [proxy_http:error] [pid 32588:tid 32588] [client 198.235.24.94:61992] AH01114: HTTP: failed to make connection to backend: 127.0.0.1
[Fri Jul 25 12:10:01.462293 2025] [core:error] [pid 30356:tid 30356] (13)Permission denied: [client 185.191.171.17:41234] AH00132: file permissions deny server access: /home/plittle/public_html/uploads/ALFA_DATA/alfasymlink/root/proc/5637/net/nf_conntrack
[Fri Jul 25 12:10:11.783196 2025] [authz_core:error] [pid 32567:tid 32567] [client 104.152.52.137:44527] AH01630: client denied by server configuration: /home/saniyap/public_html/php.ini
[Fri Jul 25 12:10:17.566475 2025] [core:error] [pid 32597:tid 32597] (13)Permission denied: [client 85.208.96.196:62242] AH00132: file permissions deny server access: /home/plittle/public_html/uploads/ALFA_DATA/alfasymlink/root/proc/9146/net/ip_tables_matches
[Fri Jul 25 12:10:18.663239 2025] [core:error] [pid 31561:tid 31561] [client 185.177.72.9:53708] AH10244: invalid URI path (/../../../../../../.aws/credentials)
[Fri Jul 25 12:10:21.461852 2025] [core:error] [pid 29220:tid 29220] [client 185.177.72.9:42350] AH10244: invalid URI path (/../../../../../../.env)
[Fri Jul 25 12:10:24.026594 2025] [core:error] [pid 32595:tid 32595] [client 185.177.72.9:42366] AH10244: invalid URI path (/../../../../../../etc/passwd)
[Fri Jul 25 12:10:24.902570 2025] [core:error] [pid 32106:tid 32106] [client 185.177.72.9:42382] AH10244: invalid URI path (/../../../../../../root/.aws/credentials)
[Fri Jul 25 12:10:35.672682 2025] [core:error] [pid 29220:tid 29220] (13)Permission denied: [client 85.208.96.198:48894] AH00132: file permissions deny server access: /home/plittle/public_html/uploads/ALFA_DATA/alfasymlink/root/proc/4951/net/nf_conntrack
[Fri Jul 25 12:10:35.899228 2025] [authz_core:error] [pid 32597:tid 32597] [client 198.235.24.153:60090] AH01630: client denied by server configuration: /home/cstiker/public_html/php.ini
