[Fri Jul 25 11:31:29.542153 2025] [ssl:error] [pid 2378:tid 2378] (70014)End of file found: [client 3.226.106.93:17309] AH02013: coalesce failed to read from data bucket
[Fri Jul 25 11:31:31.301503 2025] [core:error] [pid 3940:tid 3940] [client 185.177.72.9:48064] AH10244: invalid URI path (/../../../../../../.aws/credentials)
[Fri Jul 25 11:31:34.022174 2025] [core:error] [pid 3940:tid 3940] [client 185.177.72.9:16590] AH10244: invalid URI path (/../../../../../../.env)
[Fri Jul 25 11:31:37.782349 2025] [ssl:error] [pid 3960:tid 3960] (70014)End of file found: [client 3.232.39.98:41976] AH02013: coalesce failed to read from data bucket
[Fri Jul 25 11:31:39.542389 2025] [core:error] [pid 3940:tid 3940] [client 185.177.72.9:60802] AH10244: invalid URI path (/../../../../../../etc/passwd)
[Fri Jul 25 11:31:41.782179 2025] [core:error] [pid 3458:tid 3458] [client 185.177.72.9:60810] AH10244: invalid URI path (/../../../../../../root/.aws/credentials)
[Fri Jul 25 11:31:51.142464 2025] [authz_core:error] [pid 32713:tid 32713] [client 198.235.24.180:59920] AH01630: client denied by server configuration: /home/ametrano/public_html/php.ini
[Fri Jul 25 11:31:53.462547 2025] [core:error] [pid 3804:tid 3804] (13)Permission denied: [client 54.85.109.140:8264] AH00132: file permissions deny server access: /home/plittle/public_html/uploads/ALFA_DATA/alfasymlink/root/sys/bus/cpu/drivers/processor/cpu2/driver/cpu2/firmware_node/physical_node/firmware_node/physical_node/firmware_node/physical_node/firmware_node/physical_node/driver/unbind
[Fri Jul 25 11:31:56.503285 2025] [authz_core:error] [pid 2378:tid 2378] [client 104.152.52.136:35211] AH01630: client denied by server configuration: /home/bscurrie/public_html/php.ini
[Fri Jul 25 11:32:15.464219 2025] [ssl:error] [pid 3940:tid 3940] (70014)End of file found: [client 20.171.207.6:47886] AH02013: coalesce failed to read from data bucket
[Fri Jul 25 11:32:16.982635 2025] [core:crit] [pid 2394:tid 2394] (13)Permission denied: [client 47.79.199.87:19234] AH00529: /home/plittle/public_html/uploads/ALFA_DATA/alfasymlink/root/proc/2350/fd/.htaccess pcfg_openfile: unable to check htaccess file, ensure it is readable and that '/home/plittle/public_html/uploads/ALFA_DATA/alfasymlink/root/proc/2350/fd/' is executable, referer: https://www.google.com/
[Fri Jul 25 11:32:16.982688 2025] [core:crit] [pid 2394:tid 2394] (13)Permission denied: [client 47.79.199.87:19234] AH00529: /home/plittle/public_html/uploads/ALFA_DATA/alfasymlink/root/proc/2350/map_files/.htaccess pcfg_openfile: unable to check htaccess file, ensure it is readable and that '/home/plittle/public_html/uploads/ALFA_DATA/alfasymlink/root/proc/2350/map_files/' is executable, referer: https://www.google.com/
[Fri Jul 25 11:32:16.982712 2025] [core:crit] [pid 2394:tid 2394] (13)Permission denied: [client 47.79.199.87:19234] AH00529: /home/plittle/public_html/uploads/ALFA_DATA/alfasymlink/root/proc/2350/fdinfo/.htaccess pcfg_openfile: unable to check htaccess file, ensure it is readable and that '/home/plittle/public_html/uploads/ALFA_DATA/alfasymlink/root/proc/2350/fdinfo/' is executable, referer: https://www.google.com/
[Fri Jul 25 11:32:23.782229 2025] [ssl:error] [pid 3469:tid 3469] (70014)End of file found: [client 44.193.115.232:61182] AH02013: coalesce failed to read from data bucket
[Fri Jul 25 11:32:39.542042 2025] [core:error] [pid 32501:tid 32501] (13)Permission denied: [client 185.191.171.17:44252] AH00132: file permissions deny server access: /home/plittle/public_html/uploads/ALFA_DATA/alfasymlink/root/proc/5018/net/ip_tables_targets
[Fri Jul 25 11:32:52.662014 2025] [proxy:error] [pid 3960:tid 3960] (111)Connection refused: AH00957: http: attempt to connect to 127.0.0.1:2079 (127.0.0.1:2079) failed
[Fri Jul 25 11:32:52.662096 2025] [proxy_http:error] [pid 3960:tid 3960] [client 205.210.31.12:58664] AH01114: HTTP: failed to make connection to backend: 127.0.0.1
[Fri Jul 25 11:32:52.662173 2025] [proxy:error] [pid 3960:tid 3960] (111)Connection refused: AH00957: http: attempt to connect to 127.0.0.1:2079 (127.0.0.1:2079) failed
[Fri Jul 25 11:32:52.662180 2025] [proxy_http:error] [pid 3960:tid 3960] [client 205.210.31.12:58664] AH01114: HTTP: failed to make connection to backend: 127.0.0.1
[Fri Jul 25 11:32:54.662932 2025] [core:error] [pid 32501:tid 32501] (13)Permission denied: [client 107.20.181.148:8688] AH00132: file permissions deny server access: /home/plittle/public_html/uploads/ALFA_DATA/alfasymlink/root/sys/devices/system/cpu/cpu3/driver/cpu0/firmware_node/physical_node/firmware_node/physical_node/firmware_node/physical_node/firmware_node/physical_node/driver/cpu0/crash_notes
[Fri Jul 25 11:32:57.785865 2025] [authz_core:error] [pid 2378:tid 2378] [client 205.210.31.243:61978] AH01630: client denied by server configuration: /home/gjzhou/public_html/error_log
[Fri Jul 25 11:32:57.786650 2025] [authz_core:error] [pid 2378:tid 2378] [client 205.210.31.243:61978] AH01630: client denied by server configuration: /home/gjzhou/public_html/php.ini
[Fri Jul 25 11:32:57.787441 2025] [authz_core:error] [pid 2378:tid 2378] [client 205.210.31.243:61978] AH01630: client denied by server configuration: /home/gjzhou/public_html/README.html
[Fri Jul 25 11:33:00.841383 2025] [proxy:error] [pid 2399:tid 2399] (111)Connection refused: AH00957: http: attempt to connect to 127.0.0.1:2079 (127.0.0.1:2079) failed
[Fri Jul 25 11:33:00.841405 2025] [proxy_http:error] [pid 2399:tid 2399] [client 205.210.31.253:65512] AH01114: HTTP: failed to make connection to backend: 127.0.0.1
[Fri Jul 25 11:33:00.841461 2025] [proxy:error] [pid 2399:tid 2399] (111)Connection refused: AH00957: http: attempt to connect to 127.0.0.1:2079 (127.0.0.1:2079) failed
[Fri Jul 25 11:33:00.841472 2025] [proxy_http:error] [pid 2399:tid 2399] [client 205.210.31.253:65512] AH01114: HTTP: failed to make connection to backend: 127.0.0.1
[Fri Jul 25 11:33:10.299981 2025] [cgi:error] [pid 3940:tid 3940] [client 205.210.31.59:59520] AH01215: stderr from /usr/local/cpanel/cgi-sys/defaultwebpage.cgi: 403 (Forbidden): 403 Forbidden
[Fri Jul 25 11:33:10.341583 2025] [cgi:error] [pid 3940:tid 3940] [client 205.210.31.59:59520] AH01215: stderr from /usr/local/cpanel/cgi-sys/defaultwebpage.cgi: Executing in an invalid environment for the supplied user at /usr/local/cpanel/Cpanel/CGI/NoForm.pm line 157.
[Fri Jul 25 11:33:10.450285 2025] [cgi:error] [pid 2378:tid 2378] [client 205.210.31.59:59510] AH01215: stderr from /usr/local/cpanel/cgi-sys/defaultwebpage.cgi: 403 (Forbidden): 403 Forbidden
[Fri Jul 25 11:33:10.450382 2025] [cgi:error] [pid 2378:tid 2378] [client 205.210.31.59:59510] AH01215: stderr from /usr/local/cpanel/cgi-sys/defaultwebpage.cgi: Executing in an invalid environment for the supplied user at /usr/local/cpanel/Cpanel/CGI/NoForm.pm line 157.
[Fri Jul 25 11:33:14.549867 2025] [proxy:error] [pid 5298:tid 5298] (111)Connection refused: AH00957: http: attempt to connect to 127.0.0.1:2079 (127.0.0.1:2079) failed
[Fri Jul 25 11:33:14.549934 2025] [proxy_http:error] [pid 5298:tid 5298] [client 205.210.31.194:58520] AH01114: HTTP: failed to make connection to backend: 127.0.0.1
[Fri Jul 25 11:33:14.550011 2025] [proxy:error] [pid 5298:tid 5298] (111)Connection refused: AH00957: http: attempt to connect to 127.0.0.1:2079 (127.0.0.1:2079) failed
[Fri Jul 25 11:33:14.550017 2025] [proxy_http:error] [pid 5298:tid 5298] [client 205.210.31.194:58520] AH01114: HTTP: failed to make connection to backend: 127.0.0.1
[Fri Jul 25 11:33:14.902367 2025] [ssl:error] [pid 32501:tid 32501] (70014)End of file found: [client 44.223.193.255:62424] AH02013: coalesce failed to read from data bucket
[Fri Jul 25 11:33:15.382060 2025] [proxy:error] [pid 2378:tid 2378] (111)Connection refused: AH00957: http: attempt to connect to 127.0.0.1:2079 (127.0.0.1:2079) failed
[Fri Jul 25 11:33:15.382115 2025] [proxy_http:error] [pid 2378:tid 2378] [client 104.152.52.138:56191] AH01114: HTTP: failed to make connection to backend: 127.0.0.1
[Fri Jul 25 11:33:15.382202 2025] [proxy:error] [pid 2378:tid 2378] (111)Connection refused: AH00957: http: attempt to connect to 127.0.0.1:2079 (127.0.0.1:2079) failed
[Fri Jul 25 11:33:15.382208 2025] [proxy_http:error] [pid 2378:tid 2378] [client 104.152.52.138:56191] AH01114: HTTP: failed to make connection to backend: 127.0.0.1
[Fri Jul 25 11:33:15.621670 2025] [proxy:error] [pid 3958:tid 3958] (111)Connection refused: AH00957: http: attempt to connect to 127.0.0.1:2079 (127.0.0.1:2079) failed
[Fri Jul 25 11:33:15.621732 2025] [proxy_http:error] [pid 3958:tid 3958] [client 104.152.52.138:45119] AH01114: HTTP: failed to make connection to backend: 127.0.0.1
[Fri Jul 25 11:33:15.621799 2025] [proxy:error] [pid 3958:tid 3958] (111)Connection refused: AH00957: http: attempt to connect to 127.0.0.1:2079 (127.0.0.1:2079) failed
[Fri Jul 25 11:33:15.621805 2025] [proxy_http:error] [pid 3958:tid 3958] [client 104.152.52.138:45119] AH01114: HTTP: failed to make connection to backend: 127.0.0.1
[Fri Jul 25 11:33:16.902406 2025] [proxy:error] [pid 32501:tid 32501] (111)Connection refused: AH00957: http: attempt to connect to 127.0.0.1:2079 (127.0.0.1:2079) failed
[Fri Jul 25 11:33:16.902450 2025] [proxy_http:error] [pid 32501:tid 32501] [client 205.210.31.31:63678] AH01114: HTTP: failed to make connection to backend: 127.0.0.1
[Fri Jul 25 11:33:16.902536 2025] [proxy:error] [pid 32501:tid 32501] (111)Connection refused: AH00957: http: attempt to connect to 127.0.0.1:2079 (127.0.0.1:2079) failed
[Fri Jul 25 11:33:16.902545 2025] [proxy_http:error] [pid 32501:tid 32501] [client 205.210.31.31:63678] AH01114: HTTP: failed to make connection to backend: 127.0.0.1
[Fri Jul 25 11:33:21.417943 2025] [ssl:error] [pid 5297:tid 5297] (70014)End of file found: [client 20.171.207.6:38082] AH02013: coalesce failed to read from data bucket
[Fri Jul 25 11:33:25.983626 2025] [proxy:error] [pid 2399:tid 2399] (111)Connection refused: AH00957: http: attempt to connect to 127.0.0.1:2079 (127.0.0.1:2079) failed
[Fri Jul 25 11:33:25.983664 2025] [proxy_http:error] [pid 2399:tid 2399] [client 34.60.181.221:55926] AH01114: HTTP: failed to make connection to backend: 127.0.0.1
[Fri Jul 25 11:33:25.983727 2025] [proxy:error] [pid 2399:tid 2399] (111)Connection refused: AH00957: http: attempt to connect to 127.0.0.1:2079 (127.0.0.1:2079) failed
[Fri Jul 25 11:33:25.983733 2025] [proxy_http:error] [pid 2399:tid 2399] [client 34.60.181.221:55926] AH01114: HTTP: failed to make connection to backend: 127.0.0.1
[Fri Jul 25 11:33:41.222012 2025] [proxy:error] [pid 2399:tid 2399] (111)Connection refused: AH00957: http: attempt to connect to 127.0.0.1:2079 (127.0.0.1:2079) failed
[Fri Jul 25 11:33:41.222043 2025] [proxy_http:error] [pid 2399:tid 2399] [client 104.152.52.70:58095] AH01114: HTTP: failed to make connection to backend: 127.0.0.1
[Fri Jul 25 11:33:41.222129 2025] [proxy:error] [pid 2399:tid 2399] (111)Connection refused: AH00957: http: attempt to connect to 127.0.0.1:2079 (127.0.0.1:2079) failed
[Fri Jul 25 11:33:41.222138 2025] [proxy_http:error] [pid 2399:tid 2399] [client 104.152.52.70:58095] AH01114: HTTP: failed to make connection to backend: 127.0.0.1
[Fri Jul 25 11:33:41.462044 2025] [proxy:error] [pid 3940:tid 3940] (111)Connection refused: AH00957: http: attempt to connect to 127.0.0.1:2079 (127.0.0.1:2079) failed
[Fri Jul 25 11:33:41.462114 2025] [proxy_http:error] [pid 3940:tid 3940] [client 104.152.52.70:38097] AH01114: HTTP: failed to make connection to backend: 127.0.0.1
[Fri Jul 25 11:33:41.462184 2025] [proxy:error] [pid 3940:tid 3940] (111)Connection refused: AH00957: http: attempt to connect to 127.0.0.1:2079 (127.0.0.1:2079) failed
[Fri Jul 25 11:33:41.462191 2025] [proxy_http:error] [pid 3940:tid 3940] [client 104.152.52.70:38097] AH01114: HTTP: failed to make connection to backend: 127.0.0.1
[Fri Jul 25 11:33:52.745146 2025] [ssl:error] [pid 5305:tid 5305] (70014)End of file found: [client 20.171.207.87:33938] AH02013: coalesce failed to read from data bucket
[Fri Jul 25 11:33:54.102554 2025] [ssl:error] [pid 3940:tid 3940] (70014)End of file found: [client 44.193.115.232:16796] AH02013: coalesce failed to read from data bucket
[Fri Jul 25 11:34:24.422583 2025] [ssl:error] [pid 6626:tid 6626] (70014)End of file found: [client 207.46.13.102:53594] AH02013: coalesce failed to read from data bucket
[Fri Jul 25 11:34:26.342352 2025] [ssl:error] [pid 6530:tid 6530] (70014)End of file found: [client 20.171.207.6:36838] AH02013: coalesce failed to read from data bucket
[Fri Jul 25 11:34:30.745734 2025] [ssl:error] [pid 2399:tid 2399] (70014)End of file found: [client 3.208.156.9:24486] AH02013: coalesce failed to read from data bucket
[Fri Jul 25 11:34:32.501362 2025] [proxy:error] [pid 5298:tid 5298] (111)Connection refused: AH00957: http: attempt to connect to 127.0.0.1:2079 (127.0.0.1:2079) failed
[Fri Jul 25 11:34:32.501392 2025] [proxy_http:error] [pid 5298:tid 5298] [client 40.113.148.158:52074] AH01114: HTTP: failed to make connection to backend: 127.0.0.1
[Fri Jul 25 11:34:32.501493 2025] [proxy:error] [pid 5298:tid 5298] (111)Connection refused: AH00957: http: attempt to connect to 127.0.0.1:2079 (127.0.0.1:2079) failed
[Fri Jul 25 11:34:32.501500 2025] [proxy_http:error] [pid 5298:tid 5298] [client 40.113.148.158:52074] AH01114: HTTP: failed to make connection to backend: 127.0.0.1
[Fri Jul 25 11:34:35.542186 2025] [proxy:error] [pid 3804:tid 3804] (111)Connection refused: AH00957: http: attempt to connect to 127.0.0.1:2079 (127.0.0.1:2079) failed
[Fri Jul 25 11:34:35.542238 2025] [proxy_http:error] [pid 3804:tid 3804] [client 40.113.148.158:52214] AH01114: HTTP: failed to make connection to backend: 127.0.0.1
[Fri Jul 25 11:34:35.542310 2025] [proxy:error] [pid 3804:tid 3804] (111)Connection refused: AH00957: http: attempt to connect to 127.0.0.1:2079 (127.0.0.1:2079) failed
[Fri Jul 25 11:34:35.542322 2025] [proxy_http:error] [pid 3804:tid 3804] [client 40.113.148.158:52214] AH01114: HTTP: failed to make connection to backend: 127.0.0.1
[Fri Jul 25 11:34:38.422382 2025] [proxy:error] [pid 6645:tid 6645] (111)Connection refused: AH00957: http: attempt to connect to 127.0.0.1:2079 (127.0.0.1:2079) failed
[Fri Jul 25 11:34:38.422477 2025] [proxy_http:error] [pid 6645:tid 6645] [client 40.113.148.158:52509] AH01114: HTTP: failed to make connection to backend: 127.0.0.1
[Fri Jul 25 11:34:38.422556 2025] [proxy:error] [pid 6645:tid 6645] (111)Connection refused: AH00957: http: attempt to connect to 127.0.0.1:2079 (127.0.0.1:2079) failed
[Fri Jul 25 11:34:38.422563 2025] [proxy_http:error] [pid 6645:tid 6645] [client 40.113.148.158:52509] AH01114: HTTP: failed to make connection to backend: 127.0.0.1
[Fri Jul 25 11:34:42.044377 2025] [core:error] [pid 5306:tid 5306] (13)Permission denied: [client 185.191.171.11:56692] AH00132: file permissions deny server access: /home/plittle/public_html/uploads/ALFA_DATA/alfasymlink/root/proc/653/net/ip_tables_targets
[Fri Jul 25 11:34:45.552217 2025] [proxy:error] [pid 6575:tid 6575] (111)Connection refused: AH00957: http: attempt to connect to 127.0.0.1:2079 (127.0.0.1:2079) failed
[Fri Jul 25 11:34:45.552265 2025] [proxy_http:error] [pid 6575:tid 6575] [client 40.113.148.158:53276] AH01114: HTTP: failed to make connection to backend: 127.0.0.1
[Fri Jul 25 11:34:45.552350 2025] [proxy:error] [pid 6575:tid 6575] (111)Connection refused: AH00957: http: attempt to connect to 127.0.0.1:2079 (127.0.0.1:2079) failed
[Fri Jul 25 11:34:45.552357 2025] [proxy_http:error] [pid 6575:tid 6575] [client 40.113.148.158:53276] AH01114: HTTP: failed to make connection to backend: 127.0.0.1
[Fri Jul 25 11:34:47.523364 2025] [proxy:error] [pid 3933:tid 3933] (111)Connection refused: AH00957: http: attempt to connect to 127.0.0.1:2079 (127.0.0.1:2079) failed
[Fri Jul 25 11:34:47.523420 2025] [proxy_http:error] [pid 3933:tid 3933] [client 40.113.148.158:53441] AH01114: HTTP: failed to make connection to backend: 127.0.0.1
[Fri Jul 25 11:34:47.523498 2025] [proxy:error] [pid 3933:tid 3933] (111)Connection refused: AH00957: http: attempt to connect to 127.0.0.1:2079 (127.0.0.1:2079) failed
[Fri Jul 25 11:34:47.523504 2025] [proxy_http:error] [pid 3933:tid 3933] [client 40.113.148.158:53441] AH01114: HTTP: failed to make connection to backend: 127.0.0.1
[Fri Jul 25 11:34:49.281687 2025] [proxy:error] [pid 5306:tid 5306] (111)Connection refused: AH00957: http: attempt to connect to 127.0.0.1:2079 (127.0.0.1:2079) failed
[Fri Jul 25 11:34:49.281717 2025] [proxy_http:error] [pid 5306:tid 5306] [client 40.113.148.158:53622] AH01114: HTTP: failed to make connection to backend: 127.0.0.1
[Fri Jul 25 11:34:49.281778 2025] [proxy:error] [pid 5306:tid 5306] (111)Connection refused: AH00957: http: attempt to connect to 127.0.0.1:2079 (127.0.0.1:2079) failed
[Fri Jul 25 11:34:49.281783 2025] [proxy_http:error] [pid 5306:tid 5306] [client 40.113.148.158:53622] AH01114: HTTP: failed to make connection to backend: 127.0.0.1
[Fri Jul 25 11:34:53.102769 2025] [core:error] [pid 5306:tid 5306] (13)Permission denied: [client 47.79.207.238:36636] AH00132: file permissions deny server access: /home/plittle/public_html/uploads/ALFA_DATA/alfasymlink/root/proc/2235/smaps, referer: https://www.google.com/
[Fri Jul 25 11:34:56.107048 2025] [core:error] [pid 5305:tid 5305] (13)Permission denied: [client 47.79.196.144:45772] AH00132: file permissions deny server access: /home/plittle/public_html/uploads/ALFA_DATA/alfasymlink/root/proc/5739/numa_maps, referer: https://www.google.com/
[Fri Jul 25 11:35:06.128078 2025] [ssl:error] [pid 6644:tid 6644] (70014)End of file found: [client 44.205.74.196:2993] AH02013: coalesce failed to read from data bucket
[Fri Jul 25 11:35:22.154850 2025] [proxy:error] [pid 5305:tid 5305] (111)Connection refused: AH00957: http: attempt to connect to 127.0.0.1:2079 (127.0.0.1:2079) failed
[Fri Jul 25 11:35:22.154883 2025] [proxy_http:error] [pid 5305:tid 5305] [client 165.232.178.143:59838] AH01114: HTTP: failed to make connection to backend: 127.0.0.1
[Fri Jul 25 11:35:22.154953 2025] [proxy:error] [pid 5305:tid 5305] (111)Connection refused: AH00957: http: attempt to connect to 127.0.0.1:2079 (127.0.0.1:2079) failed
[Fri Jul 25 11:35:22.154959 2025] [proxy_http:error] [pid 5305:tid 5305] [client 165.232.178.143:59838] AH01114: HTTP: failed to make connection to backend: 127.0.0.1
[Fri Jul 25 11:35:22.662175 2025] [proxy:error] [pid 6645:tid 6645] (111)Connection refused: AH00957: http: attempt to connect to 127.0.0.1:2079 (127.0.0.1:2079) failed
[Fri Jul 25 11:35:22.662208 2025] [proxy_http:error] [pid 6645:tid 6645] [client 165.232.178.143:59846] AH01114: HTTP: failed to make connection to backend: 127.0.0.1, referer: http://cpcalendars.yaoxinyi.webdev.iyaserver.com/
[Fri Jul 25 11:35:22.662290 2025] [proxy:error] [pid 6645:tid 6645] (111)Connection refused: AH00957: http: attempt to connect to 127.0.0.1:2079 (127.0.0.1:2079) failed
[Fri Jul 25 11:35:22.662297 2025] [proxy_http:error] [pid 6645:tid 6645] [client 165.232.178.143:59846] AH01114: HTTP: failed to make connection to backend: 127.0.0.1, referer: http://cpcalendars.yaoxinyi.webdev.iyaserver.com/
[Fri Jul 25 11:35:23.624745 2025] [proxy:error] [pid 6551:tid 6551] (111)Connection refused: AH00957: http: attempt to connect to 127.0.0.1:2079 (127.0.0.1:2079) failed
[Fri Jul 25 11:35:23.624811 2025] [proxy_http:error] [pid 6551:tid 6551] [client 165.232.178.143:33446] AH01114: HTTP: failed to make connection to backend: 127.0.0.1
[Fri Jul 25 11:35:23.624918 2025] [proxy:error] [pid 6551:tid 6551] (111)Connection refused: AH00957: http: attempt to connect to 127.0.0.1:2079 (127.0.0.1:2079) failed
[Fri Jul 25 11:35:23.624926 2025] [proxy_http:error] [pid 6551:tid 6551] [client 165.232.178.143:33446] AH01114: HTTP: failed to make connection to backend: 127.0.0.1
[Fri Jul 25 11:35:25.651685 2025] [proxy:error] [pid 5305:tid 5305] (111)Connection refused: AH00957: http: attempt to connect to 127.0.0.1:2079 (127.0.0.1:2079) failed
[Fri Jul 25 11:35:25.651715 2025] [proxy_http:error] [pid 5305:tid 5305] [client 205.210.31.46:63382] AH01114: HTTP: failed to make connection to backend: 127.0.0.1
[Fri Jul 25 11:35:25.651781 2025] [proxy:error] [pid 5305:tid 5305] (111)Connection refused: AH00957: http: attempt to connect to 127.0.0.1:2079 (127.0.0.1:2079) failed
[Fri Jul 25 11:35:25.651787 2025] [proxy_http:error] [pid 5305:tid 5305] [client 205.210.31.46:63382] AH01114: HTTP: failed to make connection to backend: 127.0.0.1
[Fri Jul 25 11:35:29.392267 2025] [proxy:error] [pid 6575:tid 6575] (111)Connection refused: AH00957: http: attempt to connect to 127.0.0.1:2079 (127.0.0.1:2079) failed
[Fri Jul 25 11:35:29.392295 2025] [proxy_http:error] [pid 6575:tid 6575] [client 165.232.178.143:33536] AH01114: HTTP: failed to make connection to backend: 127.0.0.1, referer: https://cpcalendars.yaoxinyi.webdev.iyaserver.com/
[Fri Jul 25 11:35:29.392355 2025] [proxy:error] [pid 6575:tid 6575] (111)Connection refused: AH00957: http: attempt to connect to 127.0.0.1:2079 (127.0.0.1:2079) failed
[Fri Jul 25 11:35:29.392361 2025] [proxy_http:error] [pid 6575:tid 6575] [client 165.232.178.143:33536] AH01114: HTTP: failed to make connection to backend: 127.0.0.1, referer: https://cpcalendars.yaoxinyi.webdev.iyaserver.com/
[Fri Jul 25 11:35:31.222466 2025] [ssl:error] [pid 5305:tid 5305] (70014)End of file found: [client 20.171.207.6:51146] AH02013: coalesce failed to read from data bucket
[Fri Jul 25 11:35:37.301694 2025] [ssl:error] [pid 6530:tid 6530] (70014)End of file found: [client 34.224.9.144:2023] AH02013: coalesce failed to read from data bucket
[Fri Jul 25 11:35:46.833857 2025] [core:error] [pid 5280:tid 5280] (13)Permission denied: [client 107.20.255.194:18878] AH00132: file permissions deny server access: /home/plittle/public_html/uploads/ALFA_DATA/alfasymlink/root/sys/bus/cpu/drivers/processor/cpu2/driver/cpu0/firmware_node/physical_node/firmware_node/physical_node/driver/cpu0/firmware_node/physical_node/driver/cpu0/crash_notes
[Fri Jul 25 11:35:47.475527 2025] [core:error] [pid 6551:tid 6551] (13)Permission denied: [client 47.79.203.135:50716] AH00132: file permissions deny server access: /home/plittle/public_html/uploads/ALFA_DATA/alfasymlink/root/proc/5739/numa_maps, referer: https://www.google.com/
[Fri Jul 25 11:36:03.500258 2025] [ssl:error] [pid 5305:tid 5305] (70014)End of file found: [client 20.171.207.87:51724] AH02013: coalesce failed to read from data bucket
[Fri Jul 25 11:36:15.702133 2025] [core:error] [pid 8524:tid 8524] (13)Permission denied: [client 47.79.198.213:20757] AH00132: file permissions deny server access: /home/plittle/public_html/uploads/ALFA_DATA/alfasymlink/root/proc/2235/smaps, referer: https://www.google.com/
[Fri Jul 25 11:36:33.302682 2025] [ssl:error] [pid 6575:tid 6575] (70014)End of file found: [client 20.171.207.6:42480] AH02013: coalesce failed to read from data bucket
[Fri Jul 25 11:36:41.222143 2025] [ssl:error] [pid 6551:tid 6551] (70014)End of file found: [client 44.215.61.66:27148] AH02013: coalesce failed to read from data bucket
[Fri Jul 25 11:36:54.502218 2025] [core:error] [pid 3933:tid 3933] (13)Permission denied: [client 85.208.96.193:21722] AH00132: file permissions deny server access: /home/plittle/public_html/uploads/ALFA_DATA/alfasymlink/root/proc/846/net/ip6_tables_names
[Fri Jul 25 11:37:04.421943 2025] [ssl:error] [pid 3933:tid 3933] (70014)End of file found: [client 20.171.207.87:42184] AH02013: coalesce failed to read from data bucket
[Fri Jul 25 11:37:06.742798 2025] [proxy_fcgi:error] [pid 8524:tid 8524] [client 179.61.228.161:56713] AH01071: Got error 'Primary script unknown'
[Fri Jul 25 11:37:07.383440 2025] [proxy_fcgi:error] [pid 5305:tid 5305] [client 103.224.53.136:45325] AH01071: Got error 'Primary script unknown'
[Fri Jul 25 11:37:07.702772 2025] [proxy_fcgi:error] [pid 6510:tid 6510] [client 203.57.50.250:52109] AH01071: Got error 'Primary script unknown'
[Fri Jul 25 11:37:08.822972 2025] [proxy_fcgi:error] [pid 2399:tid 2399] [client 79.148.169.228:50395] AH01071: Got error 'Primary script unknown'
[Fri Jul 25 11:37:27.895768 2025] [ssl:error] [pid 2399:tid 2399] (70014)End of file found: [client 207.46.13.92:1517] AH02013: coalesce failed to read from data bucket
[Fri Jul 25 11:37:30.371776 2025] [ssl:error] [pid 6529:tid 6529] (70014)End of file found: [client 50.16.72.185:13839] AH02013: coalesce failed to read from data bucket
[Fri Jul 25 11:37:32.668172 2025] [proxy_fcgi:error] [pid 6644:tid 6644] [client 188.166.225.158:55892] AH01071: Got error 'Primary script unknown', referer: https://mail.movida-lifestyle.com//blog//wp-login.php
[Fri Jul 25 11:37:33.141675 2025] [core:error] [pid 8524:tid 8524] (13)Permission denied: [client 47.79.195.36:59064] AH00132: file permissions deny server access: /home/plittle/public_html/uploads/ALFA_DATA/alfasymlink/root/proc/12187/smaps, referer: https://www.google.com/
[Fri Jul 25 11:37:36.859689 2025] [ssl:error] [pid 6644:tid 6644] (70014)End of file found: [client 20.171.207.6:33252] AH02013: coalesce failed to read from data bucket
[Fri Jul 25 11:37:38.343418 2025] [ssl:error] [pid 5305:tid 5305] (70014)End of file found: [client 54.90.244.132:31793] AH02013: coalesce failed to read from data bucket
[Fri Jul 25 11:37:41.819269 2025] [ssl:error] [pid 8524:tid 8524] (70014)End of file found: [client 52.4.229.9:4943] AH02013: coalesce failed to read from data bucket
[Fri Jul 25 11:37:51.114919 2025] [core:error] [pid 5305:tid 5305] (13)Permission denied: [client 85.208.96.193:14908] AH00132: file permissions deny server access: /home/plittle/public_html/uploads/ALFA_DATA/alfasymlink/root/proc/8768/net/ip6_tables_matches
[Fri Jul 25 11:38:06.021869 2025] [core:error] [pid 10069:tid 10069] (13)Permission denied: [client 47.79.201.55:44413] AH00132: file permissions deny server access: /home/plittle/public_html/uploads/ALFA_DATA/alfasymlink/root/proc/12187/smaps, referer: https://www.google.com/
[Fri Jul 25 11:38:07.672765 2025] [core:error] [pid 2399:tid 2399] (13)Permission denied: [client 20.171.207.87:34314] AH00132: file permissions deny server access: /home/plittle/public_html/uploads/ALFA_DATA/alfasymlink/root/proc/self/cwd/proc/self/cwd/sys/bus/node/devices/node0/memory127/node0/memory127/node0/cpu2/firmware_node/thermal_cooling/device/eject
[Fri Jul 25 11:38:14.262548 2025] [authz_core:error] [pid 10093:tid 10093] [client 198.235.24.110:62354] AH01630: client denied by server configuration: /home/jlee5092/public_html/README.html
[Fri Jul 25 11:38:39.821663 2025] [ssl:error] [pid 3804:tid 3804] (70014)End of file found: [client 20.171.207.6:40542] AH02013: coalesce failed to read from data bucket
[Fri Jul 25 11:38:53.680879 2025] [ssl:error] [pid 2399:tid 2399] (70014)End of file found: [client 44.218.170.184:64188] AH02013: coalesce failed to read from data bucket
[Fri Jul 25 11:39:14.468982 2025] [core:error] [pid 6551:tid 6551] (13)Permission denied: [client 3.210.29.96:58930] AH00132: file permissions deny server access: /home/plittle/public_html/uploads/ALFA_DATA/alfasymlink/root/sys/bus/cpu/drivers/processor/cpu0/driver/cpu0/firmware_node/physical_node/firmware_node/physical_node/driver/cpu1/firmware_node/physical_node/driver/cpu0/firmware_node/eject
[Fri Jul 25 11:39:26.404029 2025] [core:error] [pid 10069:tid 10069] (13)Permission denied: [client 85.208.96.202:27786] AH00132: file permissions deny server access: /home/plittle/public_html/uploads/ALFA_DATA/alfasymlink/root/proc/888/net/ip_tables_matches
[Fri Jul 25 11:39:30.148858 2025] [cgi:error] [pid 6510:tid 6510] [client 205.210.31.141:60802] AH01215: stderr from /usr/local/cpanel/cgi-sys/defaultwebpage.cgi: 403 (Forbidden): 403 Forbidden
[Fri Jul 25 11:39:30.148961 2025] [cgi:error] [pid 6510:tid 6510] [client 205.210.31.141:60802] AH01215: stderr from /usr/local/cpanel/cgi-sys/defaultwebpage.cgi: Executing in an invalid environment for the supplied user at /usr/local/cpanel/Cpanel/CGI/NoForm.pm line 157.
[Fri Jul 25 11:39:40.792406 2025] [ssl:error] [pid 5280:tid 5280] (70014)End of file found: [client 20.171.207.6:34698] AH02013: coalesce failed to read from data bucket
[Fri Jul 25 11:40:08.514506 2025] [proxy:error] [pid 10704:tid 10704] (111)Connection refused: AH00957: http: attempt to connect to 127.0.0.1:2079 (127.0.0.1:2079) failed
[Fri Jul 25 11:40:08.514559 2025] [proxy_http:error] [pid 10704:tid 10704] [client 205.210.31.56:61930] AH01114: HTTP: failed to make connection to backend: 127.0.0.1
[Fri Jul 25 11:40:08.514625 2025] [proxy:error] [pid 10704:tid 10704] (111)Connection refused: AH00957: http: attempt to connect to 127.0.0.1:2079 (127.0.0.1:2079) failed
[Fri Jul 25 11:40:08.514631 2025] [proxy_http:error] [pid 10704:tid 10704] [client 205.210.31.56:61930] AH01114: HTTP: failed to make connection to backend: 127.0.0.1
[Fri Jul 25 11:40:08.742669 2025] [ssl:error] [pid 11833:tid 11833] (70014)End of file found: [client 20.171.207.87:50902] AH02013: coalesce failed to read from data bucket
[Fri Jul 25 11:40:09.706796 2025] [ssl:error] [pid 6551:tid 6551] (70014)End of file found: [client 52.2.4.213:25722] AH02013: coalesce failed to read from data bucket
[Fri Jul 25 11:40:27.246334 2025] [proxy:error] [pid 11905:tid 11905] (111)Connection refused: AH00957: http: attempt to connect to 127.0.0.1:2079 (127.0.0.1:2079) failed
[Fri Jul 25 11:40:27.246388 2025] [proxy_http:error] [pid 11905:tid 11905] [client 198.235.24.158:59020] AH01114: HTTP: failed to make connection to backend: 127.0.0.1
[Fri Jul 25 11:40:27.246452 2025] [proxy:error] [pid 11905:tid 11905] (111)Connection refused: AH00957: http: attempt to connect to 127.0.0.1:2079 (127.0.0.1:2079) failed
[Fri Jul 25 11:40:27.246458 2025] [proxy_http:error] [pid 11905:tid 11905] [client 198.235.24.158:59020] AH01114: HTTP: failed to make connection to backend: 127.0.0.1
[Fri Jul 25 11:40:28.505994 2025] [cgi:error] [pid 2399:tid 2399] [client 198.235.24.114:58818] AH01215: stderr from /usr/local/cpanel/cgi-sys/defaultwebpage.cgi: 403 (Forbidden): 403 Forbidden
[Fri Jul 25 11:40:28.506100 2025] [cgi:error] [pid 2399:tid 2399] [client 198.235.24.114:58818] AH01215: stderr from /usr/local/cpanel/cgi-sys/defaultwebpage.cgi: Executing in an invalid environment for the supplied user at /usr/local/cpanel/Cpanel/CGI/NoForm.pm line 157.
[Fri Jul 25 11:40:37.782835 2025] [ssl:error] [pid 10069:tid 10069] (70014)End of file found: [client 98.82.214.73:61194] AH02013: coalesce failed to read from data bucket
[Fri Jul 25 11:40:43.300050 2025] [ssl:error] [pid 6510:tid 6510] (70014)End of file found: [client 20.171.207.6:44540] AH02013: coalesce failed to read from data bucket
[Fri Jul 25 11:40:56.670048 2025] [core:error] [pid 6510:tid 6510] (13)Permission denied: [client 185.191.171.12:28846] AH00132: file permissions deny server access: /home/plittle/public_html/uploads/ALFA_DATA/alfasymlink/root/proc/668/net/ip_tables_names
[Fri Jul 25 11:41:06.211782 2025] [ssl:error] [pid 11905:tid 11905] (70014)End of file found: [client 23.23.137.202:49070] AH02013: coalesce failed to read from data bucket
[Fri Jul 25 11:41:13.745665 2025] [ssl:error] [pid 6551:tid 6551] (70014)End of file found: [client 20.171.207.87:35158] AH02013: coalesce failed to read from data bucket
[Fri Jul 25 11:41:32.014463 2025] [proxy:error] [pid 10094:tid 10094] (111)Connection refused: AH00957: http: attempt to connect to 127.0.0.1:2079 (127.0.0.1:2079) failed
[Fri Jul 25 11:41:32.014533 2025] [proxy_http:error] [pid 10094:tid 10094] [client 198.235.24.254:58642] AH01114: HTTP: failed to make connection to backend: 127.0.0.1
[Fri Jul 25 11:41:32.014600 2025] [proxy:error] [pid 10094:tid 10094] (111)Connection refused: AH00957: http: attempt to connect to 127.0.0.1:2079 (127.0.0.1:2079) failed
[Fri Jul 25 11:41:32.014605 2025] [proxy_http:error] [pid 10094:tid 10094] [client 198.235.24.254:58642] AH01114: HTTP: failed to make connection to backend: 127.0.0.1
[Fri Jul 25 11:41:39.417667 2025] [core:error] [pid 12997:tid 12997] (13)Permission denied: [client 98.84.70.201:61964] AH00132: file permissions deny server access: /home/plittle/public_html/uploads/ALFA_DATA/alfasymlink/root/sys/bus/cpu/devices/cpu2/driver/cpu3/firmware_node/physical_node/firmware_node/physical_node/firmware_node/physical_node/firmware_node/physical_node/crash_notes
[Fri Jul 25 11:41:43.036539 2025] [core:error] [pid 10094:tid 10094] (13)Permission denied: [client 207.46.13.102:53591] AH00132: file permissions deny server access: /home/plittle/public_html/uploads/ALFA_DATA/alfasymlink/root/sys/devices/platform/Fixed MDIO bus.0/mdio_bus/fixed-0/device/subsystem/devices/PNP0800:00/firmware_node/physical_node/subsystem/drivers/i8042/i8042/serio1/subsystem/devices/serio0/input/input2/device/subsystem/devices/serio0/input/input2/subsystem/input0/device/subsystem/devices/LNXCPU:01/physical_node/firmware_node/eject
[Fri Jul 25 11:41:46.459625 2025] [ssl:error] [pid 12986:tid 12986] (70014)End of file found: [client 52.167.144.162:56555] AH02013: coalesce failed to read from data bucket
[Fri Jul 25 11:41:47.962407 2025] [ssl:error] [pid 13146:tid 13146] (70014)End of file found: [client 20.171.207.6:60288] AH02013: coalesce failed to read from data bucket
[Fri Jul 25 11:42:12.246613 2025] [core:error] [pid 6551:tid 6551] (13)Permission denied: [client 23.21.179.27:29205] AH00132: file permissions deny server access: /home/plittle/public_html/uploads/ALFA_DATA/alfasymlink/root/sys/kernel/slab/avc_node/trace
[Fri Jul 25 11:42:13.483461 2025] [ssl:error] [pid 5306:tid 5306] (70014)End of file found: [client 207.46.13.102:53598] AH02013: coalesce failed to read from data bucket
[Fri Jul 25 11:42:51.083217 2025] [ssl:error] [pid 10725:tid 10725] (5)Input/output error: [client 20.171.207.6:46256] AH02013: coalesce failed to read from data bucket
[Fri Jul 25 11:42:56.406594 2025] [cgi:error] [pid 13146:tid 13146] [client 205.210.31.90:58050] AH01215: stderr from /usr/local/cpanel/cgi-sys/defaultwebpage.cgi: 403 (Forbidden): 403 Forbidden
[Fri Jul 25 11:42:56.406688 2025] [cgi:error] [pid 13146:tid 13146] [client 205.210.31.90:58050] AH01215: stderr from /usr/local/cpanel/cgi-sys/defaultwebpage.cgi: Executing in an invalid environment for the supplied user at /usr/local/cpanel/Cpanel/CGI/NoForm.pm line 157.
[Fri Jul 25 11:43:14.573774 2025] [core:error] [pid 11905:tid 11905] (13)Permission denied: [client 85.208.96.197:31052] AH00132: file permissions deny server access: /home/plittle/public_html/uploads/ALFA_DATA/alfasymlink/root/proc/3230/net/ip_tables_matches
[Fri Jul 25 11:43:19.545371 2025] [core:error] [pid 13733:tid 13733] (13)Permission denied: [client 20.171.207.87:39658] AH00132: file permissions deny server access: /home/plittle/public_html/uploads/ALFA_DATA/alfasymlink/root/proc/self/cwd/proc/self/cwd/sys/bus/node/devices/node0/memory129/node0/memory129/node0/cpu2/firmware_node/thermal_cooling/device/eject
[Fri Jul 25 11:43:30.662716 2025] [authz_core:error] [pid 9278:tid 9278] [client 198.235.24.126:65002] AH01630: client denied by server configuration: /home/laduke/public_html/php.ini
[Fri Jul 25 11:43:33.623944 2025] [ssl:error] [pid 5306:tid 5306] (70014)End of file found: [client 207.46.13.102:53580] AH02013: coalesce failed to read from data bucket
[Fri Jul 25 11:43:53.224661 2025] [authz_core:error] [pid 11885:tid 11885] [client 3.17.26.152:37592] AH01630: client denied by server configuration: /home/cjhuang/public_html/php.ini
[Fri Jul 25 11:43:53.545659 2025] [ssl:error] [pid 5306:tid 5306] (70014)End of file found: [client 20.171.207.6:48770] AH02013: coalesce failed to read from data bucket
[Fri Jul 25 11:43:53.624623 2025] [authz_core:error] [pid 11885:tid 11885] [client 3.17.26.152:37592] AH01630: client denied by server configuration: /home/cjhuang/public_html/php.ini
[Fri Jul 25 11:44:10.102505 2025] [proxy:error] [pid 13146:tid 13146] (111)Connection refused: AH00957: http: attempt to connect to 127.0.0.1:2079 (127.0.0.1:2079) failed
[Fri Jul 25 11:44:10.102547 2025] [proxy_http:error] [pid 13146:tid 13146] [client 205.210.31.146:58088] AH01114: HTTP: failed to make connection to backend: 127.0.0.1
[Fri Jul 25 11:44:10.102607 2025] [proxy:error] [pid 13146:tid 13146] (111)Connection refused: AH00957: http: attempt to connect to 127.0.0.1:2079 (127.0.0.1:2079) failed
[Fri Jul 25 11:44:10.102613 2025] [proxy_http:error] [pid 13146:tid 13146] [client 205.210.31.146:58088] AH01114: HTTP: failed to make connection to backend: 127.0.0.1
[Fri Jul 25 11:44:18.103016 2025] [ssl:error] [pid 5280:tid 5280] (70014)End of file found: [client 157.55.39.61:47119] AH02013: coalesce failed to read from data bucket
[Fri Jul 25 11:44:22.902904 2025] [ssl:error] [pid 14732:tid 14732] (70014)End of file found: [client 20.171.207.87:52156] AH02013: coalesce failed to read from data bucket
[Fri Jul 25 11:44:55.142461 2025] [ssl:error] [pid 6551:tid 6551] (70014)End of file found: [client 20.171.207.6:52508] AH02013: coalesce failed to read from data bucket
[Fri Jul 25 11:45:01.462285 2025] [proxy:error] [pid 2399:tid 2399] (111)Connection refused: AH00957: http: attempt to connect to 127.0.0.1:2079 (127.0.0.1:2079) failed
[Fri Jul 25 11:45:01.462328 2025] [proxy_http:error] [pid 2399:tid 2399] [client 205.210.31.140:61380] AH01114: HTTP: failed to make connection to backend: 127.0.0.1
[Fri Jul 25 11:45:01.462417 2025] [proxy:error] [pid 2399:tid 2399] (111)Connection refused: AH00957: http: attempt to connect to 127.0.0.1:2079 (127.0.0.1:2079) failed
[Fri Jul 25 11:45:01.462426 2025] [proxy_http:error] [pid 2399:tid 2399] [client 205.210.31.140:61380] AH01114: HTTP: failed to make connection to backend: 127.0.0.1
[Fri Jul 25 11:45:14.181957 2025] [proxy:error] [pid 14472:tid 14472] (111)Connection refused: AH00957: http: attempt to connect to 127.0.0.1:2079 (127.0.0.1:2079) failed
[Fri Jul 25 11:45:14.182009 2025] [proxy_http:error] [pid 14472:tid 14472] [client 198.235.24.16:64628] AH01114: HTTP: failed to make connection to backend: 127.0.0.1
[Fri Jul 25 11:45:14.182081 2025] [proxy:error] [pid 14472:tid 14472] (111)Connection refused: AH00957: http: attempt to connect to 127.0.0.1:2079 (127.0.0.1:2079) failed
[Fri Jul 25 11:45:14.182106 2025] [proxy_http:error] [pid 14472:tid 14472] [client 198.235.24.16:64628] AH01114: HTTP: failed to make connection to backend: 127.0.0.1
[Fri Jul 25 11:45:22.907203 2025] [proxy_fcgi:error] [pid 14485:tid 14485] [client 185.177.72.12:35634] AH01071: Got error 'Primary script unknown'
[Fri Jul 25 11:45:23.705075 2025] [proxy_fcgi:error] [pid 14485:tid 14485] [client 185.177.72.12:35634] AH01071: Got error 'Primary script unknown'
[Fri Jul 25 11:45:25.622984 2025] [proxy_fcgi:error] [pid 14485:tid 14485] [client 185.177.72.12:35634] AH01071: Got error 'Primary script unknown'
[Fri Jul 25 11:45:28.182760 2025] [ssl:error] [pid 10094:tid 10094] (70014)End of file found: [client 20.171.207.87:57592] AH02013: coalesce failed to read from data bucket
[Fri Jul 25 11:45:30.263648 2025] [proxy_fcgi:error] [pid 14485:tid 14485] [client 185.177.72.12:35634] AH01071: Got error 'Primary script unknown'
[Fri Jul 25 11:45:32.982995 2025] [proxy:error] [pid 5306:tid 5306] (111)Connection refused: AH00957: http: attempt to connect to 127.0.0.1:2079 (127.0.0.1:2079) failed
[Fri Jul 25 11:45:32.983031 2025] [proxy_http:error] [pid 5306:tid 5306] [client 147.185.132.61:61076] AH01114: HTTP: failed to make connection to backend: 127.0.0.1
[Fri Jul 25 11:45:32.983130 2025] [proxy:error] [pid 5306:tid 5306] (111)Connection refused: AH00957: http: attempt to connect to 127.0.0.1:2079 (127.0.0.1:2079) failed
[Fri Jul 25 11:45:32.983143 2025] [proxy_http:error] [pid 5306:tid 5306] [client 147.185.132.61:61076] AH01114: HTTP: failed to make connection to backend: 127.0.0.1
[Fri Jul 25 11:45:38.502495 2025] [proxy_fcgi:error] [pid 14485:tid 14485] [client 185.177.72.12:35634] AH01071: Got error 'Primary script unknown'
[Fri Jul 25 11:45:38.662115 2025] [proxy_fcgi:error] [pid 14485:tid 14485] [client 185.177.72.12:35634] AH01071: Got error 'Primary script unknown'
[Fri Jul 25 11:45:38.822951 2025] [proxy_fcgi:error] [pid 14485:tid 14485] [client 185.177.72.12:35634] AH01071: Got error 'Primary script unknown'
[Fri Jul 25 11:45:41.622226 2025] [authz_core:error] [pid 15126:tid 15126] [client 185.177.72.12:2702] AH01630: client denied by server configuration: /home/tjlouie/public_html/php.ini
[Fri Jul 25 11:45:53.633487 2025] [core:error] [pid 6551:tid 6551] (13)Permission denied: [client 185.191.171.12:31252] AH00132: file permissions deny server access: /home/plittle/public_html/uploads/ALFA_DATA/alfasymlink/root/proc/1303/net/ip6_tables_names
[Fri Jul 25 11:45:53.713792 2025] [proxy:error] [pid 14765:tid 14765] (111)Connection refused: AH00957: http: attempt to connect to 127.0.0.1:2079 (127.0.0.1:2079) failed
[Fri Jul 25 11:45:53.713841 2025] [proxy_http:error] [pid 14765:tid 14765] [client 205.210.31.25:60724] AH01114: HTTP: failed to make connection to backend: 127.0.0.1
[Fri Jul 25 11:45:53.713905 2025] [proxy:error] [pid 14765:tid 14765] (111)Connection refused: AH00957: http: attempt to connect to 127.0.0.1:2079 (127.0.0.1:2079) failed
[Fri Jul 25 11:45:53.713911 2025] [proxy_http:error] [pid 14765:tid 14765] [client 205.210.31.25:60724] AH01114: HTTP: failed to make connection to backend: 127.0.0.1
[Fri Jul 25 11:45:55.919324 2025] [ssl:error] [pid 2399:tid 2399] (70014)End of file found: [client 20.171.207.6:40146] AH02013: coalesce failed to read from data bucket
[Fri Jul 25 11:46:24.920479 2025] [core:error] [pid 11905:tid 11905] (13)Permission denied: [client 185.191.171.6:58758] AH00132: file permissions deny server access: /home/plittle/public_html/uploads/ALFA_DATA/alfasymlink/root/proc/5788/net/ip6_tables_names
[Fri Jul 25 11:46:57.148957 2025] [ssl:error] [pid 15842:tid 15842] (70014)End of file found: [client 20.171.207.6:46860] AH02013: coalesce failed to read from data bucket
[Fri Jul 25 11:47:12.422017 2025] [authz_core:error] [pid 15828:tid 15828] [client 147.185.132.106:58782] AH01630: client denied by server configuration: /home/amantrip/public_html/php.ini
[Fri Jul 25 11:47:30.520636 2025] [ssl:error] [pid 15525:tid 15525] (70014)End of file found: [client 18.209.201.119:51189] AH02013: coalesce failed to read from data bucket
[Fri Jul 25 11:47:43.061609 2025] [core:error] [pid 14732:tid 14732] (13)Permission denied: [client 54.90.8.255:26892] AH00132: file permissions deny server access: /home/plittle/public_html/uploads/ALFA_DATA/alfasymlink/root/sys/devices/platform/serial8250/driver/serial8250/driver/serial8250/tty/ttyS3/device/tty/ttyS3/uartclk
[Fri Jul 25 11:47:47.382250 2025] [ssl:error] [pid 15525:tid 15525] (70014)End of file found: [client 98.84.131.195:35815] AH02013: coalesce failed to read from data bucket
[Fri Jul 25 11:47:57.498243 2025] [ssl:error] [pid 15828:tid 15828] (70014)End of file found: [client 20.171.207.6:56294] AH02013: coalesce failed to read from data bucket
[Fri Jul 25 11:48:02.728104 2025] [ssl:error] [pid 15857:tid 15857] (70014)End of file found: [client 34.238.45.183:17944] AH02013: coalesce failed to read from data bucket
[Fri Jul 25 11:48:05.604282 2025] [proxy_fcgi:error] [pid 15558:tid 15558] [client 156.146.41.86:39587] AH01071: Got error 'Primary script unknown'
[Fri Jul 25 11:48:05.677048 2025] [proxy_fcgi:error] [pid 11905:tid 11905] [client 179.61.228.161:40267] AH01071: Got error 'Primary script unknown'
[Fri Jul 25 11:48:07.833977 2025] [proxy_fcgi:error] [pid 14732:tid 14732] [client 120.158.159.78:48925] AH01071: Got error 'Primary script unknown'
[Fri Jul 25 11:48:07.999134 2025] [proxy_fcgi:error] [pid 15543:tid 15543] [client 203.57.50.250:49999] AH01071: Got error 'Primary script unknown'
[Fri Jul 25 11:48:10.707840 2025] [authz_core:error] [pid 15857:tid 15857] [client 205.210.31.88:62852] AH01630: client denied by server configuration: /home/samaksha/public_html/php.ini
[Fri Jul 25 11:48:13.884301 2025] [ssl:error] [pid 15857:tid 15857] (70014)End of file found: [client 157.55.39.15:2564] AH02013: coalesce failed to read from data bucket
[Fri Jul 25 11:48:38.304359 2025] [core:error] [pid 15859:tid 15859] (13)Permission denied: [client 20.171.207.87:46264] AH00132: file permissions deny server access: /home/plittle/public_html/uploads/ALFA_DATA/alfasymlink/root/proc/self/cwd/proc/self/cwd/sys/bus/node/devices/node0/memory127/node0/memory127/node0/cpu1/firmware_node/thermal_cooling/device/eject
[Fri Jul 25 11:48:46.915591 2025] [core:crit] [pid 15525:tid 15525] (13)Permission denied: [client 52.167.144.162:56542] AH00529: /home/plittle/public_html/uploads/ALFA_DATA/alfasymlink/root/proc/self/root/proc/32400/fd/.htaccess pcfg_openfile: unable to check htaccess file, ensure it is readable and that '/home/plittle/public_html/uploads/ALFA_DATA/alfasymlink/root/proc/self/root/proc/32400/fd/' is executable
[Fri Jul 25 11:48:46.915652 2025] [core:crit] [pid 15525:tid 15525] (13)Permission denied: [client 52.167.144.162:56542] AH00529: /home/plittle/public_html/uploads/ALFA_DATA/alfasymlink/root/proc/self/root/proc/32400/map_files/.htaccess pcfg_openfile: unable to check htaccess file, ensure it is readable and that '/home/plittle/public_html/uploads/ALFA_DATA/alfasymlink/root/proc/self/root/proc/32400/map_files/' is executable
[Fri Jul 25 11:48:46.915671 2025] [core:crit] [pid 15525:tid 15525] (13)Permission denied: [client 52.167.144.162:56542] AH00529: /home/plittle/public_html/uploads/ALFA_DATA/alfasymlink/root/proc/self/root/proc/32400/fdinfo/.htaccess pcfg_openfile: unable to check htaccess file, ensure it is readable and that '/home/plittle/public_html/uploads/ALFA_DATA/alfasymlink/root/proc/self/root/proc/32400/fdinfo/' is executable
[Fri Jul 25 11:48:51.710601 2025] [core:error] [pid 15539:tid 15539] (13)Permission denied: [client 47.79.204.238:25341] AH00132: file permissions deny server access: /home/plittle/public_html/uploads/ALFA_DATA/alfasymlink/root/proc/18030/smaps, referer: https://www.google.com/
[Fri Jul 25 11:48:53.037752 2025] [core:error] [pid 14732:tid 14732] (13)Permission denied: [client 47.79.205.90:26276] AH00132: file permissions deny server access: /home/plittle/public_html/uploads/ALFA_DATA/alfasymlink/root/proc/18030/smaps, referer: https://www.google.com/
[Fri Jul 25 11:48:59.599408 2025] [ssl:error] [pid 11905:tid 11905] (70014)End of file found: [client 20.171.207.6:48776] AH02013: coalesce failed to read from data bucket
[Fri Jul 25 11:49:23.981006 2025] [ssl:error] [pid 15558:tid 15558] (70014)End of file found: [client 157.55.39.15:2574] AH02013: coalesce failed to read from data bucket
[Fri Jul 25 11:49:35.393500 2025] [core:error] [pid 15828:tid 15828] (13)Permission denied: [client 18.213.240.226:3092] AH00132: file permissions deny server access: /home/plittle/public_html/uploads/ALFA_DATA/alfasymlink/root/sys/devices/system/cpu/cpu0/firmware_node/physical_node/driver/cpu3/firmware_node/physical_node/crash_notes
[Fri Jul 25 11:49:42.460628 2025] [ssl:error] [pid 15555:tid 15555] (70014)End of file found: [client 20.171.207.87:32942] AH02013: coalesce failed to read from data bucket
[Fri Jul 25 11:49:54.136385 2025] [core:error] [pid 15842:tid 15842] (13)Permission denied: [client 185.191.171.16:31036] AH00132: file permissions deny server access: /home/plittle/public_html/uploads/ALFA_DATA/alfasymlink/root/proc/7034/net/ip_tables_targets
[Fri Jul 25 11:50:01.782216 2025] [ssl:error] [pid 15828:tid 15828] (70014)End of file found: [client 20.171.207.6:37698] AH02013: coalesce failed to read from data bucket
[Fri Jul 25 11:50:06.023231 2025] [core:error] [pid 15857:tid 15857] (13)Permission denied: [client 3.94.157.25:37695] AH00132: file permissions deny server access: /home/plittle/public_html/uploads/ALFA_DATA/alfasymlink/root/sys/devices/system/cpu/cpu2/driver/cpu3/firmware_node/physical_node/firmware_node/physical_node/firmware_node/physical_node/firmware_node/physical_node/driver/bind
[Fri Jul 25 11:50:23.845296 2025] [ssl:error] [pid 15539:tid 15539] (70014)End of file found: [client 157.55.39.15:2596] AH02013: coalesce failed to read from data bucket
[Fri Jul 25 11:50:25.452897 2025] [core:error] [pid 14732:tid 14732] (13)Permission denied: [client 44.206.93.215:24631] AH00132: file permissions deny server access: /home/plittle/public_html/uploads/ALFA_DATA/alfasymlink/root/sys/bus/cpu/drivers/processor/cpu2/driver/cpu3/firmware_node/physical_node/firmware_node/physical_node/firmware_node/physical_node/firmware_node/physical_node/driver/bind
[Fri Jul 25 11:50:26.282548 2025] [core:error] [pid 12997:tid 12997] (13)Permission denied: [client 185.191.171.6:31936] AH00132: file permissions deny server access: /home/plittle/public_html/uploads/ALFA_DATA/alfasymlink/root/proc/446/net/nf_conntrack_expect
[Fri Jul 25 11:50:30.191594 2025] [core:error] [pid 14773:tid 14773] (13)Permission denied: [client 185.191.171.15:32366] AH00132: file permissions deny server access: /home/plittle/public_html/uploads/ALFA_DATA/alfasymlink/root/proc/496/net/ip6_tables_names
[Fri Jul 25 11:50:54.446344 2025] [ssl:error] [pid 12997:tid 12997] (70014)End of file found: [client 3.216.227.216:20500] AH02013: coalesce failed to read from data bucket
[Fri Jul 25 11:50:57.946736 2025] [core:error] [pid 12997:tid 12997] (13)Permission denied: [client 23.23.104.107:26914] AH00132: file permissions deny server access: /home/plittle/public_html/uploads/ALFA_DATA/alfasymlink/root/sys/bus/cpu/drivers/processor/cpu0/firmware_node/physical_node/driver/cpu0/firmware_node/physical_node/driver/cpu3/firmware_node/eject
[Fri Jul 25 11:51:07.558636 2025] [ssl:error] [pid 15842:tid 15842] (70014)End of file found: [client 20.171.207.6:36834] AH02013: coalesce failed to read from data bucket
[Fri Jul 25 11:51:19.001649 2025] [ssl:error] [pid 15555:tid 15555] (70014)End of file found: [client 3.235.215.92:38130] AH02013: coalesce failed to read from data bucket
