[Fri Jul 25 09:31:54.706242 2025] [proxy_http:error] [pid 10717:tid 10717] [client 147.185.132.159:63958] AH01114: HTTP: failed to make connection to backend: 127.0.0.1
[Fri Jul 25 09:31:54.706310 2025] [proxy:error] [pid 10717:tid 10717] (111)Connection refused: AH00957: http: attempt to connect to 127.0.0.1:2079 (127.0.0.1:2079) failed
[Fri Jul 25 09:31:54.706315 2025] [proxy_http:error] [pid 10717:tid 10717] [client 147.185.132.159:63958] AH01114: HTTP: failed to make connection to backend: 127.0.0.1
[Fri Jul 25 09:32:00.752889 2025] [cgi:error] [pid 10717:tid 10717] [client 198.235.24.253:58656] AH01215: stderr from /usr/local/cpanel/cgi-sys/defaultwebpage.cgi: 403 (Forbidden): 403 Forbidden
[Fri Jul 25 09:32:00.752984 2025] [cgi:error] [pid 10717:tid 10717] [client 198.235.24.253:58656] AH01215: stderr from /usr/local/cpanel/cgi-sys/defaultwebpage.cgi: Executing in an invalid environment for the supplied user at /usr/local/cpanel/Cpanel/CGI/NoForm.pm line 157.
[Fri Jul 25 09:32:07.579510 2025] [core:error] [pid 15774:tid 15774] (13)Permission denied: [client 185.191.171.16:27616] AH00132: file permissions deny server access: /home/plittle/public_html/uploads/ALFA_DATA/alfasymlink/root/proc/523/net/ip6_tables_targets
[Fri Jul 25 09:32:10.421446 2025] [ssl:error] [pid 15760:tid 15760] (70014)End of file found: [client 20.171.207.136:37242] AH02013: coalesce failed to read from data bucket
[Fri Jul 25 09:32:31.028917 2025] [core:error] [pid 15760:tid 15760] (13)Permission denied: [client 23.23.103.31:5408] AH00132: file permissions deny server access: /home/plittle/public_html/uploads/ALFA_DATA/alfasymlink/root/sys/kernel/slab/kmalloc-128/validate
[Fri Jul 25 09:32:34.368281 2025] [core:error] [pid 16621:tid 16621] (13)Permission denied: [client 54.152.163.42:27392] AH00132: file permissions deny server access: /home/plittle/public_html/uploads/ALFA_DATA/alfasymlink/root/sys/kernel/slab/:t-0000192/trace
[Fri Jul 25 09:32:39.861369 2025] [autoindex:error] [pid 16491:tid 16491] (13)Permission denied: [client 85.208.96.209:29112] AH01275: Can't open directory for index: /home/plittle/public_html/uploads/ALFA_DATA/alfasymlink/root/proc/3910/ns/
[Fri Jul 25 09:32:45.757751 2025] [core:error] [pid 15767:tid 15767] (13)Permission denied: [client 85.208.96.207:36502] AH00132: file permissions deny server access: /home/plittle/public_html/uploads/ALFA_DATA/alfasymlink/root/proc/2226/net/ip6_tables_names
[Fri Jul 25 09:32:50.542861 2025] [core:error] [pid 16614:tid 16614] (13)Permission denied: [client 20.171.207.77:60346] AH00132: file permissions deny server access: /home/plittle/public_html/uploads/ALFA_DATA/alfasymlink/root/proc/self/cwd/proc/self/cwd/sys/bus/node/devices/node0/memory129/node0/memory129/node0/cpu1/driver/cpu1/subsystem/devices/cpu0/crash_notes
[Fri Jul 25 09:32:55.105905 2025] [core:crit] [pid 15773:tid 15773] (13)Permission denied: [client 47.79.194.56:46691] AH00529: /home/plittle/public_html/uploads/ALFA_DATA/alfasymlink/root/proc/7088/fd/.htaccess pcfg_openfile: unable to check htaccess file, ensure it is readable and that '/home/plittle/public_html/uploads/ALFA_DATA/alfasymlink/root/proc/7088/fd/' is executable, referer: https://www.google.com/
[Fri Jul 25 09:32:55.105942 2025] [core:crit] [pid 15773:tid 15773] (13)Permission denied: [client 47.79.194.56:46691] AH00529: /home/plittle/public_html/uploads/ALFA_DATA/alfasymlink/root/proc/7088/map_files/.htaccess pcfg_openfile: unable to check htaccess file, ensure it is readable and that '/home/plittle/public_html/uploads/ALFA_DATA/alfasymlink/root/proc/7088/map_files/' is executable, referer: https://www.google.com/
[Fri Jul 25 09:32:55.105959 2025] [core:crit] [pid 15773:tid 15773] (13)Permission denied: [client 47.79.194.56:46691] AH00529: /home/plittle/public_html/uploads/ALFA_DATA/alfasymlink/root/proc/7088/fdinfo/.htaccess pcfg_openfile: unable to check htaccess file, ensure it is readable and that '/home/plittle/public_html/uploads/ALFA_DATA/alfasymlink/root/proc/7088/fdinfo/' is executable, referer: https://www.google.com/
[Fri Jul 25 09:32:58.447547 2025] [core:error] [pid 15767:tid 15767] (13)Permission denied: [client 23.23.212.212:1532] AH00132: file permissions deny server access: /home/plittle/public_html/uploads/ALFA_DATA/alfasymlink/root/sys/kernel/slab/kmalloc-128/reclaim_account
[Fri Jul 25 09:33:03.365601 2025] [core:error] [pid 17280:tid 17280] (13)Permission denied: [client 52.3.127.170:13812] AH00132: file permissions deny server access: /home/plittle/public_html/uploads/ALFA_DATA/alfasymlink/root/etc/domain_remote_mx_ips.cdb
[Fri Jul 25 09:33:06.050702 2025] [proxy:error] [pid 17280:tid 17280] (111)Connection refused: AH00957: http: attempt to connect to 127.0.0.1:2079 (127.0.0.1:2079) failed
[Fri Jul 25 09:33:06.050731 2025] [proxy_http:error] [pid 17280:tid 17280] [client 205.210.31.54:62450] AH01114: HTTP: failed to make connection to backend: 127.0.0.1
[Fri Jul 25 09:33:06.050793 2025] [proxy:error] [pid 17280:tid 17280] (111)Connection refused: AH00957: http: attempt to connect to 127.0.0.1:2079 (127.0.0.1:2079) failed
[Fri Jul 25 09:33:06.050799 2025] [proxy_http:error] [pid 17280:tid 17280] [client 205.210.31.54:62450] AH01114: HTTP: failed to make connection to backend: 127.0.0.1
[Fri Jul 25 09:33:06.113328 2025] [core:error] [pid 15774:tid 15774] (13)Permission denied: [client 85.208.96.199:37536] AH00132: file permissions deny server access: /home/plittle/public_html/uploads/ALFA_DATA/alfasymlink/root/proc/irq/5/affinity_hint
[Fri Jul 25 09:33:11.545582 2025] [core:error] [pid 16621:tid 16621] (13)Permission denied: [client 100.24.167.60:62688] AH00132: file permissions deny server access: /home/plittle/public_html/uploads/ALFA_DATA/alfasymlink/root/sys/kernel/slab/dma-kmalloc-1024/objects
[Fri Jul 25 09:33:12.341846 2025] [ssl:error] [pid 15767:tid 15767] (70014)End of file found: [client 20.171.207.136:45268] AH02013: coalesce failed to read from data bucket
[Fri Jul 25 09:33:21.255150 2025] [core:error] [pid 14554:tid 14554] (13)Permission denied: [client 85.208.96.199:26554] AH00132: file permissions deny server access: /home/wangshei/public_html/upload/ALFA_DATA/cgialfa/alfasymlink/alfaperl.txt/proc/12/environ
[Fri Jul 25 09:33:22.341298 2025] [core:error] [pid 17280:tid 17280] (13)Permission denied: [client 44.209.35.147:18659] AH00132: file permissions deny server access: /home/plittle/public_html/uploads/ALFA_DATA/alfasymlink/root/sys/kernel/slab/dma-kmalloc-2048/min_partial
[Fri Jul 25 09:33:25.039450 2025] [core:error] [pid 17582:tid 17582] (13)Permission denied: [client 207.46.13.6:59113] AH00132: file permissions deny server access: /home/plittle/public_html/uploads/ALFA_DATA/alfasymlink/root/sys/devices/platform/Fixed MDIO bus.0/mdio_bus/fixed-0/device/subsystem/devices/PNP0800:00/firmware_node/physical_node/subsystem/drivers/i8042/i8042/serio1/subsystem/devices/serio0/input/input2/device/subsystem/devices/serio0/input/input2/event2/subsystem/input4/device/subsystem/drivers/byt_gpio/bind
[Fri Jul 25 09:33:26.728430 2025] [proxy:error] [pid 15279:tid 15279] (111)Connection refused: AH00957: http: attempt to connect to 127.0.0.1:2079 (127.0.0.1:2079) failed
[Fri Jul 25 09:33:26.728478 2025] [proxy_http:error] [pid 15279:tid 15279] [client 198.235.24.221:63640] AH01114: HTTP: failed to make connection to backend: 127.0.0.1
[Fri Jul 25 09:33:26.728544 2025] [proxy:error] [pid 15279:tid 15279] (111)Connection refused: AH00957: http: attempt to connect to 127.0.0.1:2079 (127.0.0.1:2079) failed
[Fri Jul 25 09:33:26.728550 2025] [proxy_http:error] [pid 15279:tid 15279] [client 198.235.24.221:63640] AH01114: HTTP: failed to make connection to backend: 127.0.0.1
[Fri Jul 25 09:33:30.286786 2025] [ssl:error] [pid 16491:tid 16491] (70014)End of file found: [client 207.46.13.31:17483] AH02013: coalesce failed to read from data bucket
[Fri Jul 25 09:33:35.196327 2025] [ssl:error] [pid 16621:tid 16621] (70014)End of file found: [client 207.46.13.6:59097] AH02013: coalesce failed to read from data bucket
[Fri Jul 25 09:33:35.394835 2025] [core:error] [pid 12712:tid 12712] (13)Permission denied: [client 47.79.206.142:13656] AH00132: file permissions deny server access: /home/plittle/public_html/uploads/ALFA_DATA/alfasymlink/root/proc/3646/numa_maps, referer: https://www.google.com/
[Fri Jul 25 09:33:36.520635 2025] [core:error] [pid 17596:tid 17596] (13)Permission denied: [client 85.208.96.193:11232] AH00132: file permissions deny server access: /home/plittle/public_html/uploads/ALFA_DATA/alfasymlink/root/proc/600/net/ip_tables_names
[Fri Jul 25 09:33:37.720160 2025] [core:error] [pid 17582:tid 17582] (13)Permission denied: [client 47.79.207.70:46804] AH00132: file permissions deny server access: /home/plittle/public_html/uploads/ALFA_DATA/alfasymlink/root/proc/3646/numa_maps, referer: https://www.google.com/
[Fri Jul 25 09:33:39.520629 2025] [ssl:error] [pid 17596:tid 17596] (70014)End of file found: [client 44.196.118.6:3830] AH02013: coalesce failed to read from data bucket
[Fri Jul 25 09:33:42.060528 2025] [core:error] [pid 17280:tid 17280] (13)Permission denied: [client 34.199.252.22:2897] AH00132: file permissions deny server access: /home/plittle/public_html/uploads/ALFA_DATA/alfasymlink/root/sys/kernel/slab/dma-kmalloc-64/object_size
[Fri Jul 25 09:33:46.205111 2025] [ssl:error] [pid 15773:tid 15773] (70014)End of file found: [client 207.46.13.6:59117] AH02013: coalesce failed to read from data bucket
[Fri Jul 25 09:33:49.561105 2025] [ssl:error] [pid 16614:tid 16614] (70014)End of file found: [client 207.46.13.6:59098] AH02013: coalesce failed to read from data bucket
[Fri Jul 25 09:33:52.342207 2025] [ssl:error] [pid 12712:tid 12712] (70014)End of file found: [client 20.171.207.77:45054] AH02013: coalesce failed to read from data bucket
[Fri Jul 25 09:33:57.861831 2025] [core:error] [pid 16614:tid 16614] (13)Permission denied: [client 34.194.165.45:52262] AH00132: file permissions deny server access: /home/plittle/public_html/uploads/ALFA_DATA/alfasymlink/root/sys/devices/platform/serial8250/driver/serial8250/driver/serial8250/driver/serial8250/tty/ttyS1/line
[Fri Jul 25 09:34:03.641046 2025] [core:crit] [pid 15767:tid 15767] (13)Permission denied: [client 207.46.13.31:30168] AH00529: /home/plittle/public_html/uploads/ALFA_DATA/alfasymlink/root/proc/self/root/proc/32362/fd/.htaccess pcfg_openfile: unable to check htaccess file, ensure it is readable and that '/home/plittle/public_html/uploads/ALFA_DATA/alfasymlink/root/proc/self/root/proc/32362/fd/' is executable
[Fri Jul 25 09:34:03.641102 2025] [core:crit] [pid 15767:tid 15767] (13)Permission denied: [client 207.46.13.31:30168] AH00529: /home/plittle/public_html/uploads/ALFA_DATA/alfasymlink/root/proc/self/root/proc/32362/map_files/.htaccess pcfg_openfile: unable to check htaccess file, ensure it is readable and that '/home/plittle/public_html/uploads/ALFA_DATA/alfasymlink/root/proc/self/root/proc/32362/map_files/' is executable
[Fri Jul 25 09:34:03.641124 2025] [core:crit] [pid 15767:tid 15767] (13)Permission denied: [client 207.46.13.31:30168] AH00529: /home/plittle/public_html/uploads/ALFA_DATA/alfasymlink/root/proc/self/root/proc/32362/fdinfo/.htaccess pcfg_openfile: unable to check htaccess file, ensure it is readable and that '/home/plittle/public_html/uploads/ALFA_DATA/alfasymlink/root/proc/self/root/proc/32362/fdinfo/' is executable
[Fri Jul 25 09:34:10.983043 2025] [authz_core:error] [pid 12712:tid 12712] [client 188.166.225.158:51591] AH01630: client denied by server configuration: /home/huangac/public_html/php.ini, referer: https://mail.htv.qlr.mybluehost.me//blog//wp-login.php
[Fri Jul 25 09:34:11.229978 2025] [proxy_fcgi:error] [pid 12712:tid 12712] [client 188.166.225.158:51591] AH01071: Got error 'Primary script unknown', referer: https://mail.htv.qlr.mybluehost.me//blog//wp-login.php
[Fri Jul 25 09:34:12.188316 2025] [proxy:error] [pid 15760:tid 15760] (111)Connection refused: AH00957: http: attempt to connect to 127.0.0.1:2079 (127.0.0.1:2079) failed
[Fri Jul 25 09:34:12.188353 2025] [proxy_http:error] [pid 15760:tid 15760] [client 185.247.137.252:51053] AH01114: HTTP: failed to make connection to backend: 127.0.0.1
[Fri Jul 25 09:34:12.188419 2025] [proxy:error] [pid 15760:tid 15760] (111)Connection refused: AH00957: http: attempt to connect to 127.0.0.1:2079 (127.0.0.1:2079) failed
[Fri Jul 25 09:34:12.188425 2025] [proxy_http:error] [pid 15760:tid 15760] [client 185.247.137.252:51053] AH01114: HTTP: failed to make connection to backend: 127.0.0.1
[Fri Jul 25 09:34:12.822194 2025] [ssl:error] [pid 15279:tid 15279] (70014)End of file found: [client 20.171.207.136:35158] AH02013: coalesce failed to read from data bucket
[Fri Jul 25 09:34:54.982487 2025] [ssl:error] [pid 15279:tid 15279] (70014)End of file found: [client 20.171.207.77:58656] AH02013: coalesce failed to read from data bucket
[Fri Jul 25 09:34:55.970931 2025] [core:error] [pid 15773:tid 15773] (13)Permission denied: [client 85.208.96.200:59602] AH00132: file permissions deny server access: /home/plittle/public_html/uploads/ALFA_DATA/alfasymlink/root/proc/471/net/nf_conntrack_expect
[Fri Jul 25 09:35:03.006040 2025] [core:error] [pid 16619:tid 16619] (13)Permission denied: [client 85.208.96.200:59632] AH00132: file permissions deny server access: /home/plittle/public_html/uploads/ALFA_DATA/alfasymlink/root/proc/4187/maps
[Fri Jul 25 09:35:05.966152 2025] [core:error] [pid 15549:tid 15549] (13)Permission denied: [client 52.4.213.199:6069] AH00132: file permissions deny server access: /home/plittle/public_html/uploads/ALFA_DATA/alfasymlink/root/sys/kernel/slab/xfs_icr/free_calls
[Fri Jul 25 09:35:09.187553 2025] [core:error] [pid 16619:tid 16619] (13)Permission denied: [client 85.208.96.196:12232] AH00132: file permissions deny server access: /home/plittle/public_html/uploads/ALFA_DATA/alfasymlink/root/proc/2496/smaps
[Fri Jul 25 09:35:11.720356 2025] [autoindex:error] [pid 15760:tid 15760] (13)Permission denied: [client 185.191.171.12:43318] AH01275: Can't open directory for index: /home/plittle/public_html/uploads/ALFA_DATA/alfasymlink/root/proc/9268/ns/
[Fri Jul 25 09:35:17.852347 2025] [ssl:error] [pid 18728:tid 18728] (70014)End of file found: [client 20.171.207.136:41398] AH02013: coalesce failed to read from data bucket
[Fri Jul 25 09:35:18.537315 2025] [core:error] [pid 16621:tid 16621] (13)Permission denied: [client 3.210.29.96:53300] AH00132: file permissions deny server access: /home/plittle/public_html/uploads/ALFA_DATA/alfasymlink/root/sys/kernel/slab/dma-kmalloc-1024/alloc_calls
[Fri Jul 25 09:35:24.798581 2025] [authz_core:error] [pid 17596:tid 17596] [client 188.166.225.158:62416] AH01630: client denied by server configuration: /home/rala/public_html/php.ini, referer: https://mail.rakumoose.com//blog//wp-login.php
[Fri Jul 25 09:35:24.997736 2025] [proxy_fcgi:error] [pid 17596:tid 17596] [client 188.166.225.158:62416] AH01071: Got error 'Primary script unknown', referer: https://mail.rakumoose.com//blog//wp-login.php
[Fri Jul 25 09:35:26.023476 2025] [core:crit] [pid 15767:tid 15767] (13)Permission denied: [client 207.46.13.31:31373] AH00529: /home/plittle/public_html/uploads/ALFA_DATA/alfasymlink/root/proc/self/root/proc/18799/fd/.htaccess pcfg_openfile: unable to check htaccess file, ensure it is readable and that '/home/plittle/public_html/uploads/ALFA_DATA/alfasymlink/root/proc/self/root/proc/18799/fd/' is executable
[Fri Jul 25 09:35:26.023516 2025] [core:crit] [pid 15767:tid 15767] (13)Permission denied: [client 207.46.13.31:31373] AH00529: /home/plittle/public_html/uploads/ALFA_DATA/alfasymlink/root/proc/self/root/proc/18799/map_files/.htaccess pcfg_openfile: unable to check htaccess file, ensure it is readable and that '/home/plittle/public_html/uploads/ALFA_DATA/alfasymlink/root/proc/self/root/proc/18799/map_files/' is executable
[Fri Jul 25 09:35:26.023535 2025] [core:crit] [pid 15767:tid 15767] (13)Permission denied: [client 207.46.13.31:31373] AH00529: /home/plittle/public_html/uploads/ALFA_DATA/alfasymlink/root/proc/self/root/proc/18799/fdinfo/.htaccess pcfg_openfile: unable to check htaccess file, ensure it is readable and that '/home/plittle/public_html/uploads/ALFA_DATA/alfasymlink/root/proc/self/root/proc/18799/fdinfo/' is executable
[Fri Jul 25 09:35:33.552814 2025] [core:error] [pid 16619:tid 16619] (13)Permission denied: [client 185.191.171.4:44472] AH00132: file permissions deny server access: /home/plittle/public_html/uploads/ALFA_DATA/alfasymlink/root/sys/kernel/slab/nsproxy/remote_node_defrag_ratio
[Fri Jul 25 09:35:38.581797 2025] [core:error] [pid 16621:tid 16621] (13)Permission denied: [client 23.21.179.120:19188] AH00132: file permissions deny server access: /home/plittle/public_html/uploads/ALFA_DATA/alfasymlink/root/sys/kernel/slab/xfs_efd_item/cpu_slabs
[Fri Jul 25 09:35:40.674719 2025] [ssl:error] [pid 16491:tid 16491] (70014)End of file found: [client 85.208.96.205:19612] AH02013: coalesce failed to read from data bucket
[Fri Jul 25 09:35:41.897313 2025] [core:error] [pid 12712:tid 12712] (13)Permission denied: [client 52.54.157.23:63746] AH00132: file permissions deny server access: /home/plittle/public_html/uploads/ALFA_DATA/alfasymlink/root/sys/kernel/slab/:t-0000096/cache_dma
[Fri Jul 25 09:35:47.384012 2025] [core:error] [pid 15279:tid 15279] (13)Permission denied: [client 20.171.207.203:46550] AH00132: file permissions deny server access: /home/plittle/public_html/uploads/ALFA_DATA/alfasymlink/root/proc/self/cwd/sys/devices/pci0000:00/firmware_node/device:ad/subsystem/devices/LNXCPU:00/thermal_cooling/device/physical_node/node0/memory15/node0/cpu2/driver/cpu0/driver/cpu3/driver/cpu2/node0/compact
[Fri Jul 25 09:35:53.542042 2025] [proxy:error] [pid 18728:tid 18728] (111)Connection refused: AH00957: http: attempt to connect to 127.0.0.1:2079 (127.0.0.1:2079) failed
[Fri Jul 25 09:35:53.542106 2025] [proxy_http:error] [pid 18728:tid 18728] [client 34.34.72.221:49152] AH01114: HTTP: failed to make connection to backend: 127.0.0.1
[Fri Jul 25 09:35:53.542178 2025] [proxy:error] [pid 18728:tid 18728] (111)Connection refused: AH00957: http: attempt to connect to 127.0.0.1:2079 (127.0.0.1:2079) failed
[Fri Jul 25 09:35:53.542184 2025] [proxy_http:error] [pid 18728:tid 18728] [client 34.34.72.221:49152] AH01114: HTTP: failed to make connection to backend: 127.0.0.1
[Fri Jul 25 09:35:58.914739 2025] [authz_core:error] [pid 15279:tid 15279] [client 34.34.21.42:16384] AH01630: client denied by server configuration: /home/ctchang/public_html/php.ini
[Fri Jul 25 09:35:59.638365 2025] [proxy:error] [pid 19243:tid 19243] (111)Connection refused: AH00957: http: attempt to connect to 127.0.0.1:2079 (127.0.0.1:2079) failed
[Fri Jul 25 09:35:59.638424 2025] [proxy_http:error] [pid 19243:tid 19243] [client 198.235.24.254:63328] AH01114: HTTP: failed to make connection to backend: 127.0.0.1
[Fri Jul 25 09:35:59.638498 2025] [proxy:error] [pid 19243:tid 19243] (111)Connection refused: AH00957: http: attempt to connect to 127.0.0.1:2079 (127.0.0.1:2079) failed
[Fri Jul 25 09:35:59.638504 2025] [proxy_http:error] [pid 19243:tid 19243] [client 198.235.24.254:63328] AH01114: HTTP: failed to make connection to backend: 127.0.0.1
[Fri Jul 25 09:36:15.885176 2025] [autoindex:error] [pid 19243:tid 19243] (13)Permission denied: [client 85.208.96.193:29444] AH01275: Can't open directory for index: /home/plittle/public_html/uploads/ALFA_DATA/alfasymlink/root/proc/8981/ns/
[Fri Jul 25 09:36:16.901890 2025] [core:error] [pid 12712:tid 12712] (13)Permission denied: [client 185.191.171.3:48752] AH00132: file permissions deny server access: /home/plittle/public_html/uploads/ALFA_DATA/alfasymlink/root/proc/201/mem
[Fri Jul 25 09:36:20.297746 2025] [ssl:error] [pid 12712:tid 12712] (70014)End of file found: [client 20.171.207.136:37150] AH02013: coalesce failed to read from data bucket
[Fri Jul 25 09:36:22.341514 2025] [core:error] [pid 15773:tid 15773] (13)Permission denied: [client 85.208.96.211:56368] AH00132: file permissions deny server access: /home/plittle/public_html/uploads/ALFA_DATA/alfasymlink/root/etc/wwwacct.conf.shadow
[Fri Jul 25 09:36:24.276176 2025] [core:error] [pid 15279:tid 15279] (13)Permission denied: [client 44.215.235.20:43333] AH00132: file permissions deny server access: /home/plittle/public_html/uploads/ALFA_DATA/alfasymlink/root/sys/kernel/slab/:at-0000104/shrink
[Fri Jul 25 09:36:34.397764 2025] [core:crit] [pid 15773:tid 15773] (13)Permission denied: [client 85.208.96.204:47120] AH00529: /home/plittle/public_html/uploads/ALFA_DATA/alfasymlink/root/proc/1160/fd/.htaccess pcfg_openfile: unable to check htaccess file, ensure it is readable and that '/home/plittle/public_html/uploads/ALFA_DATA/alfasymlink/root/proc/1160/fd/' is executable
[Fri Jul 25 09:36:34.397802 2025] [core:crit] [pid 15773:tid 15773] (13)Permission denied: [client 85.208.96.204:47120] AH00529: /home/plittle/public_html/uploads/ALFA_DATA/alfasymlink/root/proc/1160/map_files/.htaccess pcfg_openfile: unable to check htaccess file, ensure it is readable and that '/home/plittle/public_html/uploads/ALFA_DATA/alfasymlink/root/proc/1160/map_files/' is executable
[Fri Jul 25 09:36:34.397826 2025] [core:crit] [pid 15773:tid 15773] (13)Permission denied: [client 85.208.96.204:47120] AH00529: /home/plittle/public_html/uploads/ALFA_DATA/alfasymlink/root/proc/1160/fdinfo/.htaccess pcfg_openfile: unable to check htaccess file, ensure it is readable and that '/home/plittle/public_html/uploads/ALFA_DATA/alfasymlink/root/proc/1160/fdinfo/' is executable
[Fri Jul 25 09:36:39.155072 2025] [authz_core:error] [pid 15774:tid 15774] [client 34.147.28.155:32769] AH01630: client denied by server configuration: /home/ctchang/public_html/php.ini
[Fri Jul 25 09:36:39.532710 2025] [core:error] [pid 19243:tid 19243] (13)Permission denied: [client 185.191.171.19:24148] AH00132: file permissions deny server access: /home/plittle/public_html/uploads/ALFA_DATA/alfasymlink/root/proc/28/clear_refs
[Fri Jul 25 09:36:44.929531 2025] [core:error] [pid 16491:tid 16491] (13)Permission denied: [client 85.208.96.209:47134] AH00132: file permissions deny server access: /home/plittle/public_html/uploads/ALFA_DATA/alfasymlink/root/proc/9478/mountstats
[Fri Jul 25 09:36:46.323028 2025] [proxy:error] [pid 19243:tid 19243] (111)Connection refused: AH00957: http: attempt to connect to 127.0.0.1:2079 (127.0.0.1:2079) failed
[Fri Jul 25 09:36:46.323065 2025] [proxy_http:error] [pid 19243:tid 19243] [client 205.210.31.55:62592] AH01114: HTTP: failed to make connection to backend: 127.0.0.1
[Fri Jul 25 09:36:46.323149 2025] [proxy:error] [pid 19243:tid 19243] (111)Connection refused: AH00957: http: attempt to connect to 127.0.0.1:2079 (127.0.0.1:2079) failed
[Fri Jul 25 09:36:46.323155 2025] [proxy_http:error] [pid 19243:tid 19243] [client 205.210.31.55:62592] AH01114: HTTP: failed to make connection to backend: 127.0.0.1
[Fri Jul 25 09:36:54.902895 2025] [authz_core:error] [pid 19930:tid 19930] [client 35.204.145.47:32768] AH01630: client denied by server configuration: /home/ctchang/public_html/php.ini
[Fri Jul 25 09:36:58.261544 2025] [ssl:error] [pid 15760:tid 15760] (70014)End of file found: [client 3.229.2.217:40204] AH02013: coalesce failed to read from data bucket
[Fri Jul 25 09:36:59.863819 2025] [core:error] [pid 19931:tid 19931] (13)Permission denied: [client 20.171.207.77:45928] AH00132: file permissions deny server access: /home/plittle/public_html/uploads/ALFA_DATA/alfasymlink/root/proc/self/cwd/proc/self/cwd/sys/bus/node/devices/node0/memory128/node0/memory128/node0/cpu2/driver/cpu2/subsystem/devices/cpu0/crash_notes
[Fri Jul 25 09:37:16.042491 2025] [ssl:error] [pid 15774:tid 15774] (70014)End of file found: [client 52.167.144.225:36632] AH02013: coalesce failed to read from data bucket
[Fri Jul 25 09:37:18.663989 2025] [core:error] [pid 16614:tid 16614] (13)Permission denied: [client 54.156.55.147:64155] AH00132: file permissions deny server access: /home/plittle/public_html/uploads/ALFA_DATA/alfasymlink/root/sys/kernel/slab/dnotify_struct/remote_node_defrag_ratio
[Fri Jul 25 09:37:22.471957 2025] [ssl:error] [pid 19243:tid 19243] (70014)End of file found: [client 20.171.207.136:33884] AH02013: coalesce failed to read from data bucket
[Fri Jul 25 09:37:27.751796 2025] [core:error] [pid 15279:tid 15279] (13)Permission denied: [client 185.191.171.1:45504] AH00132: file permissions deny server access: /home/wangshei/public_html/upload/ALFA_DATA/cgialfa/alfasymlink/alfaperl.txt/proc/299/io
[Fri Jul 25 09:37:34.661710 2025] [core:error] [pid 19930:tid 19930] (13)Permission denied: [client 3.232.102.111:19174] AH00132: file permissions deny server access: /home/plittle/public_html/uploads/ALFA_DATA/alfasymlink/root/sys/kernel/slab/dma-kmalloc-2048/order
[Fri Jul 25 09:37:49.654459 2025] [core:error] [pid 15774:tid 15774] (13)Permission denied: [client 85.208.96.201:11482] AH00132: file permissions deny server access: /home/plittle/public_html/uploads/ALFA_DATA/alfasymlink/root/proc/6357/net/nf_conntrack
[Fri Jul 25 09:37:49.844123 2025] [core:error] [pid 15760:tid 15760] (13)Permission denied: [client 185.191.171.16:14154] AH00132: file permissions deny server access: /home/plittle/public_html/uploads/ALFA_DATA/alfasymlink/root/proc/self/root/etc/domain_remote_mx_ips.cdb
[Fri Jul 25 09:37:52.065691 2025] [core:error] [pid 15774:tid 15774] (13)Permission denied: [client 185.191.171.16:48350] AH00132: file permissions deny server access: /home/plittle/public_html/uploads/ALFA_DATA/alfasymlink/root/proc/5175/net/ip_tables_matches
[Fri Jul 25 09:37:54.215684 2025] [core:error] [pid 20545:tid 20545] (13)Permission denied: [client 52.3.155.146:8101] AH00132: file permissions deny server access: /home/plittle/public_html/uploads/ALFA_DATA/alfasymlink/root/sys/devices/system/cpu/cpu3/driver/cpu0/firmware_node/physical_node/firmware_node/physical_node/firmware_node/physical_node/firmware_node/eject
[Fri Jul 25 09:38:12.606914 2025] [ssl:error] [pid 15279:tid 15279] (70014)End of file found: [client 207.46.13.31:17453] AH02013: coalesce failed to read from data bucket
[Fri Jul 25 09:38:16.852929 2025] [core:error] [pid 16614:tid 16614] (13)Permission denied: [client 185.191.171.12:55698] AH00132: file permissions deny server access: /home/plittle/public_html/uploads/ALFA_DATA/alfasymlink/root/proc/577/environ
[Fri Jul 25 09:38:25.846555 2025] [core:error] [pid 16491:tid 16491] (13)Permission denied: [client 85.208.96.199:22754] AH00132: file permissions deny server access: /home/plittle/public_html/uploads/ALFA_DATA/alfasymlink/root/var/log/quota_enable.log
[Fri Jul 25 09:38:26.664262 2025] [proxy:error] [pid 16619:tid 16619] (111)Connection refused: AH00957: http: attempt to connect to 127.0.0.1:2079 (127.0.0.1:2079) failed
[Fri Jul 25 09:38:26.664297 2025] [proxy_http:error] [pid 16619:tid 16619] [client 206.189.16.245:38170] AH01114: HTTP: failed to make connection to backend: 127.0.0.1
[Fri Jul 25 09:38:26.664380 2025] [proxy:error] [pid 16619:tid 16619] (111)Connection refused: AH00957: http: attempt to connect to 127.0.0.1:2079 (127.0.0.1:2079) failed
[Fri Jul 25 09:38:26.664386 2025] [proxy_http:error] [pid 16619:tid 16619] [client 206.189.16.245:38170] AH01114: HTTP: failed to make connection to backend: 127.0.0.1
[Fri Jul 25 09:38:26.829141 2025] [ssl:error] [pid 15760:tid 15760] (70014)End of file found: [client 52.204.174.139:3369] AH02013: coalesce failed to read from data bucket
[Fri Jul 25 09:38:26.981836 2025] [proxy:error] [pid 16614:tid 16614] (111)Connection refused: AH00957: http: attempt to connect to 127.0.0.1:2079 (127.0.0.1:2079) failed
[Fri Jul 25 09:38:26.981871 2025] [proxy_http:error] [pid 16614:tid 16614] [client 206.189.16.245:38184] AH01114: HTTP: failed to make connection to backend: 127.0.0.1, referer: http://cpcontacts.sutiono.webdev.iyaserver.com/
[Fri Jul 25 09:38:26.981935 2025] [proxy:error] [pid 16614:tid 16614] (111)Connection refused: AH00957: http: attempt to connect to 127.0.0.1:2079 (127.0.0.1:2079) failed
[Fri Jul 25 09:38:26.981941 2025] [proxy_http:error] [pid 16614:tid 16614] [client 206.189.16.245:38184] AH01114: HTTP: failed to make connection to backend: 127.0.0.1, referer: http://cpcontacts.sutiono.webdev.iyaserver.com/
[Fri Jul 25 09:38:27.622461 2025] [proxy:error] [pid 16619:tid 16619] (111)Connection refused: AH00957: http: attempt to connect to 127.0.0.1:2079 (127.0.0.1:2079) failed
[Fri Jul 25 09:38:27.622492 2025] [proxy_http:error] [pid 16619:tid 16619] [client 206.189.16.245:44776] AH01114: HTTP: failed to make connection to backend: 127.0.0.1
[Fri Jul 25 09:38:27.622565 2025] [proxy:error] [pid 16619:tid 16619] (111)Connection refused: AH00957: http: attempt to connect to 127.0.0.1:2079 (127.0.0.1:2079) failed
[Fri Jul 25 09:38:27.622571 2025] [proxy_http:error] [pid 16619:tid 16619] [client 206.189.16.245:44776] AH01114: HTTP: failed to make connection to backend: 127.0.0.1
[Fri Jul 25 09:38:27.737318 2025] [ssl:error] [pid 21087:tid 21087] (70014)End of file found: [client 20.171.207.136:58062] AH02013: coalesce failed to read from data bucket
[Fri Jul 25 09:38:32.261869 2025] [proxy:error] [pid 21115:tid 21115] (111)Connection refused: AH00957: http: attempt to connect to 127.0.0.1:2079 (127.0.0.1:2079) failed
[Fri Jul 25 09:38:32.261935 2025] [proxy_http:error] [pid 21115:tid 21115] [client 206.189.16.245:44882] AH01114: HTTP: failed to make connection to backend: 127.0.0.1, referer: https://cpcontacts.sutiono.webdev.iyaserver.com/
[Fri Jul 25 09:38:32.262023 2025] [proxy:error] [pid 21115:tid 21115] (111)Connection refused: AH00957: http: attempt to connect to 127.0.0.1:2079 (127.0.0.1:2079) failed
[Fri Jul 25 09:38:32.262029 2025] [proxy_http:error] [pid 21115:tid 21115] [client 206.189.16.245:44882] AH01114: HTTP: failed to make connection to backend: 127.0.0.1, referer: https://cpcontacts.sutiono.webdev.iyaserver.com/
[Fri Jul 25 09:38:44.686239 2025] [autoindex:error] [pid 15760:tid 15760] (13)Permission denied: [client 85.208.96.195:37142] AH01275: Can't open directory for index: /home/plittle/public_html/uploads/ALFA_DATA/alfasymlink/root/proc/1871/ns/
[Fri Jul 25 09:38:46.630521 2025] [core:error] [pid 20547:tid 20547] (13)Permission denied: [client 18.214.124.6:62238] AH00132: file permissions deny server access: /home/plittle/public_html/uploads/ALFA_DATA/alfasymlink/root/sys/kernel/slab/dnotify_struct/min_partial
[Fri Jul 25 09:39:13.382070 2025] [proxy_fcgi:error] [pid 17582:tid 17582] [client 79.148.169.228:37793] AH01071: Got error 'Primary script unknown'
[Fri Jul 25 09:39:13.418009 2025] [proxy_fcgi:error] [pid 20547:tid 20547] [client 203.57.50.250:57657] AH01071: Got error 'Primary script unknown'
[Fri Jul 25 09:39:13.739695 2025] [proxy_fcgi:error] [pid 15760:tid 15760] [client 103.224.53.136:45347] AH01071: Got error 'Primary script unknown'
[Fri Jul 25 09:39:13.957163 2025] [ssl:error] [pid 21087:tid 21087] (70014)End of file found: [client 52.167.144.225:36613] AH02013: coalesce failed to read from data bucket
[Fri Jul 25 09:39:16.855835 2025] [proxy:error] [pid 18728:tid 18728] (111)Connection refused: AH00957: http: attempt to connect to 127.0.0.1:2079 (127.0.0.1:2079) failed
[Fri Jul 25 09:39:16.855862 2025] [proxy_http:error] [pid 18728:tid 18728] [client 198.235.24.197:62044] AH01114: HTTP: failed to make connection to backend: 127.0.0.1
[Fri Jul 25 09:39:16.855922 2025] [proxy:error] [pid 18728:tid 18728] (111)Connection refused: AH00957: http: attempt to connect to 127.0.0.1:2079 (127.0.0.1:2079) failed
[Fri Jul 25 09:39:16.855928 2025] [proxy_http:error] [pid 18728:tid 18728] [client 198.235.24.197:62044] AH01114: HTTP: failed to make connection to backend: 127.0.0.1
[Fri Jul 25 09:39:18.356688 2025] [proxy_fcgi:error] [pid 15279:tid 15279] [client 179.61.228.161:59315] AH01071: Got error 'Primary script unknown'
[Fri Jul 25 09:39:18.627513 2025] [ssl:error] [pid 15549:tid 15549] (70014)End of file found: [client 207.46.13.107:2777] AH02013: coalesce failed to read from data bucket
[Fri Jul 25 09:39:18.755998 2025] [core:crit] [pid 16614:tid 16614] (13)Permission denied: [client 47.79.199.232:39603] AH00529: /home/plittle/public_html/uploads/ALFA_DATA/alfasymlink/root/proc/5847/fd/.htaccess pcfg_openfile: unable to check htaccess file, ensure it is readable and that '/home/plittle/public_html/uploads/ALFA_DATA/alfasymlink/root/proc/5847/fd/' is executable, referer: https://www.google.com/
[Fri Jul 25 09:39:18.756043 2025] [core:crit] [pid 16614:tid 16614] (13)Permission denied: [client 47.79.199.232:39603] AH00529: /home/plittle/public_html/uploads/ALFA_DATA/alfasymlink/root/proc/5847/map_files/.htaccess pcfg_openfile: unable to check htaccess file, ensure it is readable and that '/home/plittle/public_html/uploads/ALFA_DATA/alfasymlink/root/proc/5847/map_files/' is executable, referer: https://www.google.com/
[Fri Jul 25 09:39:18.756060 2025] [core:crit] [pid 16614:tid 16614] (13)Permission denied: [client 47.79.199.232:39603] AH00529: /home/plittle/public_html/uploads/ALFA_DATA/alfasymlink/root/proc/5847/fdinfo/.htaccess pcfg_openfile: unable to check htaccess file, ensure it is readable and that '/home/plittle/public_html/uploads/ALFA_DATA/alfasymlink/root/proc/5847/fdinfo/' is executable, referer: https://www.google.com/
[Fri Jul 25 09:39:19.944302 2025] [core:error] [pid 15760:tid 15760] (13)Permission denied: [client 85.208.96.204:54144] AH00132: file permissions deny server access: /home/wangshei/public_html/upload/ALFA_DATA/cgialfa/alfasymlink/alfaperl.txt/proc/12/net/nf_conntrack_expect
[Fri Jul 25 09:39:24.138107 2025] [ssl:error] [pid 20547:tid 20547] (70014)End of file found: [client 207.46.13.107:2787] AH02013: coalesce failed to read from data bucket
[Fri Jul 25 09:39:28.101392 2025] [proxy:error] [pid 16614:tid 16614] (111)Connection refused: AH00957: http: attempt to connect to 127.0.0.1:2079 (127.0.0.1:2079) failed
[Fri Jul 25 09:39:28.101424 2025] [proxy_http:error] [pid 16614:tid 16614] [client 34.147.28.155:32768] AH01114: HTTP: failed to make connection to backend: 127.0.0.1
[Fri Jul 25 09:39:28.101486 2025] [proxy:error] [pid 16614:tid 16614] (111)Connection refused: AH00957: http: attempt to connect to 127.0.0.1:2079 (127.0.0.1:2079) failed
[Fri Jul 25 09:39:28.101492 2025] [proxy_http:error] [pid 16614:tid 16614] [client 34.147.28.155:32768] AH01114: HTTP: failed to make connection to backend: 127.0.0.1
[Fri Jul 25 09:39:32.365257 2025] [proxy:error] [pid 21087:tid 21087] (111)Connection refused: AH00957: http: attempt to connect to 127.0.0.1:2079 (127.0.0.1:2079) failed
[Fri Jul 25 09:39:32.365306 2025] [proxy_http:error] [pid 21087:tid 21087] [client 34.34.72.221:49152] AH01114: HTTP: failed to make connection to backend: 127.0.0.1
[Fri Jul 25 09:39:32.365379 2025] [proxy:error] [pid 21087:tid 21087] (111)Connection refused: AH00957: http: attempt to connect to 127.0.0.1:2079 (127.0.0.1:2079) failed
[Fri Jul 25 09:39:32.365387 2025] [proxy_http:error] [pid 21087:tid 21087] [client 34.34.72.221:49152] AH01114: HTTP: failed to make connection to backend: 127.0.0.1
[Fri Jul 25 09:39:33.434818 2025] [ssl:error] [pid 21115:tid 21115] (70014)End of file found: [client 20.171.207.136:44564] AH02013: coalesce failed to read from data bucket
[Fri Jul 25 09:39:35.025960 2025] [core:error] [pid 20547:tid 20547] (13)Permission denied: [client 34.238.45.183:4491] AH00132: file permissions deny server access: /home/plittle/public_html/uploads/ALFA_DATA/alfasymlink/root/etc/pure-ftpd.conf.rpmsave
[Fri Jul 25 09:39:36.376498 2025] [core:crit] [pid 21087:tid 21087] (13)Permission denied: [client 47.79.199.135:23128] AH00529: /home/plittle/public_html/uploads/ALFA_DATA/alfasymlink/root/proc/4918/fd/.htaccess pcfg_openfile: unable to check htaccess file, ensure it is readable and that '/home/plittle/public_html/uploads/ALFA_DATA/alfasymlink/root/proc/4918/fd/' is executable, referer: https://www.google.com/
[Fri Jul 25 09:39:36.376539 2025] [core:crit] [pid 21087:tid 21087] (13)Permission denied: [client 47.79.199.135:23128] AH00529: /home/plittle/public_html/uploads/ALFA_DATA/alfasymlink/root/proc/4918/map_files/.htaccess pcfg_openfile: unable to check htaccess file, ensure it is readable and that '/home/plittle/public_html/uploads/ALFA_DATA/alfasymlink/root/proc/4918/map_files/' is executable, referer: https://www.google.com/
[Fri Jul 25 09:39:36.376556 2025] [core:crit] [pid 21087:tid 21087] (13)Permission denied: [client 47.79.199.135:23128] AH00529: /home/plittle/public_html/uploads/ALFA_DATA/alfasymlink/root/proc/4918/fdinfo/.htaccess pcfg_openfile: unable to check htaccess file, ensure it is readable and that '/home/plittle/public_html/uploads/ALFA_DATA/alfasymlink/root/proc/4918/fdinfo/' is executable, referer: https://www.google.com/
[Fri Jul 25 09:39:42.702339 2025] [core:error] [pid 12712:tid 12712] (13)Permission denied: [client 52.200.251.20:64695] AH00132: file permissions deny server access: /home/plittle/public_html/uploads/ALFA_DATA/alfasymlink/root/sys/kernel/slab/kmalloc-128/objs_per_slab
[Fri Jul 25 09:39:44.582468 2025] [proxy:error] [pid 21432:tid 21432] (111)Connection refused: AH00957: http: attempt to connect to 127.0.0.1:2079 (127.0.0.1:2079) failed
[Fri Jul 25 09:39:44.582529 2025] [proxy_http:error] [pid 21432:tid 21432] [client 165.22.232.120:37982] AH01114: HTTP: failed to make connection to backend: 127.0.0.1
[Fri Jul 25 09:39:44.582600 2025] [proxy:error] [pid 21432:tid 21432] (111)Connection refused: AH00957: http: attempt to connect to 127.0.0.1:2079 (127.0.0.1:2079) failed
[Fri Jul 25 09:39:44.582606 2025] [proxy_http:error] [pid 21432:tid 21432] [client 165.22.232.120:37982] AH01114: HTTP: failed to make connection to backend: 127.0.0.1
[Fri Jul 25 09:39:44.768200 2025] [proxy:error] [pid 20547:tid 20547] (111)Connection refused: AH00957: http: attempt to connect to 127.0.0.1:2079 (127.0.0.1:2079) failed
[Fri Jul 25 09:39:44.768231 2025] [proxy_http:error] [pid 20547:tid 20547] [client 165.22.232.120:37996] AH01114: HTTP: failed to make connection to backend: 127.0.0.1, referer: http://cpcalendars.lpolanco.webdev.iyaserver.com/
[Fri Jul 25 09:39:44.768296 2025] [proxy:error] [pid 20547:tid 20547] (111)Connection refused: AH00957: http: attempt to connect to 127.0.0.1:2079 (127.0.0.1:2079) failed
[Fri Jul 25 09:39:44.768302 2025] [proxy_http:error] [pid 20547:tid 20547] [client 165.22.232.120:37996] AH01114: HTTP: failed to make connection to backend: 127.0.0.1, referer: http://cpcalendars.lpolanco.webdev.iyaserver.com/
[Fri Jul 25 09:39:45.139524 2025] [proxy:error] [pid 15279:tid 15279] (111)Connection refused: AH00957: http: attempt to connect to 127.0.0.1:2079 (127.0.0.1:2079) failed
[Fri Jul 25 09:39:45.139557 2025] [proxy_http:error] [pid 15279:tid 15279] [client 165.22.232.120:42604] AH01114: HTTP: failed to make connection to backend: 127.0.0.1
[Fri Jul 25 09:39:45.139613 2025] [proxy:error] [pid 15279:tid 15279] (111)Connection refused: AH00957: http: attempt to connect to 127.0.0.1:2079 (127.0.0.1:2079) failed
[Fri Jul 25 09:39:45.139619 2025] [proxy_http:error] [pid 15279:tid 15279] [client 165.22.232.120:42604] AH01114: HTTP: failed to make connection to backend: 127.0.0.1
[Fri Jul 25 09:39:46.787770 2025] [ssl:error] [pid 20547:tid 20547] (70014)End of file found: [client 35.153.86.200:50155] AH02013: coalesce failed to read from data bucket
[Fri Jul 25 09:39:47.429695 2025] [proxy:error] [pid 12712:tid 12712] (111)Connection refused: AH00957: http: attempt to connect to 127.0.0.1:2079 (127.0.0.1:2079) failed
[Fri Jul 25 09:39:47.429738 2025] [proxy_http:error] [pid 12712:tid 12712] [client 165.22.232.120:42686] AH01114: HTTP: failed to make connection to backend: 127.0.0.1, referer: https://cpcalendars.lpolanco.webdev.iyaserver.com/
[Fri Jul 25 09:39:47.429804 2025] [proxy:error] [pid 12712:tid 12712] (111)Connection refused: AH00957: http: attempt to connect to 127.0.0.1:2079 (127.0.0.1:2079) failed
[Fri Jul 25 09:39:47.429810 2025] [proxy_http:error] [pid 12712:tid 12712] [client 165.22.232.120:42686] AH01114: HTTP: failed to make connection to backend: 127.0.0.1, referer: https://cpcalendars.lpolanco.webdev.iyaserver.com/
[Fri Jul 25 09:39:48.802376 2025] [autoindex:error] [pid 18728:tid 18728] (13)Permission denied: [client 185.191.171.12:51802] AH01275: Can't open directory for index: /home/plittle/public_html/uploads/ALFA_DATA/alfasymlink/root/proc/1504/ns/
[Fri Jul 25 09:39:57.107349 2025] [core:error] [pid 18728:tid 18728] (13)Permission denied: [client 185.191.171.11:47052] AH00132: file permissions deny server access: /home/plittle/public_html/uploads/ALFA_DATA/alfasymlink/root/var/run/gssproxy.pid
[Fri Jul 25 09:40:04.023641 2025] [proxy:error] [pid 21087:tid 21087] (111)Connection refused: AH00957: http: attempt to connect to 127.0.0.1:2079 (127.0.0.1:2079) failed
[Fri Jul 25 09:40:04.023678 2025] [proxy_http:error] [pid 21087:tid 21087] [client 34.34.21.42:16384] AH01114: HTTP: failed to make connection to backend: 127.0.0.1
[Fri Jul 25 09:40:04.023764 2025] [proxy:error] [pid 21087:tid 21087] (111)Connection refused: AH00957: http: attempt to connect to 127.0.0.1:2079 (127.0.0.1:2079) failed
[Fri Jul 25 09:40:04.023772 2025] [proxy_http:error] [pid 21087:tid 21087] [client 34.34.21.42:16384] AH01114: HTTP: failed to make connection to backend: 127.0.0.1
[Fri Jul 25 09:40:09.381931 2025] [core:error] [pid 21087:tid 21087] (13)Permission denied: [client 185.191.171.12:13622] AH00132: file permissions deny server access: /home/plittle/public_html/uploads/ALFA_DATA/alfasymlink/root/proc/5728/net/ip6_tables_targets
[Fri Jul 25 09:40:16.765451 2025] [core:error] [pid 21115:tid 21115] (13)Permission denied: [client 85.208.96.201:14838] AH00132: file permissions deny server access: /home/plittle/public_html/uploads/ALFA_DATA/alfasymlink/root/sys/kernel/slab/:t-0000144/slabs_cpu_partial
[Fri Jul 25 09:40:17.075467 2025] [authz_core:error] [pid 15549:tid 15549] [client 185.247.137.203:39355] AH01630: client denied by server configuration: /home/arrane/public_html/php.ini
[Fri Jul 25 09:40:36.422159 2025] [ssl:error] [pid 12712:tid 12712] (70014)End of file found: [client 20.171.207.136:59930] AH02013: coalesce failed to read from data bucket
[Fri Jul 25 09:40:37.542489 2025] [proxy:error] [pid 21098:tid 21098] (111)Connection refused: AH00957: http: attempt to connect to 127.0.0.1:2079 (127.0.0.1:2079) failed
[Fri Jul 25 09:40:37.542545 2025] [proxy_http:error] [pid 21098:tid 21098] [client 34.34.21.42:16385] AH01114: HTTP: failed to make connection to backend: 127.0.0.1
[Fri Jul 25 09:40:37.542613 2025] [proxy:error] [pid 21098:tid 21098] (111)Connection refused: AH00957: http: attempt to connect to 127.0.0.1:2079 (127.0.0.1:2079) failed
[Fri Jul 25 09:40:37.542619 2025] [proxy_http:error] [pid 21098:tid 21098] [client 34.34.21.42:16385] AH01114: HTTP: failed to make connection to backend: 127.0.0.1
[Fri Jul 25 09:40:42.352287 2025] [proxy:error] [pid 22342:tid 22342] (111)Connection refused: AH00957: http: attempt to connect to 127.0.0.1:2079 (127.0.0.1:2079) failed
[Fri Jul 25 09:40:42.352340 2025] [proxy_http:error] [pid 22342:tid 22342] [client 87.236.176.62:41861] AH01114: HTTP: failed to make connection to backend: 127.0.0.1
[Fri Jul 25 09:40:42.352407 2025] [proxy:error] [pid 22342:tid 22342] (111)Connection refused: AH00957: http: attempt to connect to 127.0.0.1:2079 (127.0.0.1:2079) failed
[Fri Jul 25 09:40:42.352413 2025] [proxy_http:error] [pid 22342:tid 22342] [client 87.236.176.62:41861] AH01114: HTTP: failed to make connection to backend: 127.0.0.1
[Fri Jul 25 09:40:43.874231 2025] [core:error] [pid 22644:tid 22644] (13)Permission denied: [client 185.191.171.6:63336] AH00132: file permissions deny server access: /home/plittle/public_html/uploads/ALFA_DATA/alfasymlink/root/proc/17/net/ip_tables_targets
[Fri Jul 25 09:40:45.862686 2025] [ssl:error] [pid 22342:tid 22342] (5)Input/output error: [client 207.46.13.107:2774] AH02013: coalesce failed to read from data bucket
[Fri Jul 25 09:40:54.581907 2025] [core:error] [pid 22655:tid 22655] (13)Permission denied: [client 185.191.171.8:37246] AH00132: file permissions deny server access: /home/wangshei/public_html/upload/ALFA_DATA/cgialfa/alfasymlink/alfaperl.txt/proc/2543/net/nf_conntrack
[Fri Jul 25 09:41:02.421720 2025] [core:error] [pid 21098:tid 21098] (13)Permission denied: [client 3.229.164.203:9287] AH00132: file permissions deny server access: /home/plittle/public_html/uploads/ALFA_DATA/alfasymlink/root/sys/kernel/slab/dma-kmalloc-2048/red_zone
[Fri Jul 25 09:41:11.133263 2025] [proxy:error] [pid 16614:tid 16614] (111)Connection refused: AH00957: http: attempt to connect to 127.0.0.1:2079 (127.0.0.1:2079) failed
[Fri Jul 25 09:41:11.133296 2025] [proxy_http:error] [pid 16614:tid 16614] [client 34.141.178.234:32771] AH01114: HTTP: failed to make connection to backend: 127.0.0.1
[Fri Jul 25 09:41:11.133355 2025] [proxy:error] [pid 16614:tid 16614] (111)Connection refused: AH00957: http: attempt to connect to 127.0.0.1:2079 (127.0.0.1:2079) failed
[Fri Jul 25 09:41:11.133360 2025] [proxy_http:error] [pid 16614:tid 16614] [client 34.141.178.234:32771] AH01114: HTTP: failed to make connection to backend: 127.0.0.1
[Fri Jul 25 09:41:11.134589 2025] [proxy:error] [pid 22645:tid 22645] (111)Connection refused: AH00957: http: attempt to connect to 127.0.0.1:2079 (127.0.0.1:2079) failed
[Fri Jul 25 09:41:11.134646 2025] [proxy_http:error] [pid 22645:tid 22645] [client 34.141.178.234:32770] AH01114: HTTP: failed to make connection to backend: 127.0.0.1
[Fri Jul 25 09:41:11.134718 2025] [proxy:error] [pid 22645:tid 22645] (111)Connection refused: AH00957: http: attempt to connect to 127.0.0.1:2079 (127.0.0.1:2079) failed
[Fri Jul 25 09:41:11.134725 2025] [proxy_http:error] [pid 22645:tid 22645] [client 34.141.178.234:32770] AH01114: HTTP: failed to make connection to backend: 127.0.0.1
[Fri Jul 25 09:41:11.319327 2025] [ssl:error] [pid 22356:tid 22356] (70014)End of file found: [client 20.171.207.77:34618] AH02013: coalesce failed to read from data bucket
[Fri Jul 25 09:41:24.928167 2025] [core:error] [pid 22653:tid 22653] (13)Permission denied: [client 52.2.83.227:8999] AH00132: file permissions deny server access: /home/plittle/public_html/uploads/ALFA_DATA/alfasymlink/root/etc/ftpd-rsa-key.pem
[Fri Jul 25 09:41:26.129364 2025] [core:error] [pid 22965:tid 22965] (13)Permission denied: [client 54.152.163.42:49225] AH00132: file permissions deny server access: /home/plittle/public_html/uploads/ALFA_DATA/alfasymlink/root/sys/kernel/slab/xfs_inode/remote_node_defrag_ratio
[Fri Jul 25 09:41:29.590536 2025] [proxy:error] [pid 20547:tid 20547] (111)Connection refused: AH00957: http: attempt to connect to 127.0.0.1:2079 (127.0.0.1:2079) failed
[Fri Jul 25 09:41:29.590587 2025] [proxy_http:error] [pid 20547:tid 20547] [client 205.210.31.100:64498] AH01114: HTTP: failed to make connection to backend: 127.0.0.1
[Fri Jul 25 09:41:29.590654 2025] [proxy:error] [pid 20547:tid 20547] (111)Connection refused: AH00957: http: attempt to connect to 127.0.0.1:2079 (127.0.0.1:2079) failed
[Fri Jul 25 09:41:29.590660 2025] [proxy_http:error] [pid 20547:tid 20547] [client 205.210.31.100:64498] AH01114: HTTP: failed to make connection to backend: 127.0.0.1
[Fri Jul 25 09:41:37.881869 2025] [core:error] [pid 22965:tid 22965] (13)Permission denied: [client 3.221.222.168:41591] AH00132: file permissions deny server access: /home/plittle/public_html/uploads/ALFA_DATA/alfasymlink/root/sys/kernel/slab/dma-kmalloc-2048/aliases
[Fri Jul 25 09:41:41.862036 2025] [core:error] [pid 23297:tid 23297] (13)Permission denied: [client 54.198.33.233:30056] AH00132: file permissions deny server access: /home/plittle/public_html/uploads/ALFA_DATA/alfasymlink/root/sys/kernel/slab/dma-kmalloc-64/objects
[Fri Jul 25 09:41:44.981857 2025] [proxy:error] [pid 21114:tid 21114] (111)Connection refused: AH00957: http: attempt to connect to 127.0.0.1:2079 (127.0.0.1:2079) failed
[Fri Jul 25 09:41:44.981915 2025] [proxy_http:error] [pid 21114:tid 21114] [client 34.34.21.42:16388] AH01114: HTTP: failed to make connection to backend: 127.0.0.1
[Fri Jul 25 09:41:44.981984 2025] [proxy:error] [pid 21114:tid 21114] (111)Connection refused: AH00957: http: attempt to connect to 127.0.0.1:2079 (127.0.0.1:2079) failed
[Fri Jul 25 09:41:44.981990 2025] [proxy_http:error] [pid 21114:tid 21114] [client 34.34.21.42:16388] AH01114: HTTP: failed to make connection to backend: 127.0.0.1
[Fri Jul 25 09:41:46.501921 2025] [core:error] [pid 23313:tid 23313] (13)Permission denied: [client 85.208.96.209:30528] AH00132: file permissions deny server access: /home/wangshei/public_html/upload/ALFA_DATA/cgialfa/alfasymlink/alfaperl.txt/usr/bin/chsh
[Fri Jul 25 09:41:50.946100 2025] [proxy:error] [pid 23313:tid 23313] (111)Connection refused: AH00957: http: attempt to connect to 127.0.0.1:2079 (127.0.0.1:2079) failed
[Fri Jul 25 09:41:50.946133 2025] [proxy_http:error] [pid 23313:tid 23313] [client 205.210.31.26:64296] AH01114: HTTP: failed to make connection to backend: 127.0.0.1
[Fri Jul 25 09:41:50.946202 2025] [proxy:error] [pid 23313:tid 23313] (111)Connection refused: AH00957: http: attempt to connect to 127.0.0.1:2079 (127.0.0.1:2079) failed
[Fri Jul 25 09:41:50.946207 2025] [proxy_http:error] [pid 23313:tid 23313] [client 205.210.31.26:64296] AH01114: HTTP: failed to make connection to backend: 127.0.0.1
[Fri Jul 25 09:41:50.981872 2025] [core:error] [pid 22356:tid 22356] (13)Permission denied: [client 3.232.39.98:31916] AH00132: file permissions deny server access: /home/plittle/public_html/uploads/ALFA_DATA/alfasymlink/root/sys/kernel/slab/dma-kmalloc-96/total_objects
