[Fri Jul 25 09:06:35.461541 2025] [ssl:error] [pid 31414:tid 31414] (70014)End of file found: [client 184.73.68.20:31106] AH02013: coalesce failed to read from data bucket
[Fri Jul 25 09:06:38.176183 2025] [core:error] [pid 31485:tid 31485] (13)Permission denied: [client 52.0.63.151:23467] AH00132: file permissions deny server access: /home/plittle/public_html/uploads/ALFA_DATA/alfasymlink/root/sys/bus/cpu/drivers/processor/cpu0/driver/cpu0/firmware_node/physical_node/firmware_node/physical_node/firmware_node/physical_node/firmware_node/physical_node/driver/unbind
[Fri Jul 25 09:06:39.107693 2025] [core:error] [pid 31498:tid 31498] (13)Permission denied: [client 85.208.96.212:56280] AH00132: file permissions deny server access: /home/plittle/public_html/uploads/ALFA_DATA/alfasymlink/root/etc/ssh/sshd_config
[Fri Jul 25 09:06:46.150855 2025] [ssl:error] [pid 28147:tid 28147] (70014)End of file found: [client 20.171.207.246:36462] AH02013: coalesce failed to read from data bucket
[Fri Jul 25 09:06:58.653745 2025] [core:error] [pid 31485:tid 31485] (13)Permission denied: [client 3.225.9.97:19410] AH00132: file permissions deny server access: /home/plittle/public_html/uploads/ALFA_DATA/alfasymlink/root/sys/kernel/slab/tcp_bind_bucket/remote_node_defrag_ratio
[Fri Jul 25 09:07:21.189175 2025] [ssl:error] [pid 30970:tid 30970] (70014)End of file found: [client 207.46.13.31:21709] AH02013: coalesce failed to read from data bucket
[Fri Jul 25 09:07:26.103733 2025] [core:error] [pid 31473:tid 31473] (13)Permission denied: [client 85.208.96.212:49150] AH00132: file permissions deny server access: /home/plittle/public_html/uploads/ALFA_DATA/alfasymlink/root/sys/kernel/slab/ip_fib_alias/total_objects
[Fri Jul 25 09:07:26.633611 2025] [authz_core:error] [pid 28147:tid 28147] [client 205.210.31.51:65436] AH01630: client denied by server configuration: /home/lykinsel/public_html/php.ini
[Fri Jul 25 09:07:30.181874 2025] [core:error] [pid 30970:tid 30970] (13)Permission denied: [client 54.84.93.8:2983] AH00132: file permissions deny server access: /home/plittle/public_html/uploads/ALFA_DATA/alfasymlink/root/sys/bus/cpu/drivers/processor/cpu2/firmware_node/physical_node/firmware_node/physical_node/firmware_node/physical_node/firmware_node/eject
[Fri Jul 25 09:07:33.583930 2025] [core:error] [pid 32082:tid 32082] (13)Permission denied: [client 185.191.171.17:40622] AH00132: file permissions deny server access: /home/plittle/public_html/uploads/ALFA_DATA/alfasymlink/root/sys/kernel/slab/jbd2_journal_handle/reserved
[Fri Jul 25 09:07:37.916833 2025] [core:error] [pid 31816:tid 31816] (13)Permission denied: [client 85.208.96.196:27138] AH00132: file permissions deny server access: /home/plittle/public_html/uploads/ALFA_DATA/alfasymlink/root/proc/29/net/ip_tables_targets
[Fri Jul 25 09:07:48.357343 2025] [ssl:error] [pid 30962:tid 30962] (70014)End of file found: [client 20.171.207.246:45468] AH02013: coalesce failed to read from data bucket
[Fri Jul 25 09:07:57.828541 2025] [ssl:error] [pid 24120:tid 24120] (70014)End of file found: [client 35.174.141.243:6437] AH02013: coalesce failed to read from data bucket
[Fri Jul 25 09:08:14.789634 2025] [ssl:error] [pid 27698:tid 27698] (70014)End of file found: [client 207.46.13.116:60648] AH02013: coalesce failed to read from data bucket
[Fri Jul 25 09:08:22.702201 2025] [core:error] [pid 31473:tid 31473] (13)Permission denied: [client 52.1.106.130:39446] AH00132: file permissions deny server access: /home/plittle/public_html/uploads/ALFA_DATA/alfasymlink/root/sys/kernel/slab/:t-0000096/poison
[Fri Jul 25 09:08:51.551866 2025] [ssl:error] [pid 32711:tid 32711] (70014)End of file found: [client 20.171.207.246:48944] AH02013: coalesce failed to read from data bucket
[Fri Jul 25 09:08:51.891689 2025] [core:error] [pid 31473:tid 31473] (13)Permission denied: [client 85.208.96.212:59010] AH00132: file permissions deny server access: /home/plittle/public_html/uploads/ALFA_DATA/alfasymlink/root/etc/dbowners
[Fri Jul 25 09:08:56.782678 2025] [proxy:error] [pid 32499:tid 32499] (111)Connection refused: AH00957: http: attempt to connect to 127.0.0.1:2079 (127.0.0.1:2079) failed
[Fri Jul 25 09:08:56.782752 2025] [proxy_http:error] [pid 32499:tid 32499] [client 198.235.24.200:58774] AH01114: HTTP: failed to make connection to backend: 127.0.0.1
[Fri Jul 25 09:08:56.782822 2025] [proxy:error] [pid 32499:tid 32499] (111)Connection refused: AH00957: http: attempt to connect to 127.0.0.1:2079 (127.0.0.1:2079) failed
[Fri Jul 25 09:08:56.782828 2025] [proxy_http:error] [pid 32499:tid 32499] [client 198.235.24.200:58774] AH01114: HTTP: failed to make connection to backend: 127.0.0.1
[Fri Jul 25 09:09:03.157260 2025] [core:error] [pid 32499:tid 32499] (13)Permission denied: [client 185.191.171.19:47110] AH00132: file permissions deny server access: /home/plittle/public_html/uploads/ALFA_DATA/alfasymlink/root/sys/kernel/slab/pid_namespace/shrink
[Fri Jul 25 09:09:07.142107 2025] [core:error] [pid 32499:tid 32499] (13)Permission denied: [client 3.231.193.38:8593] AH00132: file permissions deny server access: /home/plittle/public_html/uploads/ALFA_DATA/alfasymlink/root/sys/kernel/slab/:t-0000080/hwcache_align
[Fri Jul 25 09:09:09.867827 2025] [core:error] [pid 28147:tid 28147] (13)Permission denied: [client 54.84.250.51:47579] AH00132: file permissions deny server access: /home/plittle/public_html/uploads/ALFA_DATA/alfasymlink/root/sys/kernel/slab/xfs_inode/reclaim_account
[Fri Jul 25 09:09:14.688900 2025] [core:error] [pid 28147:tid 28147] (13)Permission denied: [client 3.222.85.38:63700] AH00132: file permissions deny server access: /home/plittle/public_html/uploads/ALFA_DATA/alfasymlink/root/etc/shadow
[Fri Jul 25 09:09:28.422338 2025] [core:error] [pid 470:tid 470] (13)Permission denied: [client 100.28.118.16:12622] AH00132: file permissions deny server access: /home/plittle/public_html/uploads/ALFA_DATA/alfasymlink/root/sys/devices/system/cpu/cpu0/driver/cpu2/firmware_node/physical_node/firmware_node/physical_node/firmware_node/eject
[Fri Jul 25 09:09:31.597230 2025] [core:error] [pid 1213:tid 1213] (13)Permission denied: [client 85.208.96.209:61540] AH00132: file permissions deny server access: /home/plittle/public_html/uploads/ALFA_DATA/alfasymlink/root/proc/4812/net/ip_tables_names
[Fri Jul 25 09:09:33.961191 2025] [core:error] [pid 32710:tid 32710] (13)Permission denied: [client 18.207.89.138:5240] AH00132: file permissions deny server access: /home/plittle/public_html/uploads/ALFA_DATA/alfasymlink/root/sys/kernel/slab/xfs_inode/destroy_by_rcu
[Fri Jul 25 09:09:57.165285 2025] [ssl:error] [pid 1188:tid 1188] (70014)End of file found: [client 20.171.207.246:41970] AH02013: coalesce failed to read from data bucket
[Fri Jul 25 09:10:11.608212 2025] [proxy:error] [pid 32499:tid 32499] (111)Connection refused: AH00957: http: attempt to connect to 127.0.0.1:2079 (127.0.0.1:2079) failed
[Fri Jul 25 09:10:11.608248 2025] [proxy_http:error] [pid 32499:tid 32499] [client 87.236.176.239:44953] AH01114: HTTP: failed to make connection to backend: 127.0.0.1
[Fri Jul 25 09:10:11.608325 2025] [proxy:error] [pid 32499:tid 32499] (111)Connection refused: AH00957: http: attempt to connect to 127.0.0.1:2079 (127.0.0.1:2079) failed
[Fri Jul 25 09:10:11.608332 2025] [proxy_http:error] [pid 32499:tid 32499] [client 87.236.176.239:44953] AH01114: HTTP: failed to make connection to backend: 127.0.0.1
[Fri Jul 25 09:10:12.972816 2025] [ssl:error] [pid 1188:tid 1188] (70014)End of file found: [client 52.3.102.51:55780] AH02013: coalesce failed to read from data bucket
[Fri Jul 25 09:10:14.727251 2025] [ssl:error] [pid 28147:tid 28147] (70014)End of file found: [client 185.191.171.16:55538] AH02013: coalesce failed to read from data bucket
[Fri Jul 25 09:10:38.995113 2025] [core:error] [pid 32499:tid 32499] (13)Permission denied: [client 34.226.89.140:47496] AH00132: file permissions deny server access: /home/plittle/public_html/uploads/ALFA_DATA/alfasymlink/root/sys/kernel/slab/xfs_buf_item/poison
[Fri Jul 25 09:10:47.944811 2025] [ssl:error] [pid 1210:tid 1210] (70014)End of file found: [client 20.171.207.40:57462] AH02013: coalesce failed to read from data bucket
[Fri Jul 25 09:10:58.383322 2025] [authz_core:error] [pid 1577:tid 1577] [client 18.189.1.240:54614] AH01630: client denied by server configuration: /home/mingxinw/public_html/error_log
[Fri Jul 25 09:10:58.800631 2025] [authz_core:error] [pid 1577:tid 1577] [client 18.189.1.240:54614] AH01630: client denied by server configuration: /home/mingxinw/public_html/edit-update/error_log
[Fri Jul 25 09:10:59.165279 2025] [authz_core:error] [pid 1577:tid 1577] [client 18.189.1.240:54614] AH01630: client denied by server configuration: /home/mingxinw/public_html/acad276/error_log
[Fri Jul 25 09:11:02.466706 2025] [ssl:error] [pid 859:tid 859] (70014)End of file found: [client 20.171.207.246:53348] AH02013: coalesce failed to read from data bucket
[Fri Jul 25 09:11:11.038959 2025] [core:error] [pid 1569:tid 1569] (13)Permission denied: [client 185.191.171.4:64394] AH00132: file permissions deny server access: /home/wangshei/public_html/upload/ALFA_DATA/cgialfa/alfasymlink/alfaperl.txt/proc/sys/vm/mmap_rnd_compat_bits
[Fri Jul 25 09:11:21.469372 2025] [proxy_fcgi:error] [pid 1569:tid 1569] [client 52.0.218.219:54377] AH01071: Got error 'Primary script unknown'
[Fri Jul 25 09:11:37.207603 2025] [core:error] [pid 1550:tid 1550] (13)Permission denied: [client 185.191.171.2:21906] AH00132: file permissions deny server access: /home/plittle/public_html/uploads/ALFA_DATA/alfasymlink/root/sys/kernel/slab/jbd2_journal_handle/objects_partial
[Fri Jul 25 09:11:38.431858 2025] [core:error] [pid 1581:tid 1581] (13)Permission denied: [client 85.208.96.200:54588] AH00132: file permissions deny server access: /home/plittle/public_html/uploads/ALFA_DATA/alfasymlink/root/sys/kernel/slab/bsg_cmd/aliases
[Fri Jul 25 09:11:40.022426 2025] [core:error] [pid 1569:tid 1569] (13)Permission denied: [client 3.232.39.98:29393] AH00132: file permissions deny server access: /home/plittle/public_html/uploads/ALFA_DATA/alfasymlink/root/sys/kernel/slab/dma-kmalloc-1024/trace
[Fri Jul 25 09:11:42.092719 2025] [core:error] [pid 1581:tid 1581] (13)Permission denied: [client 54.89.90.224:48908] AH00132: file permissions deny server access: /home/plittle/public_html/uploads/ALFA_DATA/alfasymlink/root/sys/kernel/slab/:at-0000104/remote_node_defrag_ratio
[Fri Jul 25 09:11:44.674395 2025] [core:error] [pid 1581:tid 1581] (13)Permission denied: [client 85.208.96.197:39406] AH00132: file permissions deny server access: /home/plittle/public_html/uploads/ALFA_DATA/alfasymlink/root/sys/kernel/slab/jbd2_journal_handle/objects
[Fri Jul 25 09:11:47.586008 2025] [ssl:error] [pid 1579:tid 1579] (70014)End of file found: [client 85.208.96.201:27584] AH02013: coalesce failed to read from data bucket
[Fri Jul 25 09:11:49.962441 2025] [cgi:error] [pid 31816:tid 31816] [client 198.235.24.15:58210] AH01215: stderr from /usr/local/cpanel/cgi-sys/defaultwebpage.cgi: 403 (Forbidden): 403 Forbidden
[Fri Jul 25 09:11:49.962551 2025] [cgi:error] [pid 31816:tid 31816] [client 198.235.24.15:58210] AH01215: stderr from /usr/local/cpanel/cgi-sys/defaultwebpage.cgi: Executing in an invalid environment for the supplied user at /usr/local/cpanel/Cpanel/CGI/NoForm.pm line 157.
[Fri Jul 25 09:11:52.589157 2025] [core:error] [pid 31816:tid 31816] (13)Permission denied: [client 34.206.193.60:54262] AH00132: file permissions deny server access: /home/plittle/public_html/uploads/ALFA_DATA/alfasymlink/root/sys/kernel/slab/RAW/remote_node_defrag_ratio
[Fri Jul 25 09:11:57.599642 2025] [core:error] [pid 1209:tid 1209] (13)Permission denied: [client 185.191.171.2:13326] AH00132: file permissions deny server access: /home/plittle/public_html/uploads/ALFA_DATA/alfasymlink/root/proc/2210/auxv
[Fri Jul 25 09:12:05.025992 2025] [core:error] [pid 1218:tid 1218] (13)Permission denied: [client 85.208.96.202:50470] AH00132: file permissions deny server access: /home/wangshei/public_html/upload/ALFA_DATA/cgialfa/alfasymlink/alfaperl.txt/proc/2050/pagemap
[Fri Jul 25 09:12:06.446819 2025] [core:error] [pid 1576:tid 1576] (13)Permission denied: [client 34.234.197.175:40639] AH00132: file permissions deny server access: /home/plittle/public_html/uploads/ALFA_DATA/alfasymlink/root/sys/kernel/slab/:t-0000008/store_user
[Fri Jul 25 09:12:10.662654 2025] [core:error] [pid 1581:tid 1581] (13)Permission denied: [client 34.236.41.241:1561] AH00132: file permissions deny server access: /home/plittle/public_html/uploads/ALFA_DATA/alfasymlink/root/sys/kernel/slab/:t-0000128/destroy_by_rcu
[Fri Jul 25 09:12:11.189327 2025] [core:crit] [pid 1577:tid 1577] (13)Permission denied: [client 47.79.201.133:19258] AH00529: /home/plittle/public_html/uploads/ALFA_DATA/alfasymlink/root/proc/3688/fd/.htaccess pcfg_openfile: unable to check htaccess file, ensure it is readable and that '/home/plittle/public_html/uploads/ALFA_DATA/alfasymlink/root/proc/3688/fd/' is executable, referer: https://www.google.com/
[Fri Jul 25 09:12:11.189380 2025] [core:crit] [pid 1577:tid 1577] (13)Permission denied: [client 47.79.201.133:19258] AH00529: /home/plittle/public_html/uploads/ALFA_DATA/alfasymlink/root/proc/3688/map_files/.htaccess pcfg_openfile: unable to check htaccess file, ensure it is readable and that '/home/plittle/public_html/uploads/ALFA_DATA/alfasymlink/root/proc/3688/map_files/' is executable, referer: https://www.google.com/
[Fri Jul 25 09:12:11.189397 2025] [core:crit] [pid 1577:tid 1577] (13)Permission denied: [client 47.79.201.133:19258] AH00529: /home/plittle/public_html/uploads/ALFA_DATA/alfasymlink/root/proc/3688/fdinfo/.htaccess pcfg_openfile: unable to check htaccess file, ensure it is readable and that '/home/plittle/public_html/uploads/ALFA_DATA/alfasymlink/root/proc/3688/fdinfo/' is executable, referer: https://www.google.com/
[Fri Jul 25 09:12:14.658575 2025] [core:crit] [pid 1576:tid 1576] (13)Permission denied: [client 47.79.199.189:22838] AH00529: /home/plittle/public_html/uploads/ALFA_DATA/alfasymlink/root/proc/2254/fd/.htaccess pcfg_openfile: unable to check htaccess file, ensure it is readable and that '/home/plittle/public_html/uploads/ALFA_DATA/alfasymlink/root/proc/2254/fd/' is executable, referer: https://www.google.com/
[Fri Jul 25 09:12:14.658616 2025] [core:crit] [pid 1576:tid 1576] (13)Permission denied: [client 47.79.199.189:22838] AH00529: /home/plittle/public_html/uploads/ALFA_DATA/alfasymlink/root/proc/2254/map_files/.htaccess pcfg_openfile: unable to check htaccess file, ensure it is readable and that '/home/plittle/public_html/uploads/ALFA_DATA/alfasymlink/root/proc/2254/map_files/' is executable, referer: https://www.google.com/
[Fri Jul 25 09:12:14.658633 2025] [core:crit] [pid 1576:tid 1576] (13)Permission denied: [client 47.79.199.189:22838] AH00529: /home/plittle/public_html/uploads/ALFA_DATA/alfasymlink/root/proc/2254/fdinfo/.htaccess pcfg_openfile: unable to check htaccess file, ensure it is readable and that '/home/plittle/public_html/uploads/ALFA_DATA/alfasymlink/root/proc/2254/fdinfo/' is executable, referer: https://www.google.com/
[Fri Jul 25 09:12:22.036275 2025] [core:error] [pid 1218:tid 1218] (13)Permission denied: [client 52.4.76.156:39354] AH00132: file permissions deny server access: /home/plittle/public_html/uploads/ALFA_DATA/alfasymlink/root/sys/kernel/slab/kmalloc-8192/min_partial
[Fri Jul 25 09:12:55.687811 2025] [core:crit] [pid 3166:tid 3166] (13)Permission denied: [client 47.79.200.157:40797] AH00529: /home/plittle/public_html/uploads/ALFA_DATA/alfasymlink/root/proc/2227/fd/.htaccess pcfg_openfile: unable to check htaccess file, ensure it is readable and that '/home/plittle/public_html/uploads/ALFA_DATA/alfasymlink/root/proc/2227/fd/' is executable, referer: https://www.google.com/
[Fri Jul 25 09:12:55.687866 2025] [core:crit] [pid 3166:tid 3166] (13)Permission denied: [client 47.79.200.157:40797] AH00529: /home/plittle/public_html/uploads/ALFA_DATA/alfasymlink/root/proc/2227/map_files/.htaccess pcfg_openfile: unable to check htaccess file, ensure it is readable and that '/home/plittle/public_html/uploads/ALFA_DATA/alfasymlink/root/proc/2227/map_files/' is executable, referer: https://www.google.com/
[Fri Jul 25 09:12:55.687883 2025] [core:crit] [pid 3166:tid 3166] (13)Permission denied: [client 47.79.200.157:40797] AH00529: /home/plittle/public_html/uploads/ALFA_DATA/alfasymlink/root/proc/2227/fdinfo/.htaccess pcfg_openfile: unable to check htaccess file, ensure it is readable and that '/home/plittle/public_html/uploads/ALFA_DATA/alfasymlink/root/proc/2227/fdinfo/' is executable, referer: https://www.google.com/
[Fri Jul 25 09:13:03.738210 2025] [proxy:error] [pid 3180:tid 3180] (111)Connection refused: AH00957: http: attempt to connect to 127.0.0.1:2079 (127.0.0.1:2079) failed
[Fri Jul 25 09:13:03.738257 2025] [proxy_http:error] [pid 3180:tid 3180] [client 185.247.137.249:54271] AH01114: HTTP: failed to make connection to backend: 127.0.0.1
[Fri Jul 25 09:13:03.738324 2025] [proxy:error] [pid 3180:tid 3180] (111)Connection refused: AH00957: http: attempt to connect to 127.0.0.1:2079 (127.0.0.1:2079) failed
[Fri Jul 25 09:13:03.738330 2025] [proxy_http:error] [pid 3180:tid 3180] [client 185.247.137.249:54271] AH01114: HTTP: failed to make connection to backend: 127.0.0.1
[Fri Jul 25 09:13:03.756106 2025] [core:error] [pid 1567:tid 1567] (13)Permission denied: [client 18.215.49.176:54039] AH00132: file permissions deny server access: /home/plittle/public_html/uploads/ALFA_DATA/alfasymlink/root/sys/kernel/slab/kmalloc-2048/ctor
[Fri Jul 25 09:13:05.209283 2025] [core:error] [pid 2971:tid 2971] (13)Permission denied: [client 3.216.13.10:18528] AH00132: file permissions deny server access: /home/plittle/public_html/uploads/ALFA_DATA/alfasymlink/root/sys/kernel/slab/:at-0000088/red_zone
[Fri Jul 25 09:13:17.540261 2025] [authz_core:error] [pid 31816:tid 31816] [client 216.73.216.150:48018] AH01630: client denied by server configuration: /home/acadta/public_html/acad276exams_20233/wangshei/error_log
[Fri Jul 25 09:13:18.402259 2025] [core:error] [pid 859:tid 859] (13)Permission denied: [client 185.191.171.13:25430] AH00132: file permissions deny server access: /home/plittle/public_html/uploads/ALFA_DATA/alfasymlink/root/sys/devices/system/memory/hard_offline_page
[Fri Jul 25 09:13:18.661530 2025] [ssl:error] [pid 859:tid 859] (70014)End of file found: [client 207.46.13.154:51851] AH02013: coalesce failed to read from data bucket
[Fri Jul 25 09:13:29.668578 2025] [core:error] [pid 3535:tid 3535] (13)Permission denied: [client 185.191.171.4:63854] AH00132: file permissions deny server access: /home/plittle/public_html/uploads/ALFA_DATA/alfasymlink/root/proc/2496/maps
[Fri Jul 25 09:13:44.265433 2025] [proxy_fcgi:error] [pid 3518:tid 3518] [client 188.166.225.158:64058] AH01071: Got error 'Primary script unknown', referer: https://mail.trf.net//blog//wp-login.php
[Fri Jul 25 09:13:50.885158 2025] [core:error] [pid 2996:tid 2996] (13)Permission denied: [client 185.191.171.14:63208] AH00132: file permissions deny server access: /home/plittle/public_html/uploads/ALFA_DATA/alfasymlink/root/proc/9332/maps
[Fri Jul 25 09:13:56.276723 2025] [ssl:error] [pid 1210:tid 1210] (70014)End of file found: [client 20.171.207.222:58134] AH02013: coalesce failed to read from data bucket
[Fri Jul 25 09:14:03.867525 2025] [ssl:error] [pid 3165:tid 3165] (70014)End of file found: [client 3.94.156.104:16678] AH02013: coalesce failed to read from data bucket
[Fri Jul 25 09:14:09.588894 2025] [ssl:error] [pid 2971:tid 2971] (70014)End of file found: [client 20.171.207.52:46098] AH02013: coalesce failed to read from data bucket
[Fri Jul 25 09:14:32.454293 2025] [core:error] [pid 4252:tid 4252] (13)Permission denied: [client 185.191.171.13:45768] AH00132: file permissions deny server access: /home/plittle/public_html/uploads/ALFA_DATA/alfasymlink/root/proc/1292/numa_maps
[Fri Jul 25 09:14:37.430771 2025] [ssl:error] [pid 4252:tid 4252] (70014)End of file found: [client 3.223.134.5:25772] AH02013: coalesce failed to read from data bucket
[Fri Jul 25 09:14:41.320801 2025] [ssl:error] [pid 4267:tid 4267] (70014)End of file found: [client 52.0.218.219:61360] AH02013: coalesce failed to read from data bucket
[Fri Jul 25 09:14:50.057979 2025] [core:error] [pid 4286:tid 4286] (13)Permission denied: [client 185.191.171.2:52518] AH00132: file permissions deny server access: /home/plittle/public_html/uploads/ALFA_DATA/alfasymlink/root/proc/8461/auxv
[Fri Jul 25 09:14:50.387611 2025] [core:error] [pid 4295:tid 4295] (13)Permission denied: [client 184.73.239.35:47116] AH00132: file permissions deny server access: /home/plittle/public_html/uploads/ALFA_DATA/alfasymlink/root/sys/bus/cpu/drivers/processor/cpu1/driver/cpu2/firmware_node/physical_node/firmware_node/physical_node/firmware_node/eject
[Fri Jul 25 09:14:54.608646 2025] [core:error] [pid 4286:tid 4286] (13)Permission denied: [client 34.194.14.255:23458] AH00132: file permissions deny server access: /home/plittle/public_html/uploads/ALFA_DATA/alfasymlink/root/sys/kernel/slab/dentry/slabs_cpu_partial
[Fri Jul 25 09:15:10.256022 2025] [core:error] [pid 4904:tid 4904] (13)Permission denied: [client 85.208.96.201:23988] AH00132: file permissions deny server access: /home/plittle/public_html/uploads/ALFA_DATA/alfasymlink/root/proc/3206/clear_refs
[Fri Jul 25 09:15:11.233957 2025] [ssl:error] [pid 4252:tid 4252] (5)Input/output error: [client 20.171.207.52:48906] AH02013: coalesce failed to read from data bucket
[Fri Jul 25 09:15:19.307066 2025] [core:error] [pid 2971:tid 2971] (13)Permission denied: [client 185.191.171.3:41008] AH00132: file permissions deny server access: /home/plittle/public_html/uploads/ALFA_DATA/alfasymlink/root/proc/23/io
[Fri Jul 25 09:15:33.658670 2025] [proxy:error] [pid 3533:tid 3533] (111)Connection refused: AH00957: http: attempt to connect to 127.0.0.1:2079 (127.0.0.1:2079) failed
[Fri Jul 25 09:15:33.658738 2025] [proxy_http:error] [pid 3533:tid 3533] [client 146.190.72.218:43050] AH01114: HTTP: failed to make connection to backend: 127.0.0.1
[Fri Jul 25 09:15:33.658821 2025] [proxy:error] [pid 3533:tid 3533] (111)Connection refused: AH00957: http: attempt to connect to 127.0.0.1:2079 (127.0.0.1:2079) failed
[Fri Jul 25 09:15:33.658827 2025] [proxy_http:error] [pid 3533:tid 3533] [client 146.190.72.218:43050] AH01114: HTTP: failed to make connection to backend: 127.0.0.1
[Fri Jul 25 09:15:33.869029 2025] [proxy:error] [pid 4252:tid 4252] (111)Connection refused: AH00957: http: attempt to connect to 127.0.0.1:2079 (127.0.0.1:2079) failed
[Fri Jul 25 09:15:33.869062 2025] [proxy_http:error] [pid 4252:tid 4252] [client 146.190.72.218:43052] AH01114: HTTP: failed to make connection to backend: 127.0.0.1, referer: http://cpcalendars.kncaldwe.webdev.iyaserver.com/
[Fri Jul 25 09:15:33.869161 2025] [proxy:error] [pid 4252:tid 4252] (111)Connection refused: AH00957: http: attempt to connect to 127.0.0.1:2079 (127.0.0.1:2079) failed
[Fri Jul 25 09:15:33.869169 2025] [proxy_http:error] [pid 4252:tid 4252] [client 146.190.72.218:43052] AH01114: HTTP: failed to make connection to backend: 127.0.0.1, referer: http://cpcalendars.kncaldwe.webdev.iyaserver.com/
[Fri Jul 25 09:15:34.185006 2025] [proxy:error] [pid 4903:tid 4903] (111)Connection refused: AH00957: http: attempt to connect to 127.0.0.1:2079 (127.0.0.1:2079) failed
[Fri Jul 25 09:15:34.185059 2025] [proxy_http:error] [pid 4903:tid 4903] [client 146.190.72.218:60118] AH01114: HTTP: failed to make connection to backend: 127.0.0.1
[Fri Jul 25 09:15:34.185147 2025] [proxy:error] [pid 4903:tid 4903] (111)Connection refused: AH00957: http: attempt to connect to 127.0.0.1:2079 (127.0.0.1:2079) failed
[Fri Jul 25 09:15:34.185155 2025] [proxy_http:error] [pid 4903:tid 4903] [client 146.190.72.218:60118] AH01114: HTTP: failed to make connection to backend: 127.0.0.1
[Fri Jul 25 09:15:36.418753 2025] [proxy:error] [pid 4295:tid 4295] (111)Connection refused: AH00957: http: attempt to connect to 127.0.0.1:2079 (127.0.0.1:2079) failed
[Fri Jul 25 09:15:36.418790 2025] [proxy_http:error] [pid 4295:tid 4295] [client 146.190.72.218:60222] AH01114: HTTP: failed to make connection to backend: 127.0.0.1, referer: https://cpcalendars.kncaldwe.webdev.iyaserver.com/
[Fri Jul 25 09:15:36.418858 2025] [proxy:error] [pid 4295:tid 4295] (111)Connection refused: AH00957: http: attempt to connect to 127.0.0.1:2079 (127.0.0.1:2079) failed
[Fri Jul 25 09:15:36.418864 2025] [proxy_http:error] [pid 4295:tid 4295] [client 146.190.72.218:60222] AH01114: HTTP: failed to make connection to backend: 127.0.0.1, referer: https://cpcalendars.kncaldwe.webdev.iyaserver.com/
[Fri Jul 25 09:15:38.664896 2025] [core:error] [pid 4267:tid 4267] (13)Permission denied: [client 185.191.171.8:29878] AH00132: file permissions deny server access: /home/plittle/public_html/uploads/ALFA_DATA/alfasymlink/root/sys/kernel/slab/dio/cpu_partial
[Fri Jul 25 09:15:38.744746 2025] [core:error] [pid 4286:tid 4286] (13)Permission denied: [client 85.208.96.200:40882] AH00132: file permissions deny server access: /home/plittle/public_html/uploads/ALFA_DATA/alfasymlink/root/sys/kernel/slab/ip_fib_alias/remote_node_defrag_ratio
[Fri Jul 25 09:15:39.503248 2025] [core:error] [pid 2971:tid 2971] (13)Permission denied: [client 85.208.96.204:15834] AH00132: file permissions deny server access: /home/wangshei/public_html/upload/ALFA_DATA/cgialfa/alfasymlink/alfaperl.txt/proc/301/net/nf_conntrack
[Fri Jul 25 09:15:48.998792 2025] [ssl:error] [pid 4903:tid 4903] (70014)End of file found: [client 207.46.13.154:51897] AH02013: coalesce failed to read from data bucket
[Fri Jul 25 09:15:56.306578 2025] [core:error] [pid 2971:tid 2971] (13)Permission denied: [client 185.191.171.16:65196] AH00132: file permissions deny server access: /home/plittle/public_html/uploads/ALFA_DATA/alfasymlink/root/proc/1406/pagemap
[Fri Jul 25 09:16:04.062778 2025] [core:error] [pid 4267:tid 4267] (13)Permission denied: [client 185.191.171.5:29204] AH00132: file permissions deny server access: /home/wangshei/public_html/upload/ALFA_DATA/cgialfa/alfasymlink/alfaperl.txt/proc/4096/net/ip_tables_matches
[Fri Jul 25 09:16:05.308856 2025] [ssl:error] [pid 5378:tid 5378] (70014)End of file found: [client 20.171.207.222:33288] AH02013: coalesce failed to read from data bucket
[Fri Jul 25 09:16:07.982277 2025] [core:crit] [pid 4248:tid 4248] (13)Permission denied: [client 47.79.212.173:54192] AH00529: /home/plittle/public_html/uploads/ALFA_DATA/alfasymlink/root/proc/7041/fd/.htaccess pcfg_openfile: unable to check htaccess file, ensure it is readable and that '/home/plittle/public_html/uploads/ALFA_DATA/alfasymlink/root/proc/7041/fd/' is executable, referer: https://www.google.com/
[Fri Jul 25 09:16:07.982342 2025] [core:crit] [pid 4248:tid 4248] (13)Permission denied: [client 47.79.212.173:54192] AH00529: /home/plittle/public_html/uploads/ALFA_DATA/alfasymlink/root/proc/7041/map_files/.htaccess pcfg_openfile: unable to check htaccess file, ensure it is readable and that '/home/plittle/public_html/uploads/ALFA_DATA/alfasymlink/root/proc/7041/map_files/' is executable, referer: https://www.google.com/
[Fri Jul 25 09:16:07.982360 2025] [core:crit] [pid 4248:tid 4248] (13)Permission denied: [client 47.79.212.173:54192] AH00529: /home/plittle/public_html/uploads/ALFA_DATA/alfasymlink/root/proc/7041/fdinfo/.htaccess pcfg_openfile: unable to check htaccess file, ensure it is readable and that '/home/plittle/public_html/uploads/ALFA_DATA/alfasymlink/root/proc/7041/fdinfo/' is executable, referer: https://www.google.com/
[Fri Jul 25 09:16:11.867266 2025] [ssl:error] [pid 2980:tid 2980] (70014)End of file found: [client 20.171.207.52:38442] AH02013: coalesce failed to read from data bucket
[Fri Jul 25 09:16:16.060304 2025] [proxy:error] [pid 3533:tid 3533] (111)Connection refused: AH00957: http: attempt to connect to 127.0.0.1:2079 (127.0.0.1:2079) failed
[Fri Jul 25 09:16:16.060335 2025] [proxy_http:error] [pid 3533:tid 3533] [client 205.210.31.81:65152] AH01114: HTTP: failed to make connection to backend: 127.0.0.1
[Fri Jul 25 09:16:16.060395 2025] [proxy:error] [pid 3533:tid 3533] (111)Connection refused: AH00957: http: attempt to connect to 127.0.0.1:2079 (127.0.0.1:2079) failed
[Fri Jul 25 09:16:16.060401 2025] [proxy_http:error] [pid 3533:tid 3533] [client 205.210.31.81:65152] AH01114: HTTP: failed to make connection to backend: 127.0.0.1
[Fri Jul 25 09:16:21.815049 2025] [core:error] [pid 5716:tid 5716] (13)Permission denied: [client 47.79.196.248:9264] AH00132: file permissions deny server access: /home/plittle/public_html/uploads/ALFA_DATA/alfasymlink/root/proc/4865/smaps, referer: https://www.google.com/
[Fri Jul 25 09:16:22.162278 2025] [proxy:error] [pid 5749:tid 5749] (111)Connection refused: AH00957: http: attempt to connect to 127.0.0.1:2079 (127.0.0.1:2079) failed
[Fri Jul 25 09:16:22.162334 2025] [proxy_http:error] [pid 5749:tid 5749] [client 205.210.31.249:60524] AH01114: HTTP: failed to make connection to backend: 127.0.0.1
[Fri Jul 25 09:16:22.162399 2025] [proxy:error] [pid 5749:tid 5749] (111)Connection refused: AH00957: http: attempt to connect to 127.0.0.1:2079 (127.0.0.1:2079) failed
[Fri Jul 25 09:16:22.162405 2025] [proxy_http:error] [pid 5749:tid 5749] [client 205.210.31.249:60524] AH01114: HTTP: failed to make connection to backend: 127.0.0.1
[Fri Jul 25 09:16:27.335667 2025] [core:error] [pid 2980:tid 2980] (13)Permission denied: [client 3.94.156.104:39374] AH00132: file permissions deny server access: /home/plittle/public_html/uploads/ALFA_DATA/alfasymlink/root/sys/kernel/slab/:t-0000128/align
[Fri Jul 25 09:16:31.373335 2025] [core:error] [pid 5727:tid 5727] (13)Permission denied: [client 85.208.96.198:31398] AH00132: file permissions deny server access: /home/plittle/public_html/uploads/ALFA_DATA/alfasymlink/root/proc/1332/pagemap
[Fri Jul 25 09:16:35.290767 2025] [core:error] [pid 5774:tid 5774] (13)Permission denied: [client 54.84.147.79:59906] AH00132: file permissions deny server access: /home/plittle/public_html/uploads/ALFA_DATA/alfasymlink/root/sys/kernel/slab/:t-0000080/total_objects
[Fri Jul 25 09:16:38.444261 2025] [core:error] [pid 4267:tid 4267] (13)Permission denied: [client 3.211.105.134:14444] AH00132: file permissions deny server access: /home/plittle/public_html/uploads/ALFA_DATA/alfasymlink/root/sys/kernel/slab/:tA-0001600/objs_per_slab
[Fri Jul 25 09:16:58.380720 2025] [ssl:error] [pid 5777:tid 5777] (70014)End of file found: [client 40.77.167.23:2133] AH02013: coalesce failed to read from data bucket
[Fri Jul 25 09:17:02.451256 2025] [core:error] [pid 4248:tid 4248] (13)Permission denied: [client 54.87.62.248:26783] AH00132: file permissions deny server access: /home/plittle/public_html/uploads/ALFA_DATA/alfasymlink/root/sys/kernel/slab/dma-kmalloc-8192/cache_dma
[Fri Jul 25 09:17:02.587225 2025] [core:error] [pid 4903:tid 4903] (13)Permission denied: [client 52.3.127.170:8996] AH00132: file permissions deny server access: /home/plittle/public_html/uploads/ALFA_DATA/alfasymlink/root/sys/kernel/slab/xfs_icr/red_zone
[Fri Jul 25 09:17:07.295172 2025] [core:error] [pid 4905:tid 4905] (13)Permission denied: [client 35.169.119.108:44938] AH00132: file permissions deny server access: /home/plittle/public_html/uploads/ALFA_DATA/alfasymlink/root/sys/kernel/slab/xfs_ili/slabs_cpu_partial
[Fri Jul 25 09:17:12.920850 2025] [core:error] [pid 6529:tid 6529] (13)Permission denied: [client 47.79.197.83:10319] AH00132: file permissions deny server access: /home/plittle/public_html/uploads/ALFA_DATA/alfasymlink/root/proc/4865/smaps, referer: https://www.google.com/
[Fri Jul 25 09:17:14.161791 2025] [authz_core:error] [pid 5747:tid 5747] [client 216.73.216.179:9515] AH01630: client denied by server configuration: /home/dannyhua/public_html/php.ini
[Fri Jul 25 09:17:15.212647 2025] [ssl:error] [pid 6581:tid 6581] (70014)End of file found: [client 20.171.207.52:54104] AH02013: coalesce failed to read from data bucket
[Fri Jul 25 09:17:19.883539 2025] [core:error] [pid 6616:tid 6616] (13)Permission denied: [client 44.212.145.46:45905] AH00132: file permissions deny server access: /home/plittle/public_html/uploads/ALFA_DATA/alfasymlink/root/sys/kernel/slab/xfs_icr/objects_partial
[Fri Jul 25 09:17:19.978202 2025] [ssl:error] [pid 6611:tid 6611] (70014)End of file found: [client 40.77.167.23:1025] AH02013: coalesce failed to read from data bucket
[Fri Jul 25 09:17:23.522860 2025] [core:error] [pid 4248:tid 4248] (13)Permission denied: [client 52.7.13.143:10555] AH00132: file permissions deny server access: /home/plittle/public_html/uploads/ALFA_DATA/alfasymlink/root/sys/kernel/slab/:t-0000128/aliases
[Fri Jul 25 09:17:25.923729 2025] [core:error] [pid 6527:tid 6527] (13)Permission denied: [client 52.205.141.124:50723] AH00132: file permissions deny server access: /home/plittle/public_html/uploads/ALFA_DATA/alfasymlink/root/sys/kernel/slab/avc_xperms_decision_node/cpu_slabs
[Fri Jul 25 09:17:27.687677 2025] [proxy:error] [pid 6512:tid 6512] (111)Connection refused: AH00957: http: attempt to connect to 127.0.0.1:2079 (127.0.0.1:2079) failed
[Fri Jul 25 09:17:27.687724 2025] [proxy_http:error] [pid 6512:tid 6512] [client 207.154.227.97:34444] AH01114: HTTP: failed to make connection to backend: 127.0.0.1
[Fri Jul 25 09:17:27.687788 2025] [proxy:error] [pid 6512:tid 6512] (111)Connection refused: AH00957: http: attempt to connect to 127.0.0.1:2079 (127.0.0.1:2079) failed
[Fri Jul 25 09:17:27.687793 2025] [proxy_http:error] [pid 6512:tid 6512] [client 207.154.227.97:34444] AH01114: HTTP: failed to make connection to backend: 127.0.0.1
[Fri Jul 25 09:17:28.021110 2025] [proxy:error] [pid 5726:tid 5726] (111)Connection refused: AH00957: http: attempt to connect to 127.0.0.1:2079 (127.0.0.1:2079) failed
[Fri Jul 25 09:17:28.021167 2025] [proxy_http:error] [pid 5726:tid 5726] [client 207.154.227.97:34460] AH01114: HTTP: failed to make connection to backend: 127.0.0.1, referer: http://cpcontacts.pamelaxi.webdev.iyaserver.com/
[Fri Jul 25 09:17:28.021295 2025] [proxy:error] [pid 5726:tid 5726] (111)Connection refused: AH00957: http: attempt to connect to 127.0.0.1:2079 (127.0.0.1:2079) failed
[Fri Jul 25 09:17:28.021303 2025] [proxy_http:error] [pid 5726:tid 5726] [client 207.154.227.97:34460] AH01114: HTTP: failed to make connection to backend: 127.0.0.1, referer: http://cpcontacts.pamelaxi.webdev.iyaserver.com/
[Fri Jul 25 09:17:28.681582 2025] [proxy:error] [pid 4248:tid 4248] (111)Connection refused: AH00957: http: attempt to connect to 127.0.0.1:2079 (127.0.0.1:2079) failed
[Fri Jul 25 09:17:28.681614 2025] [proxy_http:error] [pid 4248:tid 4248] [client 207.154.227.97:51608] AH01114: HTTP: failed to make connection to backend: 127.0.0.1
[Fri Jul 25 09:17:28.681681 2025] [proxy:error] [pid 4248:tid 4248] (111)Connection refused: AH00957: http: attempt to connect to 127.0.0.1:2079 (127.0.0.1:2079) failed
[Fri Jul 25 09:17:28.681687 2025] [proxy_http:error] [pid 4248:tid 4248] [client 207.154.227.97:51608] AH01114: HTTP: failed to make connection to backend: 127.0.0.1
[Fri Jul 25 09:17:32.744037 2025] [proxy:error] [pid 6529:tid 6529] (111)Connection refused: AH00957: http: attempt to connect to 127.0.0.1:2079 (127.0.0.1:2079) failed
[Fri Jul 25 09:17:32.744070 2025] [proxy_http:error] [pid 6529:tid 6529] [client 207.154.227.97:52082] AH01114: HTTP: failed to make connection to backend: 127.0.0.1, referer: https://cpcontacts.pamelaxi.webdev.iyaserver.com/
[Fri Jul 25 09:17:32.744159 2025] [proxy:error] [pid 6529:tid 6529] (111)Connection refused: AH00957: http: attempt to connect to 127.0.0.1:2079 (127.0.0.1:2079) failed
[Fri Jul 25 09:17:32.744167 2025] [proxy_http:error] [pid 6529:tid 6529] [client 207.154.227.97:52082] AH01114: HTTP: failed to make connection to backend: 127.0.0.1, referer: https://cpcontacts.pamelaxi.webdev.iyaserver.com/
[Fri Jul 25 09:17:43.927838 2025] [core:crit] [pid 6512:tid 6512] (13)Permission denied: [client 47.79.194.251:28606] AH00529: /home/plittle/public_html/uploads/ALFA_DATA/alfasymlink/root/proc/31/fd/.htaccess pcfg_openfile: unable to check htaccess file, ensure it is readable and that '/home/plittle/public_html/uploads/ALFA_DATA/alfasymlink/root/proc/31/fd/' is executable, referer: https://www.google.com/
[Fri Jul 25 09:17:43.927877 2025] [core:crit] [pid 6512:tid 6512] (13)Permission denied: [client 47.79.194.251:28606] AH00529: /home/plittle/public_html/uploads/ALFA_DATA/alfasymlink/root/proc/31/map_files/.htaccess pcfg_openfile: unable to check htaccess file, ensure it is readable and that '/home/plittle/public_html/uploads/ALFA_DATA/alfasymlink/root/proc/31/map_files/' is executable, referer: https://www.google.com/
[Fri Jul 25 09:17:43.927900 2025] [core:crit] [pid 6512:tid 6512] (13)Permission denied: [client 47.79.194.251:28606] AH00529: /home/plittle/public_html/uploads/ALFA_DATA/alfasymlink/root/proc/31/fdinfo/.htaccess pcfg_openfile: unable to check htaccess file, ensure it is readable and that '/home/plittle/public_html/uploads/ALFA_DATA/alfasymlink/root/proc/31/fdinfo/' is executable, referer: https://www.google.com/
[Fri Jul 25 09:17:47.121293 2025] [core:error] [pid 5747:tid 5747] (13)Permission denied: [client 23.21.225.190:26977] AH00132: file permissions deny server access: /home/plittle/public_html/uploads/ALFA_DATA/alfasymlink/root/sys/kernel/slab/request_sock_TCP/trace
[Fri Jul 25 09:18:13.836120 2025] [proxy:error] [pid 6611:tid 6611] (111)Connection refused: AH00957: http: attempt to connect to 127.0.0.1:2079 (127.0.0.1:2079) failed
[Fri Jul 25 09:18:13.836165 2025] [proxy_http:error] [pid 6611:tid 6611] [client 4.227.36.77:32932] AH01114: HTTP: failed to make connection to backend: 127.0.0.1
[Fri Jul 25 09:18:13.836236 2025] [proxy:error] [pid 6611:tid 6611] (111)Connection refused: AH00957: http: attempt to connect to 127.0.0.1:2079 (127.0.0.1:2079) failed
[Fri Jul 25 09:18:13.836242 2025] [proxy_http:error] [pid 6611:tid 6611] [client 4.227.36.77:32932] AH01114: HTTP: failed to make connection to backend: 127.0.0.1
[Fri Jul 25 09:18:14.506693 2025] [core:error] [pid 4248:tid 4248] (13)Permission denied: [client 18.207.89.138:54575] AH00132: file permissions deny server access: /home/plittle/public_html/uploads/ALFA_DATA/alfasymlink/root/sys/kernel/slab/xfs_efd_item/slabs_cpu_partial
[Fri Jul 25 09:18:20.786112 2025] [ssl:error] [pid 6581:tid 6581] (70014)End of file found: [client 20.171.207.52:40508] AH02013: coalesce failed to read from data bucket
[Fri Jul 25 09:18:21.844836 2025] [proxy_fcgi:error] [pid 6528:tid 6528] [client 179.61.228.161:38133] AH01071: Got error 'Primary script unknown'
[Fri Jul 25 09:18:22.601331 2025] [proxy_fcgi:error] [pid 7081:tid 7081] [client 203.57.50.250:54701] AH01071: Got error 'Primary script unknown'
[Fri Jul 25 09:18:22.760168 2025] [proxy_fcgi:error] [pid 6529:tid 6529] [client 156.146.41.86:54951] AH01071: Got error 'Primary script unknown'
[Fri Jul 25 09:18:24.759631 2025] [proxy_fcgi:error] [pid 4295:tid 4295] [client 120.158.159.78:35787] AH01071: Got error 'Primary script unknown'
[Fri Jul 25 09:18:26.581935 2025] [ssl:error] [pid 7554:tid 7554] (70014)End of file found: [client 52.4.229.9:49501] AH02013: coalesce failed to read from data bucket
[Fri Jul 25 09:18:35.817787 2025] [autoindex:error] [pid 7681:tid 7681] (13)Permission denied: [client 185.191.171.7:18532] AH01275: Can't open directory for index: /home/plittle/public_html/uploads/ALFA_DATA/alfasymlink/root/proc/5523/ns/
[Fri Jul 25 09:18:43.894955 2025] [core:error] [pid 7680:tid 7680] (13)Permission denied: [client 185.191.171.15:36944] AH00132: file permissions deny server access: /home/plittle/public_html/uploads/ALFA_DATA/alfasymlink/root/sys/devices/uprobe/subsystem/uevent
[Fri Jul 25 09:18:53.141684 2025] [core:error] [pid 6529:tid 6529] (13)Permission denied: [client 54.147.238.89:26440] AH00132: file permissions deny server access: /home/plittle/public_html/uploads/ALFA_DATA/alfasymlink/root/etc/demodomains
[Fri Jul 25 09:18:57.061882 2025] [core:error] [pid 4248:tid 4248] (13)Permission denied: [client 85.208.96.197:63292] AH00132: file permissions deny server access: /home/plittle/public_html/uploads/ALFA_DATA/alfasymlink/root/proc/7332/maps
[Fri Jul 25 09:18:59.270365 2025] [core:error] [pid 7554:tid 7554] (13)Permission denied: [client 52.6.232.201:58031] AH00132: file permissions deny server access: /home/plittle/public_html/uploads/ALFA_DATA/alfasymlink/root/sys/kernel/slab/xfs_inode/objs_per_slab
[Fri Jul 25 09:19:00.023408 2025] [authz_core:error] [pid 7942:tid 7942] [client 188.166.225.158:54932] AH01630: client denied by server configuration: /home/hrocca/public_html/php.ini, referer: https://mail.hrm.church//blog//wp-login.php
[Fri Jul 25 09:19:00.221646 2025] [proxy_fcgi:error] [pid 7942:tid 7942] [client 188.166.225.158:54932] AH01071: Got error 'Primary script unknown', referer: https://mail.hrm.church//blog//wp-login.php
[Fri Jul 25 09:19:14.107045 2025] [core:error] [pid 6611:tid 6611] (13)Permission denied: [client 85.208.96.200:48864] AH00132: file permissions deny server access: /home/plittle/public_html/uploads/ALFA_DATA/alfasymlink/root/proc/8843/maps
[Fri Jul 25 09:19:18.609416 2025] [core:error] [pid 7081:tid 7081] (13)Permission denied: [client 85.208.96.201:14584] AH00132: file permissions deny server access: /home/wangshei/public_html/upload/ALFA_DATA/cgialfa/alfasymlink/alfaperl.txt/proc/9473/auxv
[Fri Jul 25 09:19:19.101666 2025] [core:error] [pid 7554:tid 7554] (13)Permission denied: [client 3.81.253.213:63508] AH00132: file permissions deny server access: /home/plittle/public_html/uploads/ALFA_DATA/alfasymlink/root/sys/kernel/slab/:t-0002496/order
[Fri Jul 25 09:19:22.600172 2025] [ssl:error] [pid 6611:tid 6611] (70014)End of file found: [client 20.171.207.52:39418] AH02013: coalesce failed to read from data bucket
[Fri Jul 25 09:19:34.655638 2025] [core:error] [pid 7681:tid 7681] (13)Permission denied: [client 185.191.171.7:59694] AH00132: file permissions deny server access: /home/plittle/public_html/uploads/ALFA_DATA/alfasymlink/root/var/log/yum.log-20240920
[Fri Jul 25 09:19:38.924250 2025] [proxy:error] [pid 4295:tid 4295] (111)Connection refused: AH00957: http: attempt to connect to 127.0.0.1:2079 (127.0.0.1:2079) failed
[Fri Jul 25 09:19:38.924281 2025] [proxy_http:error] [pid 4295:tid 4295] [client 198.55.98.182:47274] AH01114: HTTP: failed to make connection to backend: 127.0.0.1
[Fri Jul 25 09:19:38.924342 2025] [proxy:error] [pid 4295:tid 4295] (111)Connection refused: AH00957: http: attempt to connect to 127.0.0.1:2079 (127.0.0.1:2079) failed
[Fri Jul 25 09:19:38.924352 2025] [proxy_http:error] [pid 4295:tid 4295] [client 198.55.98.182:47274] AH01114: HTTP: failed to make connection to backend: 127.0.0.1
[Fri Jul 25 09:19:39.675150 2025] [core:error] [pid 6611:tid 6611] (13)Permission denied: [client 3.211.105.134:38259] AH00132: file permissions deny server access: /home/plittle/public_html/uploads/ALFA_DATA/alfasymlink/root/sys/kernel/slab/jbd2_journal_handle/slabs_cpu_partial
[Fri Jul 25 09:19:46.805269 2025] [proxy:error] [pid 7667:tid 7667] (111)Connection refused: AH00957: http: attempt to connect to 127.0.0.1:2079 (127.0.0.1:2079) failed
[Fri Jul 25 09:19:46.805316 2025] [proxy_http:error] [pid 7667:tid 7667] [client 146.70.185.32:46337] AH01114: HTTP: failed to make connection to backend: 127.0.0.1
[Fri Jul 25 09:19:46.805380 2025] [proxy:error] [pid 7667:tid 7667] (111)Connection refused: AH00957: http: attempt to connect to 127.0.0.1:2079 (127.0.0.1:2079) failed
[Fri Jul 25 09:19:46.805386 2025] [proxy_http:error] [pid 7667:tid 7667] [client 146.70.185.32:46337] AH01114: HTTP: failed to make connection to backend: 127.0.0.1
[Fri Jul 25 09:19:47.218205 2025] [proxy:error] [pid 7554:tid 7554] (111)Connection refused: AH00957: http: attempt to connect to 127.0.0.1:2079 (127.0.0.1:2079) failed
[Fri Jul 25 09:19:47.218234 2025] [proxy_http:error] [pid 7554:tid 7554] [client 146.70.185.32:23119] AH01114: HTTP: failed to make connection to backend: 127.0.0.1
[Fri Jul 25 09:19:47.218295 2025] [proxy:error] [pid 7554:tid 7554] (111)Connection refused: AH00957: http: attempt to connect to 127.0.0.1:2079 (127.0.0.1:2079) failed
[Fri Jul 25 09:19:47.218302 2025] [proxy_http:error] [pid 7554:tid 7554] [client 146.70.185.32:23119] AH01114: HTTP: failed to make connection to backend: 127.0.0.1
[Fri Jul 25 09:19:48.205184 2025] [core:error] [pid 7081:tid 7081] (13)Permission denied: [client 85.208.96.205:30066] AH00132: file permissions deny server access: /home/plittle/public_html/uploads/ALFA_DATA/alfasymlink/root/proc/3230/net/ip_tables_targets
[Fri Jul 25 09:19:54.250551 2025] [core:error] [pid 6581:tid 6581] (13)Permission denied: [client 85.208.96.200:20356] AH00132: file permissions deny server access: /home/plittle/public_html/uploads/ALFA_DATA/alfasymlink/root/proc/1138/clear_refs
[Fri Jul 25 09:19:56.282052 2025] [ssl:error] [pid 6581:tid 6581] (70014)End of file found: [client 184.73.239.35:63007] AH02013: coalesce failed to read from data bucket
[Fri Jul 25 09:20:07.319411 2025] [core:error] [pid 7667:tid 7667] (13)Permission denied: [client 85.208.96.197:43878] AH00132: file permissions deny server access: /home/plittle/public_html/uploads/ALFA_DATA/alfasymlink/root/sys/kernel/slab/xfs_ili/align
[Fri Jul 25 09:20:10.198456 2025] [ssl:error] [pid 7942:tid 7942] (70014)End of file found: [client 20.171.207.222:33462] AH02013: coalesce failed to read from data bucket
[Fri Jul 25 09:20:14.821396 2025] [core:error] [pid 6527:tid 6527] (13)Permission denied: [client 34.236.41.241:37250] AH00132: file permissions deny server access: /home/plittle/public_html/uploads/ALFA_DATA/alfasymlink/root/sys/devices/system/cpu/cpu1/firmware_node/physical_node/node0/cpu2/firmware_node/eject
[Fri Jul 25 09:20:16.527856 2025] [core:error] [pid 7081:tid 7081] (13)Permission denied: [client 85.208.96.209:51584] AH00132: file permissions deny server access: /home/wangshei/public_html/upload/ALFA_DATA/cgialfa/alfasymlink/alfaperl.txt/proc/298/auxv
[Fri Jul 25 09:20:19.501494 2025] [ssl:error] [pid 7680:tid 7680] (70014)End of file found: [client 40.77.167.23:2134] AH02013: coalesce failed to read from data bucket
[Fri Jul 25 09:20:26.828779 2025] [ssl:error] [pid 6513:tid 6513] (70014)End of file found: [client 20.171.207.52:50032] AH02013: coalesce failed to read from data bucket
[Fri Jul 25 09:20:55.145953 2025] [core:crit] [pid 6513:tid 6513] (13)Permission denied: [client 47.79.205.165:6157] AH00529: /home/plittle/public_html/uploads/ALFA_DATA/alfasymlink/root/proc/4139/fd/.htaccess pcfg_openfile: unable to check htaccess file, ensure it is readable and that '/home/plittle/public_html/uploads/ALFA_DATA/alfasymlink/root/proc/4139/fd/' is executable, referer: https://www.google.com/
[Fri Jul 25 09:20:55.146017 2025] [core:crit] [pid 6513:tid 6513] (13)Permission denied: [client 47.79.205.165:6157] AH00529: /home/plittle/public_html/uploads/ALFA_DATA/alfasymlink/root/proc/4139/map_files/.htaccess pcfg_openfile: unable to check htaccess file, ensure it is readable and that '/home/plittle/public_html/uploads/ALFA_DATA/alfasymlink/root/proc/4139/map_files/' is executable, referer: https://www.google.com/
[Fri Jul 25 09:20:55.146034 2025] [core:crit] [pid 6513:tid 6513] (13)Permission denied: [client 47.79.205.165:6157] AH00529: /home/plittle/public_html/uploads/ALFA_DATA/alfasymlink/root/proc/4139/fdinfo/.htaccess pcfg_openfile: unable to check htaccess file, ensure it is readable and that '/home/plittle/public_html/uploads/ALFA_DATA/alfasymlink/root/proc/4139/fdinfo/' is executable, referer: https://www.google.com/
[Fri Jul 25 09:20:58.543769 2025] [core:crit] [pid 7544:tid 7544] (13)Permission denied: [client 44.193.115.232:41338] AH00529: /home/plittle/public_html/uploads/ALFA_DATA/alfasymlink/root/etc/pki/rsyslog/.htaccess pcfg_openfile: unable to check htaccess file, ensure it is readable and that '/home/plittle/public_html/uploads/ALFA_DATA/alfasymlink/root/etc/pki/rsyslog/' is executable
[Fri Jul 25 09:21:05.979940 2025] [core:error] [pid 4295:tid 4295] (13)Permission denied: [client 185.191.171.11:43202] AH00132: file permissions deny server access: /home/plittle/public_html/uploads/ALFA_DATA/alfasymlink/root/proc/5752/net/ip_tables_matches
[Fri Jul 25 09:21:08.807639 2025] [ssl:error] [pid 9128:tid 9128] (70014)End of file found: [client 207.46.13.154:51888] AH02013: coalesce failed to read from data bucket
[Fri Jul 25 09:21:09.739223 2025] [core:error] [pid 2971:tid 2971] (13)Permission denied: [client 35.174.253.85:30988] AH00132: file permissions deny server access: /home/plittle/public_html/uploads/ALFA_DATA/alfasymlink/root/sys/devices/system/cpu/cpu1/driver/cpu0/firmware_node/physical_node/firmware_node/physical_node/firmware_node/physical_node/firmware_node/physical_node/driver/cpu3/driver/unbind
[Fri Jul 25 09:21:24.385580 2025] [core:error] [pid 7078:tid 7078] (13)Permission denied: [client 85.208.96.203:15842] AH00132: file permissions deny server access: /home/wangshei/public_html/upload/ALFA_DATA/cgialfa/alfasymlink/alfaperl.txt/proc/4725/net/ip6_tables_names
[Fri Jul 25 09:21:27.866394 2025] [ssl:error] [pid 7078:tid 7078] (70014)End of file found: [client 20.171.207.52:51854] AH02013: coalesce failed to read from data bucket
[Fri Jul 25 09:21:30.541314 2025] [authz_core:error] [pid 6611:tid 6611] [client 20.171.207.253:37750] AH01630: client denied by server configuration: /home/louisxie/public_html/error_log
