[Mon Oct 20 23:31:43.037681 2025] [proxy_http:error] [pid 7709:tid 7709] [client 74.226.158.222:23267] AH01114: HTTP: failed to make connection to backend: 127.0.0.1
[Mon Oct 20 23:31:43.236594 2025] [proxy:error] [pid 10124:tid 10124] (111)Connection refused: AH00957: http: attempt to connect to 127.0.0.1:2079 (127.0.0.1:2079) failed
[Mon Oct 20 23:31:43.236630 2025] [proxy_http:error] [pid 10124:tid 10124] [client 74.226.158.222:23184] AH01114: HTTP: failed to make connection to backend: 127.0.0.1
[Mon Oct 20 23:31:43.236686 2025] [proxy:error] [pid 10124:tid 10124] (111)Connection refused: AH00957: http: attempt to connect to 127.0.0.1:2079 (127.0.0.1:2079) failed
[Mon Oct 20 23:31:43.236692 2025] [proxy_http:error] [pid 10124:tid 10124] [client 74.226.158.222:23184] AH01114: HTTP: failed to make connection to backend: 127.0.0.1
[Mon Oct 20 23:31:43.432852 2025] [proxy:error] [pid 11769:tid 11769] (111)Connection refused: AH00957: http: attempt to connect to 127.0.0.1:2079 (127.0.0.1:2079) failed
[Mon Oct 20 23:31:43.432888 2025] [proxy_http:error] [pid 11769:tid 11769] [client 74.226.158.222:23191] AH01114: HTTP: failed to make connection to backend: 127.0.0.1
[Mon Oct 20 23:31:43.432955 2025] [proxy:error] [pid 11769:tid 11769] (111)Connection refused: AH00957: http: attempt to connect to 127.0.0.1:2079 (127.0.0.1:2079) failed
[Mon Oct 20 23:31:43.432961 2025] [proxy_http:error] [pid 11769:tid 11769] [client 74.226.158.222:23191] AH01114: HTTP: failed to make connection to backend: 127.0.0.1
[Mon Oct 20 23:31:43.629735 2025] [proxy:error] [pid 12175:tid 12175] (111)Connection refused: AH00957: http: attempt to connect to 127.0.0.1:2079 (127.0.0.1:2079) failed
[Mon Oct 20 23:31:43.629771 2025] [proxy_http:error] [pid 12175:tid 12175] [client 74.226.158.222:23199] AH01114: HTTP: failed to make connection to backend: 127.0.0.1
[Mon Oct 20 23:31:43.629883 2025] [proxy:error] [pid 12175:tid 12175] (111)Connection refused: AH00957: http: attempt to connect to 127.0.0.1:2079 (127.0.0.1:2079) failed
[Mon Oct 20 23:31:43.629894 2025] [proxy_http:error] [pid 12175:tid 12175] [client 74.226.158.222:23199] AH01114: HTTP: failed to make connection to backend: 127.0.0.1
[Mon Oct 20 23:31:43.835499 2025] [proxy:error] [pid 11764:tid 11764] (111)Connection refused: AH00957: http: attempt to connect to 127.0.0.1:2079 (127.0.0.1:2079) failed
[Mon Oct 20 23:31:43.835536 2025] [proxy_http:error] [pid 11764:tid 11764] [client 74.226.158.222:23493] AH01114: HTTP: failed to make connection to backend: 127.0.0.1
[Mon Oct 20 23:31:43.835604 2025] [proxy:error] [pid 11764:tid 11764] (111)Connection refused: AH00957: http: attempt to connect to 127.0.0.1:2079 (127.0.0.1:2079) failed
[Mon Oct 20 23:31:43.835610 2025] [proxy_http:error] [pid 11764:tid 11764] [client 74.226.158.222:23493] AH01114: HTTP: failed to make connection to backend: 127.0.0.1
[Mon Oct 20 23:31:44.032493 2025] [proxy:error] [pid 10109:tid 10109] (111)Connection refused: AH00957: http: attempt to connect to 127.0.0.1:2079 (127.0.0.1:2079) failed
[Mon Oct 20 23:31:44.032525 2025] [proxy_http:error] [pid 10109:tid 10109] [client 74.226.158.222:23489] AH01114: HTTP: failed to make connection to backend: 127.0.0.1
[Mon Oct 20 23:31:44.032582 2025] [proxy:error] [pid 10109:tid 10109] (111)Connection refused: AH00957: http: attempt to connect to 127.0.0.1:2079 (127.0.0.1:2079) failed
[Mon Oct 20 23:31:44.032588 2025] [proxy_http:error] [pid 10109:tid 10109] [client 74.226.158.222:23489] AH01114: HTTP: failed to make connection to backend: 127.0.0.1
[Mon Oct 20 23:31:44.230353 2025] [proxy:error] [pid 12170:tid 12170] (111)Connection refused: AH00957: http: attempt to connect to 127.0.0.1:2079 (127.0.0.1:2079) failed
[Mon Oct 20 23:31:44.230401 2025] [proxy_http:error] [pid 12170:tid 12170] [client 74.226.158.222:23193] AH01114: HTTP: failed to make connection to backend: 127.0.0.1
[Mon Oct 20 23:31:44.230464 2025] [proxy:error] [pid 12170:tid 12170] (111)Connection refused: AH00957: http: attempt to connect to 127.0.0.1:2079 (127.0.0.1:2079) failed
[Mon Oct 20 23:31:44.230470 2025] [proxy_http:error] [pid 12170:tid 12170] [client 74.226.158.222:23193] AH01114: HTTP: failed to make connection to backend: 127.0.0.1
[Mon Oct 20 23:31:44.253888 2025] [core:error] [pid 12002:tid 12002] [client 85.208.96.212:39540] AH00037: Symbolic link not allowed or link target not accessible: /home/plittle/public_html/uploads/ALFA_DATA/alfasymlink/root
[Mon Oct 20 23:31:44.427464 2025] [proxy:error] [pid 7709:tid 7709] (111)Connection refused: AH00957: http: attempt to connect to 127.0.0.1:2079 (127.0.0.1:2079) failed
[Mon Oct 20 23:31:44.427503 2025] [proxy_http:error] [pid 7709:tid 7709] [client 74.226.158.222:23214] AH01114: HTTP: failed to make connection to backend: 127.0.0.1
[Mon Oct 20 23:31:44.427563 2025] [proxy:error] [pid 7709:tid 7709] (111)Connection refused: AH00957: http: attempt to connect to 127.0.0.1:2079 (127.0.0.1:2079) failed
[Mon Oct 20 23:31:44.427569 2025] [proxy_http:error] [pid 7709:tid 7709] [client 74.226.158.222:23214] AH01114: HTTP: failed to make connection to backend: 127.0.0.1
[Mon Oct 20 23:31:44.626637 2025] [proxy:error] [pid 11609:tid 11609] (111)Connection refused: AH00957: http: attempt to connect to 127.0.0.1:2079 (127.0.0.1:2079) failed
[Mon Oct 20 23:31:44.626678 2025] [proxy_http:error] [pid 11609:tid 11609] [client 74.226.158.222:23206] AH01114: HTTP: failed to make connection to backend: 127.0.0.1
[Mon Oct 20 23:31:44.626746 2025] [proxy:error] [pid 11609:tid 11609] (111)Connection refused: AH00957: http: attempt to connect to 127.0.0.1:2079 (127.0.0.1:2079) failed
[Mon Oct 20 23:31:44.626752 2025] [proxy_http:error] [pid 11609:tid 11609] [client 74.226.158.222:23206] AH01114: HTTP: failed to make connection to backend: 127.0.0.1
[Mon Oct 20 23:31:44.824597 2025] [proxy:error] [pid 10124:tid 10124] (111)Connection refused: AH00957: http: attempt to connect to 127.0.0.1:2079 (127.0.0.1:2079) failed
[Mon Oct 20 23:31:44.824634 2025] [proxy_http:error] [pid 10124:tid 10124] [client 74.226.158.222:23517] AH01114: HTTP: failed to make connection to backend: 127.0.0.1
[Mon Oct 20 23:31:44.824693 2025] [proxy:error] [pid 10124:tid 10124] (111)Connection refused: AH00957: http: attempt to connect to 127.0.0.1:2079 (127.0.0.1:2079) failed
[Mon Oct 20 23:31:44.824698 2025] [proxy_http:error] [pid 10124:tid 10124] [client 74.226.158.222:23517] AH01114: HTTP: failed to make connection to backend: 127.0.0.1
[Mon Oct 20 23:31:45.035582 2025] [proxy:error] [pid 10706:tid 10706] (111)Connection refused: AH00957: http: attempt to connect to 127.0.0.1:2079 (127.0.0.1:2079) failed
[Mon Oct 20 23:31:45.035622 2025] [proxy_http:error] [pid 10706:tid 10706] [client 74.226.158.222:23507] AH01114: HTTP: failed to make connection to backend: 127.0.0.1
[Mon Oct 20 23:31:45.035682 2025] [proxy:error] [pid 10706:tid 10706] (111)Connection refused: AH00957: http: attempt to connect to 127.0.0.1:2079 (127.0.0.1:2079) failed
[Mon Oct 20 23:31:45.035688 2025] [proxy_http:error] [pid 10706:tid 10706] [client 74.226.158.222:23507] AH01114: HTTP: failed to make connection to backend: 127.0.0.1
[Mon Oct 20 23:31:45.233202 2025] [proxy:error] [pid 11769:tid 11769] (111)Connection refused: AH00957: http: attempt to connect to 127.0.0.1:2079 (127.0.0.1:2079) failed
[Mon Oct 20 23:31:45.233239 2025] [proxy_http:error] [pid 11769:tid 11769] [client 74.226.158.222:23252] AH01114: HTTP: failed to make connection to backend: 127.0.0.1
[Mon Oct 20 23:31:45.233304 2025] [proxy:error] [pid 11769:tid 11769] (111)Connection refused: AH00957: http: attempt to connect to 127.0.0.1:2079 (127.0.0.1:2079) failed
[Mon Oct 20 23:31:45.233311 2025] [proxy_http:error] [pid 11769:tid 11769] [client 74.226.158.222:23252] AH01114: HTTP: failed to make connection to backend: 127.0.0.1
[Mon Oct 20 23:31:45.375269 2025] [proxy:error] [pid 12175:tid 12175] (111)Connection refused: AH00957: http: attempt to connect to 127.0.0.1:2079 (127.0.0.1:2079) failed
[Mon Oct 20 23:31:45.375305 2025] [proxy_http:error] [pid 12175:tid 12175] [client 169.150.203.245:52180] AH01114: HTTP: failed to make connection to backend: 127.0.0.1
[Mon Oct 20 23:31:45.375362 2025] [proxy:error] [pid 12175:tid 12175] (111)Connection refused: AH00957: http: attempt to connect to 127.0.0.1:2079 (127.0.0.1:2079) failed
[Mon Oct 20 23:31:45.375368 2025] [proxy_http:error] [pid 12175:tid 12175] [client 169.150.203.245:52180] AH01114: HTTP: failed to make connection to backend: 127.0.0.1
[Mon Oct 20 23:31:45.444287 2025] [proxy:error] [pid 11764:tid 11764] (111)Connection refused: AH00957: http: attempt to connect to 127.0.0.1:2079 (127.0.0.1:2079) failed
[Mon Oct 20 23:31:45.444325 2025] [proxy_http:error] [pid 11764:tid 11764] [client 74.226.158.222:23181] AH01114: HTTP: failed to make connection to backend: 127.0.0.1
[Mon Oct 20 23:31:45.444384 2025] [proxy:error] [pid 11764:tid 11764] (111)Connection refused: AH00957: http: attempt to connect to 127.0.0.1:2079 (127.0.0.1:2079) failed
[Mon Oct 20 23:31:45.444390 2025] [proxy_http:error] [pid 11764:tid 11764] [client 74.226.158.222:23181] AH01114: HTTP: failed to make connection to backend: 127.0.0.1
[Mon Oct 20 23:31:45.463181 2025] [proxy:error] [pid 10109:tid 10109] (111)Connection refused: AH00957: http: attempt to connect to 127.0.0.1:2079 (127.0.0.1:2079) failed
[Mon Oct 20 23:31:45.463222 2025] [proxy_http:error] [pid 10109:tid 10109] [client 169.150.203.245:52196] AH01114: HTTP: failed to make connection to backend: 127.0.0.1
[Mon Oct 20 23:31:45.463283 2025] [proxy:error] [pid 10109:tid 10109] (111)Connection refused: AH00957: http: attempt to connect to 127.0.0.1:2079 (127.0.0.1:2079) failed
[Mon Oct 20 23:31:45.463289 2025] [proxy_http:error] [pid 10109:tid 10109] [client 169.150.203.245:52196] AH01114: HTTP: failed to make connection to backend: 127.0.0.1
[Mon Oct 20 23:31:45.551245 2025] [proxy:error] [pid 12170:tid 12170] (111)Connection refused: AH00957: http: attempt to connect to 127.0.0.1:2079 (127.0.0.1:2079) failed
[Mon Oct 20 23:31:45.551283 2025] [proxy_http:error] [pid 12170:tid 12170] [client 169.150.203.245:52206] AH01114: HTTP: failed to make connection to backend: 127.0.0.1
[Mon Oct 20 23:31:45.551347 2025] [proxy:error] [pid 12170:tid 12170] (111)Connection refused: AH00957: http: attempt to connect to 127.0.0.1:2079 (127.0.0.1:2079) failed
[Mon Oct 20 23:31:45.551355 2025] [proxy_http:error] [pid 12170:tid 12170] [client 169.150.203.245:52206] AH01114: HTTP: failed to make connection to backend: 127.0.0.1
[Mon Oct 20 23:31:45.623465 2025] [proxy:error] [pid 12002:tid 12002] (111)Connection refused: AH00957: http: attempt to connect to 127.0.0.1:2079 (127.0.0.1:2079) failed
[Mon Oct 20 23:31:45.623500 2025] [proxy_http:error] [pid 12002:tid 12002] [client 169.150.203.245:52222] AH01114: HTTP: failed to make connection to backend: 127.0.0.1
[Mon Oct 20 23:31:45.623558 2025] [proxy:error] [pid 12002:tid 12002] (111)Connection refused: AH00957: http: attempt to connect to 127.0.0.1:2079 (127.0.0.1:2079) failed
[Mon Oct 20 23:31:45.623564 2025] [proxy_http:error] [pid 12002:tid 12002] [client 169.150.203.245:52222] AH01114: HTTP: failed to make connection to backend: 127.0.0.1
[Mon Oct 20 23:31:45.641935 2025] [proxy:error] [pid 7709:tid 7709] (111)Connection refused: AH00957: http: attempt to connect to 127.0.0.1:2079 (127.0.0.1:2079) failed
[Mon Oct 20 23:31:45.641975 2025] [proxy_http:error] [pid 7709:tid 7709] [client 74.226.158.222:23169] AH01114: HTTP: failed to make connection to backend: 127.0.0.1
[Mon Oct 20 23:31:45.642035 2025] [proxy:error] [pid 7709:tid 7709] (111)Connection refused: AH00957: http: attempt to connect to 127.0.0.1:2079 (127.0.0.1:2079) failed
[Mon Oct 20 23:31:45.642040 2025] [proxy_http:error] [pid 7709:tid 7709] [client 74.226.158.222:23169] AH01114: HTTP: failed to make connection to backend: 127.0.0.1
[Mon Oct 20 23:31:45.701021 2025] [proxy:error] [pid 11609:tid 11609] (111)Connection refused: AH00957: http: attempt to connect to 127.0.0.1:2079 (127.0.0.1:2079) failed
[Mon Oct 20 23:31:45.701056 2025] [proxy_http:error] [pid 11609:tid 11609] [client 169.150.203.245:52234] AH01114: HTTP: failed to make connection to backend: 127.0.0.1
[Mon Oct 20 23:31:45.701121 2025] [proxy:error] [pid 11609:tid 11609] (111)Connection refused: AH00957: http: attempt to connect to 127.0.0.1:2079 (127.0.0.1:2079) failed
[Mon Oct 20 23:31:45.701128 2025] [proxy_http:error] [pid 11609:tid 11609] [client 169.150.203.245:52234] AH01114: HTTP: failed to make connection to backend: 127.0.0.1
[Mon Oct 20 23:31:45.837736 2025] [proxy:error] [pid 10124:tid 10124] (111)Connection refused: AH00957: http: attempt to connect to 127.0.0.1:2079 (127.0.0.1:2079) failed
[Mon Oct 20 23:31:45.837774 2025] [proxy_http:error] [pid 10124:tid 10124] [client 74.226.158.222:23283] AH01114: HTTP: failed to make connection to backend: 127.0.0.1
[Mon Oct 20 23:31:45.837876 2025] [proxy:error] [pid 10124:tid 10124] (111)Connection refused: AH00957: http: attempt to connect to 127.0.0.1:2079 (127.0.0.1:2079) failed
[Mon Oct 20 23:31:45.837886 2025] [proxy_http:error] [pid 10124:tid 10124] [client 74.226.158.222:23283] AH01114: HTTP: failed to make connection to backend: 127.0.0.1
[Mon Oct 20 23:31:46.035230 2025] [proxy:error] [pid 10706:tid 10706] (111)Connection refused: AH00957: http: attempt to connect to 127.0.0.1:2079 (127.0.0.1:2079) failed
[Mon Oct 20 23:31:46.035275 2025] [proxy_http:error] [pid 10706:tid 10706] [client 74.226.158.222:23490] AH01114: HTTP: failed to make connection to backend: 127.0.0.1
[Mon Oct 20 23:31:46.035333 2025] [proxy:error] [pid 10706:tid 10706] (111)Connection refused: AH00957: http: attempt to connect to 127.0.0.1:2079 (127.0.0.1:2079) failed
[Mon Oct 20 23:31:46.035339 2025] [proxy_http:error] [pid 10706:tid 10706] [client 74.226.158.222:23490] AH01114: HTTP: failed to make connection to backend: 127.0.0.1
[Mon Oct 20 23:31:46.242999 2025] [proxy:error] [pid 11769:tid 11769] (111)Connection refused: AH00957: http: attempt to connect to 127.0.0.1:2079 (127.0.0.1:2079) failed
[Mon Oct 20 23:31:46.243035 2025] [proxy_http:error] [pid 11769:tid 11769] [client 74.226.158.222:23217] AH01114: HTTP: failed to make connection to backend: 127.0.0.1
[Mon Oct 20 23:31:46.243095 2025] [proxy:error] [pid 11769:tid 11769] (111)Connection refused: AH00957: http: attempt to connect to 127.0.0.1:2079 (127.0.0.1:2079) failed
[Mon Oct 20 23:31:46.243101 2025] [proxy_http:error] [pid 11769:tid 11769] [client 74.226.158.222:23217] AH01114: HTTP: failed to make connection to backend: 127.0.0.1
[Mon Oct 20 23:31:46.439002 2025] [proxy:error] [pid 12175:tid 12175] (111)Connection refused: AH00957: http: attempt to connect to 127.0.0.1:2079 (127.0.0.1:2079) failed
[Mon Oct 20 23:31:46.439037 2025] [proxy_http:error] [pid 12175:tid 12175] [client 74.226.158.222:23432] AH01114: HTTP: failed to make connection to backend: 127.0.0.1
[Mon Oct 20 23:31:46.439096 2025] [proxy:error] [pid 12175:tid 12175] (111)Connection refused: AH00957: http: attempt to connect to 127.0.0.1:2079 (127.0.0.1:2079) failed
[Mon Oct 20 23:31:46.439101 2025] [proxy_http:error] [pid 12175:tid 12175] [client 74.226.158.222:23432] AH01114: HTTP: failed to make connection to backend: 127.0.0.1
[Mon Oct 20 23:31:46.636074 2025] [proxy:error] [pid 10109:tid 10109] (111)Connection refused: AH00957: http: attempt to connect to 127.0.0.1:2079 (127.0.0.1:2079) failed
[Mon Oct 20 23:31:46.636109 2025] [proxy_http:error] [pid 10109:tid 10109] [client 74.226.158.222:23510] AH01114: HTTP: failed to make connection to backend: 127.0.0.1
[Mon Oct 20 23:31:46.636175 2025] [proxy:error] [pid 10109:tid 10109] (111)Connection refused: AH00957: http: attempt to connect to 127.0.0.1:2079 (127.0.0.1:2079) failed
[Mon Oct 20 23:31:46.636181 2025] [proxy_http:error] [pid 10109:tid 10109] [client 74.226.158.222:23510] AH01114: HTTP: failed to make connection to backend: 127.0.0.1
[Mon Oct 20 23:31:46.846204 2025] [proxy:error] [pid 11764:tid 11764] (111)Connection refused: AH00957: http: attempt to connect to 127.0.0.1:2079 (127.0.0.1:2079) failed
[Mon Oct 20 23:31:46.846238 2025] [proxy_http:error] [pid 11764:tid 11764] [client 74.226.158.222:23208] AH01114: HTTP: failed to make connection to backend: 127.0.0.1
[Mon Oct 20 23:31:46.846324 2025] [proxy:error] [pid 11764:tid 11764] (111)Connection refused: AH00957: http: attempt to connect to 127.0.0.1:2079 (127.0.0.1:2079) failed
[Mon Oct 20 23:31:46.846331 2025] [proxy_http:error] [pid 11764:tid 11764] [client 74.226.158.222:23208] AH01114: HTTP: failed to make connection to backend: 127.0.0.1
[Mon Oct 20 23:31:47.043643 2025] [proxy:error] [pid 12170:tid 12170] (111)Connection refused: AH00957: http: attempt to connect to 127.0.0.1:2079 (127.0.0.1:2079) failed
[Mon Oct 20 23:31:47.043686 2025] [proxy_http:error] [pid 12170:tid 12170] [client 74.226.158.222:23190] AH01114: HTTP: failed to make connection to backend: 127.0.0.1
[Mon Oct 20 23:31:47.043746 2025] [proxy:error] [pid 12170:tid 12170] (111)Connection refused: AH00957: http: attempt to connect to 127.0.0.1:2079 (127.0.0.1:2079) failed
[Mon Oct 20 23:31:47.043752 2025] [proxy_http:error] [pid 12170:tid 12170] [client 74.226.158.222:23190] AH01114: HTTP: failed to make connection to backend: 127.0.0.1
[Mon Oct 20 23:31:47.241131 2025] [proxy:error] [pid 12002:tid 12002] (111)Connection refused: AH00957: http: attempt to connect to 127.0.0.1:2079 (127.0.0.1:2079) failed
[Mon Oct 20 23:31:47.241178 2025] [proxy_http:error] [pid 12002:tid 12002] [client 74.226.158.222:23210] AH01114: HTTP: failed to make connection to backend: 127.0.0.1
[Mon Oct 20 23:31:47.241240 2025] [proxy:error] [pid 12002:tid 12002] (111)Connection refused: AH00957: http: attempt to connect to 127.0.0.1:2079 (127.0.0.1:2079) failed
[Mon Oct 20 23:31:47.241246 2025] [proxy_http:error] [pid 12002:tid 12002] [client 74.226.158.222:23210] AH01114: HTTP: failed to make connection to backend: 127.0.0.1
[Mon Oct 20 23:31:47.445206 2025] [proxy:error] [pid 11609:tid 11609] (111)Connection refused: AH00957: http: attempt to connect to 127.0.0.1:2079 (127.0.0.1:2079) failed
[Mon Oct 20 23:31:47.445238 2025] [proxy_http:error] [pid 11609:tid 11609] [client 74.226.158.222:23291] AH01114: HTTP: failed to make connection to backend: 127.0.0.1
[Mon Oct 20 23:31:47.445298 2025] [proxy:error] [pid 11609:tid 11609] (111)Connection refused: AH00957: http: attempt to connect to 127.0.0.1:2079 (127.0.0.1:2079) failed
[Mon Oct 20 23:31:47.445304 2025] [proxy_http:error] [pid 11609:tid 11609] [client 74.226.158.222:23291] AH01114: HTTP: failed to make connection to backend: 127.0.0.1
[Mon Oct 20 23:31:47.662224 2025] [proxy:error] [pid 7709:tid 7709] (111)Connection refused: AH00957: http: attempt to connect to 127.0.0.1:2079 (127.0.0.1:2079) failed
[Mon Oct 20 23:31:47.662261 2025] [proxy_http:error] [pid 7709:tid 7709] [client 74.226.158.222:23528] AH01114: HTTP: failed to make connection to backend: 127.0.0.1
[Mon Oct 20 23:31:47.662531 2025] [proxy:error] [pid 7709:tid 7709] (111)Connection refused: AH00957: http: attempt to connect to 127.0.0.1:2079 (127.0.0.1:2079) failed
[Mon Oct 20 23:31:47.662538 2025] [proxy_http:error] [pid 7709:tid 7709] [client 74.226.158.222:23528] AH01114: HTTP: failed to make connection to backend: 127.0.0.1
[Mon Oct 20 23:31:47.863742 2025] [proxy:error] [pid 10124:tid 10124] (111)Connection refused: AH00957: http: attempt to connect to 127.0.0.1:2079 (127.0.0.1:2079) failed
[Mon Oct 20 23:31:47.863775 2025] [proxy_http:error] [pid 10124:tid 10124] [client 74.226.158.222:23501] AH01114: HTTP: failed to make connection to backend: 127.0.0.1
[Mon Oct 20 23:31:47.863863 2025] [proxy:error] [pid 10124:tid 10124] (111)Connection refused: AH00957: http: attempt to connect to 127.0.0.1:2079 (127.0.0.1:2079) failed
[Mon Oct 20 23:31:47.863871 2025] [proxy_http:error] [pid 10124:tid 10124] [client 74.226.158.222:23501] AH01114: HTTP: failed to make connection to backend: 127.0.0.1
[Mon Oct 20 23:31:48.062198 2025] [proxy:error] [pid 10706:tid 10706] (111)Connection refused: AH00957: http: attempt to connect to 127.0.0.1:2079 (127.0.0.1:2079) failed
[Mon Oct 20 23:31:48.062236 2025] [proxy_http:error] [pid 10706:tid 10706] [client 74.226.158.222:23276] AH01114: HTTP: failed to make connection to backend: 127.0.0.1
[Mon Oct 20 23:31:48.062300 2025] [proxy:error] [pid 10706:tid 10706] (111)Connection refused: AH00957: http: attempt to connect to 127.0.0.1:2079 (127.0.0.1:2079) failed
[Mon Oct 20 23:31:48.062306 2025] [proxy_http:error] [pid 10706:tid 10706] [client 74.226.158.222:23276] AH01114: HTTP: failed to make connection to backend: 127.0.0.1
[Mon Oct 20 23:31:48.263214 2025] [proxy:error] [pid 11769:tid 11769] (111)Connection refused: AH00957: http: attempt to connect to 127.0.0.1:2079 (127.0.0.1:2079) failed
[Mon Oct 20 23:31:48.263252 2025] [proxy_http:error] [pid 11769:tid 11769] [client 74.226.158.222:23540] AH01114: HTTP: failed to make connection to backend: 127.0.0.1
[Mon Oct 20 23:31:48.263312 2025] [proxy:error] [pid 11769:tid 11769] (111)Connection refused: AH00957: http: attempt to connect to 127.0.0.1:2079 (127.0.0.1:2079) failed
[Mon Oct 20 23:31:48.263317 2025] [proxy_http:error] [pid 11769:tid 11769] [client 74.226.158.222:23540] AH01114: HTTP: failed to make connection to backend: 127.0.0.1
[Mon Oct 20 23:31:48.462722 2025] [proxy:error] [pid 12175:tid 12175] (111)Connection refused: AH00957: http: attempt to connect to 127.0.0.1:2079 (127.0.0.1:2079) failed
[Mon Oct 20 23:31:48.462767 2025] [proxy_http:error] [pid 12175:tid 12175] [client 74.226.158.222:23207] AH01114: HTTP: failed to make connection to backend: 127.0.0.1
[Mon Oct 20 23:31:48.462892 2025] [proxy:error] [pid 12175:tid 12175] (111)Connection refused: AH00957: http: attempt to connect to 127.0.0.1:2079 (127.0.0.1:2079) failed
[Mon Oct 20 23:31:48.462904 2025] [proxy_http:error] [pid 12175:tid 12175] [client 74.226.158.222:23207] AH01114: HTTP: failed to make connection to backend: 127.0.0.1
[Mon Oct 20 23:31:48.667962 2025] [proxy:error] [pid 10109:tid 10109] (111)Connection refused: AH00957: http: attempt to connect to 127.0.0.1:2079 (127.0.0.1:2079) failed
[Mon Oct 20 23:31:48.667994 2025] [proxy_http:error] [pid 10109:tid 10109] [client 74.226.158.222:23491] AH01114: HTTP: failed to make connection to backend: 127.0.0.1
[Mon Oct 20 23:31:48.668052 2025] [proxy:error] [pid 10109:tid 10109] (111)Connection refused: AH00957: http: attempt to connect to 127.0.0.1:2079 (127.0.0.1:2079) failed
[Mon Oct 20 23:31:48.668058 2025] [proxy_http:error] [pid 10109:tid 10109] [client 74.226.158.222:23491] AH01114: HTTP: failed to make connection to backend: 127.0.0.1
[Mon Oct 20 23:31:48.886492 2025] [proxy:error] [pid 11764:tid 11764] (111)Connection refused: AH00957: http: attempt to connect to 127.0.0.1:2079 (127.0.0.1:2079) failed
[Mon Oct 20 23:31:48.886528 2025] [proxy_http:error] [pid 11764:tid 11764] [client 74.226.158.222:23542] AH01114: HTTP: failed to make connection to backend: 127.0.0.1
[Mon Oct 20 23:31:48.886585 2025] [proxy:error] [pid 11764:tid 11764] (111)Connection refused: AH00957: http: attempt to connect to 127.0.0.1:2079 (127.0.0.1:2079) failed
[Mon Oct 20 23:31:48.886590 2025] [proxy_http:error] [pid 11764:tid 11764] [client 74.226.158.222:23542] AH01114: HTTP: failed to make connection to backend: 127.0.0.1
[Mon Oct 20 23:31:49.087570 2025] [proxy:error] [pid 12002:tid 12002] (111)Connection refused: AH00957: http: attempt to connect to 127.0.0.1:2079 (127.0.0.1:2079) failed
[Mon Oct 20 23:31:49.087608 2025] [proxy_http:error] [pid 12002:tid 12002] [client 74.226.158.222:23198] AH01114: HTTP: failed to make connection to backend: 127.0.0.1
[Mon Oct 20 23:31:49.087665 2025] [proxy:error] [pid 12002:tid 12002] (111)Connection refused: AH00957: http: attempt to connect to 127.0.0.1:2079 (127.0.0.1:2079) failed
[Mon Oct 20 23:31:49.087671 2025] [proxy_http:error] [pid 12002:tid 12002] [client 74.226.158.222:23198] AH01114: HTTP: failed to make connection to backend: 127.0.0.1
[Mon Oct 20 23:31:49.284954 2025] [proxy:error] [pid 11609:tid 11609] (111)Connection refused: AH00957: http: attempt to connect to 127.0.0.1:2079 (127.0.0.1:2079) failed
[Mon Oct 20 23:31:49.284993 2025] [proxy_http:error] [pid 11609:tid 11609] [client 74.226.158.222:23202] AH01114: HTTP: failed to make connection to backend: 127.0.0.1
[Mon Oct 20 23:31:49.285052 2025] [proxy:error] [pid 11609:tid 11609] (111)Connection refused: AH00957: http: attempt to connect to 127.0.0.1:2079 (127.0.0.1:2079) failed
[Mon Oct 20 23:31:49.285058 2025] [proxy_http:error] [pid 11609:tid 11609] [client 74.226.158.222:23202] AH01114: HTTP: failed to make connection to backend: 127.0.0.1
[Mon Oct 20 23:31:49.502208 2025] [proxy:error] [pid 7709:tid 7709] (111)Connection refused: AH00957: http: attempt to connect to 127.0.0.1:2079 (127.0.0.1:2079) failed
[Mon Oct 20 23:31:49.502242 2025] [proxy_http:error] [pid 7709:tid 7709] [client 74.226.158.222:23218] AH01114: HTTP: failed to make connection to backend: 127.0.0.1
[Mon Oct 20 23:31:49.502309 2025] [proxy:error] [pid 7709:tid 7709] (111)Connection refused: AH00957: http: attempt to connect to 127.0.0.1:2079 (127.0.0.1:2079) failed
[Mon Oct 20 23:31:49.502315 2025] [proxy_http:error] [pid 7709:tid 7709] [client 74.226.158.222:23218] AH01114: HTTP: failed to make connection to backend: 127.0.0.1
[Mon Oct 20 23:31:49.708029 2025] [proxy:error] [pid 10124:tid 10124] (111)Connection refused: AH00957: http: attempt to connect to 127.0.0.1:2079 (127.0.0.1:2079) failed
[Mon Oct 20 23:31:49.708072 2025] [proxy_http:error] [pid 10124:tid 10124] [client 74.226.158.222:23235] AH01114: HTTP: failed to make connection to backend: 127.0.0.1
[Mon Oct 20 23:31:49.708134 2025] [proxy:error] [pid 10124:tid 10124] (111)Connection refused: AH00957: http: attempt to connect to 127.0.0.1:2079 (127.0.0.1:2079) failed
[Mon Oct 20 23:31:49.708140 2025] [proxy_http:error] [pid 10124:tid 10124] [client 74.226.158.222:23235] AH01114: HTTP: failed to make connection to backend: 127.0.0.1
[Mon Oct 20 23:31:49.907621 2025] [proxy:error] [pid 10706:tid 10706] (111)Connection refused: AH00957: http: attempt to connect to 127.0.0.1:2079 (127.0.0.1:2079) failed
[Mon Oct 20 23:31:49.907662 2025] [proxy_http:error] [pid 10706:tid 10706] [client 74.226.158.222:23547] AH01114: HTTP: failed to make connection to backend: 127.0.0.1
[Mon Oct 20 23:31:49.907725 2025] [proxy:error] [pid 10706:tid 10706] (111)Connection refused: AH00957: http: attempt to connect to 127.0.0.1:2079 (127.0.0.1:2079) failed
[Mon Oct 20 23:31:49.907731 2025] [proxy_http:error] [pid 10706:tid 10706] [client 74.226.158.222:23547] AH01114: HTTP: failed to make connection to backend: 127.0.0.1
[Mon Oct 20 23:31:50.104387 2025] [proxy:error] [pid 11769:tid 11769] (111)Connection refused: AH00957: http: attempt to connect to 127.0.0.1:2079 (127.0.0.1:2079) failed
[Mon Oct 20 23:31:50.104423 2025] [proxy_http:error] [pid 11769:tid 11769] [client 74.226.158.222:23200] AH01114: HTTP: failed to make connection to backend: 127.0.0.1
[Mon Oct 20 23:31:50.104481 2025] [proxy:error] [pid 11769:tid 11769] (111)Connection refused: AH00957: http: attempt to connect to 127.0.0.1:2079 (127.0.0.1:2079) failed
[Mon Oct 20 23:31:50.104486 2025] [proxy_http:error] [pid 11769:tid 11769] [client 74.226.158.222:23200] AH01114: HTTP: failed to make connection to backend: 127.0.0.1
[Mon Oct 20 23:31:50.302039 2025] [proxy:error] [pid 12175:tid 12175] (111)Connection refused: AH00957: http: attempt to connect to 127.0.0.1:2079 (127.0.0.1:2079) failed
[Mon Oct 20 23:31:50.302075 2025] [proxy_http:error] [pid 12175:tid 12175] [client 74.226.158.222:23497] AH01114: HTTP: failed to make connection to backend: 127.0.0.1
[Mon Oct 20 23:31:50.302137 2025] [proxy:error] [pid 12175:tid 12175] (111)Connection refused: AH00957: http: attempt to connect to 127.0.0.1:2079 (127.0.0.1:2079) failed
[Mon Oct 20 23:31:50.302143 2025] [proxy_http:error] [pid 12175:tid 12175] [client 74.226.158.222:23497] AH01114: HTTP: failed to make connection to backend: 127.0.0.1
[Mon Oct 20 23:31:50.500714 2025] [proxy:error] [pid 10109:tid 10109] (111)Connection refused: AH00957: http: attempt to connect to 127.0.0.1:2079 (127.0.0.1:2079) failed
[Mon Oct 20 23:31:50.500749 2025] [proxy_http:error] [pid 10109:tid 10109] [client 74.226.158.222:23486] AH01114: HTTP: failed to make connection to backend: 127.0.0.1
[Mon Oct 20 23:31:50.500829 2025] [proxy:error] [pid 10109:tid 10109] (111)Connection refused: AH00957: http: attempt to connect to 127.0.0.1:2079 (127.0.0.1:2079) failed
[Mon Oct 20 23:31:50.500837 2025] [proxy_http:error] [pid 10109:tid 10109] [client 74.226.158.222:23486] AH01114: HTTP: failed to make connection to backend: 127.0.0.1
[Mon Oct 20 23:31:50.697672 2025] [proxy:error] [pid 11764:tid 11764] (111)Connection refused: AH00957: http: attempt to connect to 127.0.0.1:2079 (127.0.0.1:2079) failed
[Mon Oct 20 23:31:50.697735 2025] [proxy_http:error] [pid 11764:tid 11764] [client 74.226.158.222:23499] AH01114: HTTP: failed to make connection to backend: 127.0.0.1
[Mon Oct 20 23:31:50.697832 2025] [proxy:error] [pid 11764:tid 11764] (111)Connection refused: AH00957: http: attempt to connect to 127.0.0.1:2079 (127.0.0.1:2079) failed
[Mon Oct 20 23:31:50.697842 2025] [proxy_http:error] [pid 11764:tid 11764] [client 74.226.158.222:23499] AH01114: HTTP: failed to make connection to backend: 127.0.0.1
[Mon Oct 20 23:31:50.903464 2025] [proxy:error] [pid 11609:tid 11609] (111)Connection refused: AH00957: http: attempt to connect to 127.0.0.1:2079 (127.0.0.1:2079) failed
[Mon Oct 20 23:31:50.903504 2025] [proxy_http:error] [pid 11609:tid 11609] [client 74.226.158.222:23518] AH01114: HTTP: failed to make connection to backend: 127.0.0.1
[Mon Oct 20 23:31:50.903577 2025] [proxy:error] [pid 11609:tid 11609] (111)Connection refused: AH00957: http: attempt to connect to 127.0.0.1:2079 (127.0.0.1:2079) failed
[Mon Oct 20 23:31:50.903584 2025] [proxy_http:error] [pid 11609:tid 11609] [client 74.226.158.222:23518] AH01114: HTTP: failed to make connection to backend: 127.0.0.1
[Mon Oct 20 23:31:50.949943 2025] [cgi:error] [pid 12002:tid 12002] [client 4.227.36.33:43072] AH01215: stderr from /usr/local/cpanel/cgi-sys/suspendedpage.cgi: 403 (Forbidden): 403 Forbidden, referer: http://mail.haminjin.webdev.iyaserver.com/robots.txt
[Mon Oct 20 23:31:50.950032 2025] [cgi:error] [pid 12002:tid 12002] [client 4.227.36.33:43072] AH01215: stderr from /usr/local/cpanel/cgi-sys/suspendedpage.cgi: Executing in an invalid environment for the supplied user at /usr/local/cpanel/Cpanel/CGI/NoForm.pm line 157., referer: http://mail.haminjin.webdev.iyaserver.com/robots.txt
[Mon Oct 20 23:31:51.108504 2025] [proxy:error] [pid 7709:tid 7709] (111)Connection refused: AH00957: http: attempt to connect to 127.0.0.1:2079 (127.0.0.1:2079) failed
[Mon Oct 20 23:31:51.108542 2025] [proxy_http:error] [pid 7709:tid 7709] [client 74.226.158.222:23502] AH01114: HTTP: failed to make connection to backend: 127.0.0.1
[Mon Oct 20 23:31:51.108602 2025] [proxy:error] [pid 7709:tid 7709] (111)Connection refused: AH00957: http: attempt to connect to 127.0.0.1:2079 (127.0.0.1:2079) failed
[Mon Oct 20 23:31:51.108607 2025] [proxy_http:error] [pid 7709:tid 7709] [client 74.226.158.222:23502] AH01114: HTTP: failed to make connection to backend: 127.0.0.1
[Mon Oct 20 23:31:51.306309 2025] [proxy:error] [pid 10124:tid 10124] (111)Connection refused: AH00957: http: attempt to connect to 127.0.0.1:2079 (127.0.0.1:2079) failed
[Mon Oct 20 23:31:51.306339 2025] [proxy_http:error] [pid 10124:tid 10124] [client 74.226.158.222:23447] AH01114: HTTP: failed to make connection to backend: 127.0.0.1
[Mon Oct 20 23:31:51.306405 2025] [proxy:error] [pid 10124:tid 10124] (111)Connection refused: AH00957: http: attempt to connect to 127.0.0.1:2079 (127.0.0.1:2079) failed
[Mon Oct 20 23:31:51.306411 2025] [proxy_http:error] [pid 10124:tid 10124] [client 74.226.158.222:23447] AH01114: HTTP: failed to make connection to backend: 127.0.0.1
[Mon Oct 20 23:31:51.506299 2025] [proxy:error] [pid 10706:tid 10706] (111)Connection refused: AH00957: http: attempt to connect to 127.0.0.1:2079 (127.0.0.1:2079) failed
[Mon Oct 20 23:31:51.506332 2025] [proxy_http:error] [pid 10706:tid 10706] [client 74.226.158.222:23538] AH01114: HTTP: failed to make connection to backend: 127.0.0.1
[Mon Oct 20 23:31:51.506392 2025] [proxy:error] [pid 10706:tid 10706] (111)Connection refused: AH00957: http: attempt to connect to 127.0.0.1:2079 (127.0.0.1:2079) failed
[Mon Oct 20 23:31:51.506398 2025] [proxy_http:error] [pid 10706:tid 10706] [client 74.226.158.222:23538] AH01114: HTTP: failed to make connection to backend: 127.0.0.1
[Mon Oct 20 23:31:51.703180 2025] [proxy:error] [pid 11769:tid 11769] (111)Connection refused: AH00957: http: attempt to connect to 127.0.0.1:2079 (127.0.0.1:2079) failed
[Mon Oct 20 23:31:51.703218 2025] [proxy_http:error] [pid 11769:tid 11769] [client 74.226.158.222:23535] AH01114: HTTP: failed to make connection to backend: 127.0.0.1
[Mon Oct 20 23:31:51.703279 2025] [proxy:error] [pid 11769:tid 11769] (111)Connection refused: AH00957: http: attempt to connect to 127.0.0.1:2079 (127.0.0.1:2079) failed
[Mon Oct 20 23:31:51.703287 2025] [proxy_http:error] [pid 11769:tid 11769] [client 74.226.158.222:23535] AH01114: HTTP: failed to make connection to backend: 127.0.0.1
[Mon Oct 20 23:31:51.860501 2025] [cgi:error] [pid 12175:tid 12175] [client 20.171.207.121:50032] AH01215: stderr from /usr/local/cpanel/cgi-sys/suspendedpage.cgi: 403 (Forbidden): 403 Forbidden
[Mon Oct 20 23:31:51.860599 2025] [cgi:error] [pid 12175:tid 12175] [client 20.171.207.121:50032] AH01215: stderr from /usr/local/cpanel/cgi-sys/suspendedpage.cgi: Executing in an invalid environment for the supplied user at /usr/local/cpanel/Cpanel/CGI/NoForm.pm line 157.
[Mon Oct 20 23:31:51.899431 2025] [proxy:error] [pid 10109:tid 10109] (111)Connection refused: AH00957: http: attempt to connect to 127.0.0.1:2079 (127.0.0.1:2079) failed
[Mon Oct 20 23:31:51.899465 2025] [proxy_http:error] [pid 10109:tid 10109] [client 74.226.158.222:23545] AH01114: HTTP: failed to make connection to backend: 127.0.0.1
[Mon Oct 20 23:31:51.899528 2025] [proxy:error] [pid 10109:tid 10109] (111)Connection refused: AH00957: http: attempt to connect to 127.0.0.1:2079 (127.0.0.1:2079) failed
[Mon Oct 20 23:31:51.899533 2025] [proxy_http:error] [pid 10109:tid 10109] [client 74.226.158.222:23545] AH01114: HTTP: failed to make connection to backend: 127.0.0.1
[Mon Oct 20 23:31:52.096087 2025] [proxy:error] [pid 11764:tid 11764] (111)Connection refused: AH00957: http: attempt to connect to 127.0.0.1:2079 (127.0.0.1:2079) failed
[Mon Oct 20 23:31:52.096122 2025] [proxy_http:error] [pid 11764:tid 11764] [client 74.226.158.222:23216] AH01114: HTTP: failed to make connection to backend: 127.0.0.1
[Mon Oct 20 23:31:52.096180 2025] [proxy:error] [pid 11764:tid 11764] (111)Connection refused: AH00957: http: attempt to connect to 127.0.0.1:2079 (127.0.0.1:2079) failed
[Mon Oct 20 23:31:52.096186 2025] [proxy_http:error] [pid 11764:tid 11764] [client 74.226.158.222:23216] AH01114: HTTP: failed to make connection to backend: 127.0.0.1
[Mon Oct 20 23:31:52.298039 2025] [proxy:error] [pid 11609:tid 11609] (111)Connection refused: AH00957: http: attempt to connect to 127.0.0.1:2079 (127.0.0.1:2079) failed
[Mon Oct 20 23:31:52.298076 2025] [proxy_http:error] [pid 11609:tid 11609] [client 74.226.158.222:23424] AH01114: HTTP: failed to make connection to backend: 127.0.0.1
[Mon Oct 20 23:31:52.298133 2025] [proxy:error] [pid 11609:tid 11609] (111)Connection refused: AH00957: http: attempt to connect to 127.0.0.1:2079 (127.0.0.1:2079) failed
[Mon Oct 20 23:31:52.298138 2025] [proxy_http:error] [pid 11609:tid 11609] [client 74.226.158.222:23424] AH01114: HTTP: failed to make connection to backend: 127.0.0.1
[Mon Oct 20 23:31:52.504081 2025] [proxy:error] [pid 7709:tid 7709] (111)Connection refused: AH00957: http: attempt to connect to 127.0.0.1:2079 (127.0.0.1:2079) failed
[Mon Oct 20 23:31:52.504113 2025] [proxy_http:error] [pid 7709:tid 7709] [client 74.226.158.222:23494] AH01114: HTTP: failed to make connection to backend: 127.0.0.1
[Mon Oct 20 23:31:52.504173 2025] [proxy:error] [pid 7709:tid 7709] (111)Connection refused: AH00957: http: attempt to connect to 127.0.0.1:2079 (127.0.0.1:2079) failed
[Mon Oct 20 23:31:52.504179 2025] [proxy_http:error] [pid 7709:tid 7709] [client 74.226.158.222:23494] AH01114: HTTP: failed to make connection to backend: 127.0.0.1
[Mon Oct 20 23:31:52.706349 2025] [proxy:error] [pid 10124:tid 10124] (111)Connection refused: AH00957: http: attempt to connect to 127.0.0.1:2079 (127.0.0.1:2079) failed
[Mon Oct 20 23:31:52.706386 2025] [proxy_http:error] [pid 10124:tid 10124] [client 74.226.158.222:23187] AH01114: HTTP: failed to make connection to backend: 127.0.0.1
[Mon Oct 20 23:31:52.706449 2025] [proxy:error] [pid 10124:tid 10124] (111)Connection refused: AH00957: http: attempt to connect to 127.0.0.1:2079 (127.0.0.1:2079) failed
[Mon Oct 20 23:31:52.706455 2025] [proxy_http:error] [pid 10124:tid 10124] [client 74.226.158.222:23187] AH01114: HTTP: failed to make connection to backend: 127.0.0.1
[Mon Oct 20 23:31:52.904505 2025] [proxy:error] [pid 10706:tid 10706] (111)Connection refused: AH00957: http: attempt to connect to 127.0.0.1:2079 (127.0.0.1:2079) failed
[Mon Oct 20 23:31:52.904542 2025] [proxy_http:error] [pid 10706:tid 10706] [client 74.226.158.222:23274] AH01114: HTTP: failed to make connection to backend: 127.0.0.1
[Mon Oct 20 23:31:52.904600 2025] [proxy:error] [pid 10706:tid 10706] (111)Connection refused: AH00957: http: attempt to connect to 127.0.0.1:2079 (127.0.0.1:2079) failed
[Mon Oct 20 23:31:52.904606 2025] [proxy_http:error] [pid 10706:tid 10706] [client 74.226.158.222:23274] AH01114: HTTP: failed to make connection to backend: 127.0.0.1
[Mon Oct 20 23:31:53.100967 2025] [proxy:error] [pid 11769:tid 11769] (111)Connection refused: AH00957: http: attempt to connect to 127.0.0.1:2079 (127.0.0.1:2079) failed
[Mon Oct 20 23:31:53.101004 2025] [proxy_http:error] [pid 11769:tid 11769] [client 74.226.158.222:23461] AH01114: HTTP: failed to make connection to backend: 127.0.0.1
[Mon Oct 20 23:31:53.101073 2025] [proxy:error] [pid 11769:tid 11769] (111)Connection refused: AH00957: http: attempt to connect to 127.0.0.1:2079 (127.0.0.1:2079) failed
[Mon Oct 20 23:31:53.101079 2025] [proxy_http:error] [pid 11769:tid 11769] [client 74.226.158.222:23461] AH01114: HTTP: failed to make connection to backend: 127.0.0.1
[Mon Oct 20 23:31:54.397872 2025] [core:error] [pid 10109:tid 10109] [client 185.191.171.10:60078] AH00037: Symbolic link not allowed or link target not accessible: /home/plittle/public_html/uploads/ALFA_DATA/alfasymlink/root
[Mon Oct 20 23:31:54.834433 2025] [authz_core:error] [pid 11764:tid 11764] [client 181.214.70.111:16838] AH01630: client denied by server configuration: /home/erwu/public_html/php.ini
[Mon Oct 20 23:31:55.896825 2025] [cgi:error] [pid 10124:tid 10124] [client 4.227.36.97:52500] AH01215: stderr from /usr/local/cpanel/cgi-sys/suspendedpage.cgi: 403 (Forbidden): 403 Forbidden, referer: https://mail.juraboev.webdev.iyaserver.com/robots.txt
[Mon Oct 20 23:31:55.896934 2025] [cgi:error] [pid 10124:tid 10124] [client 4.227.36.97:52500] AH01215: stderr from /usr/local/cpanel/cgi-sys/suspendedpage.cgi: Executing in an invalid environment for the supplied user at /usr/local/cpanel/Cpanel/CGI/NoForm.pm line 157., referer: https://mail.juraboev.webdev.iyaserver.com/robots.txt
[Mon Oct 20 23:32:04.596473 2025] [core:error] [pid 7709:tid 7709] [client 40.77.167.17:2778] AH00037: Symbolic link not allowed or link target not accessible: /home/plittle/public_html/uploads/ALFA_DATA/alfasymlink/root
[Mon Oct 20 23:32:07.901643 2025] [core:error] [pid 12174:tid 12174] [client 185.191.171.16:63588] AH00037: Symbolic link not allowed or link target not accessible: /home/wangshei/public_html/upload/ALFA_DATA/cgialfa/alfasymlink/alfaperl.txt
[Mon Oct 20 23:32:16.610228 2025] [cgi:error] [pid 12175:tid 12175] [client 4.227.36.18:36354] AH01215: stderr from /usr/local/cpanel/cgi-sys/suspendedpage.cgi: 403 (Forbidden): 403 Forbidden, referer: http://mail.samaksha.webdev.iyaserver.com/robots.txt
[Mon Oct 20 23:32:16.610320 2025] [cgi:error] [pid 12175:tid 12175] [client 4.227.36.18:36354] AH01215: stderr from /usr/local/cpanel/cgi-sys/suspendedpage.cgi: Executing in an invalid environment for the supplied user at /usr/local/cpanel/Cpanel/CGI/NoForm.pm line 157., referer: http://mail.samaksha.webdev.iyaserver.com/robots.txt
[Mon Oct 20 23:32:17.412248 2025] [cgi:error] [pid 10706:tid 10706] [client 20.171.207.154:52470] AH01215: stderr from /usr/local/cpanel/cgi-sys/suspendedpage.cgi: 403 (Forbidden): 403 Forbidden
[Mon Oct 20 23:32:17.412345 2025] [cgi:error] [pid 10706:tid 10706] [client 20.171.207.154:52470] AH01215: stderr from /usr/local/cpanel/cgi-sys/suspendedpage.cgi: Executing in an invalid environment for the supplied user at /usr/local/cpanel/Cpanel/CGI/NoForm.pm line 157.
[Mon Oct 20 23:32:21.169925 2025] [authz_core:error] [pid 11120:tid 11120] [client 104.28.123.87:27857] AH01630: client denied by server configuration: /home/fiorilee/public_html/php.ini
[Mon Oct 20 23:32:29.423833 2025] [ssl:error] [pid 11769:tid 11769] [client 4.227.36.102:43440] AH01988: failed to decode OCSP response data
[Mon Oct 20 23:32:29.423871 2025] [ssl:error] [pid 11769:tid 11769] SSL Library Error: error:0D0680A8:asn1 encoding routines:asn1_check_tlen:wrong tag
[Mon Oct 20 23:32:29.423883 2025] [ssl:error] [pid 11769:tid 11769] SSL Library Error: error:0D07803A:asn1 encoding routines:asn1_item_embed_d2i:nested asn1 error (Type=OCSP_RESPONSE)
[Mon Oct 20 23:32:29.423919 2025] [ssl:error] [pid 11769:tid 11769] AH01941: stapling_renew_response: responder error
[Mon Oct 20 23:32:32.226266 2025] [cgi:error] [pid 11609:tid 11609] [client 4.227.36.18:60638] AH01215: stderr from /usr/local/cpanel/cgi-sys/suspendedpage.cgi: 403 (Forbidden): 403 Forbidden, referer: https://mail.samaksha.webdev.iyaserver.com/robots.txt
[Mon Oct 20 23:32:32.226369 2025] [cgi:error] [pid 11609:tid 11609] [client 4.227.36.18:60638] AH01215: stderr from /usr/local/cpanel/cgi-sys/suspendedpage.cgi: Executing in an invalid environment for the supplied user at /usr/local/cpanel/Cpanel/CGI/NoForm.pm line 157., referer: https://mail.samaksha.webdev.iyaserver.com/robots.txt
[Mon Oct 20 23:32:44.730213 2025] [core:error] [pid 10706:tid 10706] [client 85.208.96.194:22538] AH00037: Symbolic link not allowed or link target not accessible: /home/plittle/public_html/uploads/ALFA_DATA/alfasymlink/root
[Mon Oct 20 23:32:52.851099 2025] [cgi:error] [pid 12310:tid 12310] [client 4.227.36.49:57022] AH01215: stderr from /usr/local/cpanel/cgi-sys/suspendedpage.cgi: 403 (Forbidden): 403 Forbidden, referer: https://mail.sandmanl.webdev.iyaserver.com/robots.txt
[Mon Oct 20 23:32:52.851194 2025] [cgi:error] [pid 12310:tid 12310] [client 4.227.36.49:57022] AH01215: stderr from /usr/local/cpanel/cgi-sys/suspendedpage.cgi: Executing in an invalid environment for the supplied user at /usr/local/cpanel/Cpanel/CGI/NoForm.pm line 157., referer: https://mail.sandmanl.webdev.iyaserver.com/robots.txt
[Mon Oct 20 23:32:54.844966 2025] [core:error] [pid 11769:tid 11769] [client 85.208.96.198:14516] AH00037: Symbolic link not allowed or link target not accessible: /home/plittle/public_html/uploads/ALFA_DATA/alfasymlink/root
[Mon Oct 20 23:32:58.943150 2025] [proxy:error] [pid 12174:tid 12174] (111)Connection refused: AH00957: http: attempt to connect to 127.0.0.1:2079 (127.0.0.1:2079) failed
[Mon Oct 20 23:32:58.943193 2025] [proxy_http:error] [pid 12174:tid 12174] [client 205.210.31.209:60200] AH01114: HTTP: failed to make connection to backend: 127.0.0.1
[Mon Oct 20 23:32:58.943254 2025] [proxy:error] [pid 12174:tid 12174] (111)Connection refused: AH00957: http: attempt to connect to 127.0.0.1:2079 (127.0.0.1:2079) failed
[Mon Oct 20 23:32:58.943260 2025] [proxy_http:error] [pid 12174:tid 12174] [client 205.210.31.209:60200] AH01114: HTTP: failed to make connection to backend: 127.0.0.1
[Mon Oct 20 23:32:59.144780 2025] [cgi:error] [pid 12175:tid 12175] [client 167.99.177.49:52914] AH01215: stderr from /usr/local/cpanel/cgi-sys/suspendedpage.cgi: 403 (Forbidden): 403 Forbidden, referer: https://100.21.86.112/ab2g
[Mon Oct 20 23:32:59.144884 2025] [cgi:error] [pid 12175:tid 12175] [client 167.99.177.49:52914] AH01215: stderr from /usr/local/cpanel/cgi-sys/suspendedpage.cgi: Executing in an invalid environment for the supplied user at /usr/local/cpanel/Cpanel/CGI/NoForm.pm line 157., referer: https://100.21.86.112/ab2g
[Mon Oct 20 23:32:59.627023 2025] [cgi:error] [pid 12002:tid 12002] [client 167.99.177.49:52924] AH01215: stderr from /usr/local/cpanel/cgi-sys/suspendedpage.cgi: 403 (Forbidden): 403 Forbidden, referer: https://100.21.86.112/ab2h
[Mon Oct 20 23:32:59.627115 2025] [cgi:error] [pid 12002:tid 12002] [client 167.99.177.49:52924] AH01215: stderr from /usr/local/cpanel/cgi-sys/suspendedpage.cgi: Executing in an invalid environment for the supplied user at /usr/local/cpanel/Cpanel/CGI/NoForm.pm line 157., referer: https://100.21.86.112/ab2h
[Mon Oct 20 23:33:02.058694 2025] [core:error] [pid 12308:tid 12308] (13)Permission denied: [client 167.99.177.49:53038] AH00035: access to /400.shtml denied (filesystem path '/home/msturla/public_html/400.shtml') because search permissions are missing on a component of the path
[Mon Oct 20 23:33:02.546513 2025] [cgi:error] [pid 12002:tid 12002] [client 167.99.177.49:53046] AH01215: stderr from /usr/local/cpanel/cgi-sys/suspendedpage.cgi: 403 (Forbidden): 403 Forbidden, referer: https://100.21.86.112/
[Mon Oct 20 23:33:02.546604 2025] [cgi:error] [pid 12002:tid 12002] [client 167.99.177.49:53046] AH01215: stderr from /usr/local/cpanel/cgi-sys/suspendedpage.cgi: Executing in an invalid environment for the supplied user at /usr/local/cpanel/Cpanel/CGI/NoForm.pm line 157., referer: https://100.21.86.112/
[Mon Oct 20 23:33:02.737553 2025] [core:error] [pid 11609:tid 11609] (13)Permission denied: [client 167.99.177.49:53052] AH00035: access to /400.shtml denied (filesystem path '/home/msturla/public_html/400.shtml') because search permissions are missing on a component of the path
[Mon Oct 20 23:33:02.921211 2025] [core:error] [pid 11769:tid 11769] (13)Permission denied: [client 167.99.177.49:53060] AH00035: access to /400.shtml denied (filesystem path '/home/msturla/public_html/400.shtml') because search permissions are missing on a component of the path
[Mon Oct 20 23:33:03.178537 2025] [core:error] [pid 10109:tid 10109] [client 217.113.194.208:24511] AH00037: Symbolic link not allowed or link target not accessible: /home/plittle/public_html/uploads/ALFA_DATA/alfasymlink/root
[Mon Oct 20 23:33:08.656867 2025] [core:error] [pid 12002:tid 12002] [client 185.191.171.2:28300] AH00037: Symbolic link not allowed or link target not accessible: /home/wangshei/public_html/upload/ALFA_DATA/cgialfa/alfasymlink/alfaperl.txt
[Mon Oct 20 23:33:21.526314 2025] [cgi:error] [pid 12311:tid 12311] [client 4.227.36.120:43090] AH01215: stderr from /usr/local/cpanel/cgi-sys/suspendedpage.cgi: 403 (Forbidden): 403 Forbidden, referer: http://mail.aryatand.webdev.iyaserver.com/robots.txt
[Mon Oct 20 23:33:21.526416 2025] [cgi:error] [pid 12311:tid 12311] [client 4.227.36.120:43090] AH01215: stderr from /usr/local/cpanel/cgi-sys/suspendedpage.cgi: Executing in an invalid environment for the supplied user at /usr/local/cpanel/Cpanel/CGI/NoForm.pm line 157., referer: http://mail.aryatand.webdev.iyaserver.com/robots.txt
[Mon Oct 20 23:33:21.709475 2025] [cgi:error] [pid 12174:tid 12174] [client 4.227.36.120:36608] AH01215: stderr from /usr/local/cpanel/cgi-sys/suspendedpage.cgi: 403 (Forbidden): 403 Forbidden, referer: https://mail.aryatand.webdev.iyaserver.com/robots.txt
[Mon Oct 20 23:33:21.709570 2025] [cgi:error] [pid 12174:tid 12174] [client 4.227.36.120:36608] AH01215: stderr from /usr/local/cpanel/cgi-sys/suspendedpage.cgi: Executing in an invalid environment for the supplied user at /usr/local/cpanel/Cpanel/CGI/NoForm.pm line 157., referer: https://mail.aryatand.webdev.iyaserver.com/robots.txt
[Mon Oct 20 23:33:22.096568 2025] [cgi:error] [pid 10124:tid 10124] [client 20.171.207.143:46836] AH01215: stderr from /usr/local/cpanel/cgi-sys/suspendedpage.cgi: 403 (Forbidden): 403 Forbidden
[Mon Oct 20 23:33:22.096659 2025] [cgi:error] [pid 10124:tid 10124] [client 20.171.207.143:46836] AH01215: stderr from /usr/local/cpanel/cgi-sys/suspendedpage.cgi: Executing in an invalid environment for the supplied user at /usr/local/cpanel/Cpanel/CGI/NoForm.pm line 157.
[Mon Oct 20 23:33:44.987608 2025] [core:error] [pid 12623:tid 12623] [client 85.208.96.198:19528] AH00037: Symbolic link not allowed or link target not accessible: /home/plittle/public_html/uploads/ALFA_DATA/alfasymlink/root
[Mon Oct 20 23:33:45.352718 2025] [authz_core:error] [pid 11764:tid 11764] [client 207.151.52.7:40118] AH01630: client denied by server configuration: /home/fiorilee/public_html/php.ini
[Mon Oct 20 23:33:56.176727 2025] [core:error] [pid 11120:tid 11120] [client 85.208.96.206:38886] AH00037: Symbolic link not allowed or link target not accessible: /home/plittle/public_html/uploads/ALFA_DATA/alfasymlink/root
[Mon Oct 20 23:34:09.051364 2025] [core:error] [pid 10706:tid 10706] [client 85.208.96.194:52104] AH00037: Symbolic link not allowed or link target not accessible: /home/wangshei/public_html/upload/ALFA_DATA/cgialfa/alfasymlink/alfaperl.txt
[Mon Oct 20 23:34:39.079611 2025] [ssl:error] [pid 12174:tid 12174] [client 4.227.36.22:33794] AH01988: failed to decode OCSP response data
